{"id":20754,"date":"2022-07-12T20:30:30","date_gmt":"2023-01-22T18:30:31","guid":{"rendered":"https:\/\/radis.ee\/?post_type=product&#038;p=20754"},"modified":"2023-09-17T16:55:15","modified_gmt":"2023-09-17T13:55:15","slug":"stehlampe-pointy","status":"publish","type":"product","link":"https:\/\/radis.ee\/de\/stehlampe-pointy\/","title":{"rendered":"Stehlampe POINTY"},"content":{"rendered":"<p>Majest\u00e4tisch geneigte Stehleuchte, deren dezentes Licht den Anteil an Harmonie in Ihnen und dem Raum erh\u00f6ht.<\/p>\n<p>Zeitloses Design, einzigartige technische Ausf\u00fchrung, die der Leuchte eine einzigartige Streifenlinie verleiht.<\/p>\n<p>Aus naturbelassenem Birkensperrholz, Handarbeit, ge\u00f6lt mit deutschem Qualit\u00e4ts\u00f6l Auro 108, ungiftig, nat\u00fcrliche Inhaltsstoffe. Ohne sichtbare Dr\u00e4hte und Befestigungen.<\/p>\n<p>LED-Batterielebensdauer von 50000 h oder 91 Jahren. (durchschnittliche Nutzung 1,5 h \/ Tag). Komfortable Fernbedienung mit 0-100% Dimmfunktion. Sichere 24V Niederspannung f\u00fcr Familienmitglieder jeden Alters. Garantie f\u00fcr 7\u00a0Jahre.<\/p>\n<p>LED 21,12 W. Kelvin: 2700K-3200K.<\/p>\n<p>Designer: Erkki Kivastik<\/p>\n","protected":false},"excerpt":{"rendered":"<p>Majest\u00e4tisch geneigte Stehleuchte, deren dezentes Licht den Anteil an Harmonie in Ihnen und dem Raum erh\u00f6ht. Zeitloses Design, einzigartige technische Ausf\u00fchrung, die der Leuchte eine einzigartige Streifenlinie verleiht. Aus naturbelassenem Birkensperrholz, Handarbeit, ge\u00f6lt mit deutschem Qualit\u00e4ts\u00f6l Auro 108, ungiftig, nat\u00fcrliche Inhaltsstoffe. Ohne sichtbare Dr\u00e4hte und Befestigungen. LED-Batterielebensdauer von 50000 h oder 91 Jahren. (durchschnittliche Nutzung&#8230;<\/p>\n","protected":false},"featured_media":20764,"comment_status":"open","ping_status":"closed","template":"","meta":{"_acf_changed":false},"product_brand":[],"product_cat":[],"product_tag":[],"class_list":{"0":"post-20754","1":"product","2":"type-product","3":"status-publish","4":"has-post-thumbnail","7":"first","8":"instock","9":"taxable","10":"shipping-taxable","11":"purchasable","12":"product-type-simple"},"acf":[],"yoast_head":"<!-- This site is optimized with the Yoast SEO plugin v27.5 - https:\/\/yoast.com\/product\/yoast-seo-wordpress\/ -->\n<title>Stehlampe POINTY - Radis<\/title>\n<meta name=\"robots\" content=\"index, follow, max-snippet:-1, max-image-preview:large, max-video-preview:-1\" \/>\n<link rel=\"canonical\" href=\"https:\/\/radis.ee\/de\/stehlampe-pointy\/\" \/>\n<meta property=\"og:locale\" content=\"de_DE\" \/>\n<meta property=\"og:type\" content=\"article\" \/>\n<meta property=\"og:title\" content=\"Stehlampe POINTY - Radis\" \/>\n<meta property=\"og:description\" content=\"Majest\u00e4tisch geneigte Stehleuchte, deren dezentes Licht den Anteil an Harmonie in Ihnen und dem Raum erh\u00f6ht. Zeitloses Design, einzigartige technische Ausf\u00fchrung, die der Leuchte eine einzigartige Streifenlinie verleiht. Aus naturbelassenem Birkensperrholz, Handarbeit, ge\u00f6lt mit deutschem Qualit\u00e4ts\u00f6l Auro 108, ungiftig, nat\u00fcrliche Inhaltsstoffe. Ohne sichtbare Dr\u00e4hte und Befestigungen. LED-Batterielebensdauer von 50000 h oder 91 Jahren. (durchschnittliche Nutzung...\" \/>\n<meta property=\"og:url\" content=\"https:\/\/radis.ee\/de\/stehlampe-pointy\/\" \/>\n<meta property=\"og:site_name\" content=\"Radis\" \/>\n<meta property=\"article:publisher\" content=\"https:\/\/www.facebook.com\/radisfurniture\/\" \/>\n<meta property=\"article:modified_time\" content=\"2023-09-17T13:55:15+00:00\" \/>\n<meta property=\"og:image\" content=\"https:\/\/radis.ee\/wp-content\/uploads\/2023\/01\/Radis_floor_lamp_POINTY-Handcrafted-Design-Wooden-Floor-Lamp.png\" \/>\n\t<meta property=\"og:image:width\" content=\"2200\" \/>\n\t<meta property=\"og:image:height\" content=\"2620\" \/>\n\t<meta property=\"og:image:type\" content=\"image\/png\" \/>\n<meta name=\"twitter:card\" content=\"summary_large_image\" \/>\n<script type=\"application\/ld+json\" class=\"yoast-schema-graph\">{\"@context\":\"https:\\\/\\\/schema.org\",\"@graph\":[{\"@type\":\"WebPage\",\"@id\":\"https:\\\/\\\/radis.ee\\\/de\\\/stehlampe-pointy\\\/\",\"url\":\"https:\\\/\\\/radis.ee\\\/de\\\/stehlampe-pointy\\\/\",\"name\":\"Stehlampe POINTY - Radis\",\"isPartOf\":{\"@id\":\"https:\\\/\\\/radis.ee\\\/#website\"},\"primaryImageOfPage\":{\"@id\":\"https:\\\/\\\/radis.ee\\\/de\\\/stehlampe-pointy\\\/#primaryimage\"},\"image\":{\"@id\":\"https:\\\/\\\/radis.ee\\\/de\\\/stehlampe-pointy\\\/#primaryimage\"},\"thumbnailUrl\":\"https:\\\/\\\/radis.ee\\\/wp-content\\\/uploads\\\/2023\\\/01\\\/Radis_floor_lamp_POINTY-Handcrafted-Design-Wooden-Floor-Lamp.png\",\"datePublished\":\"2023-01-22T18:30:31+00:00\",\"dateModified\":\"2023-09-17T13:55:15+00:00\",\"breadcrumb\":{\"@id\":\"https:\\\/\\\/radis.ee\\\/de\\\/stehlampe-pointy\\\/#breadcrumb\"},\"inLanguage\":\"de\",\"potentialAction\":[{\"@type\":\"ReadAction\",\"target\":[\"https:\\\/\\\/radis.ee\\\/de\\\/stehlampe-pointy\\\/\"]}]},{\"@type\":\"ImageObject\",\"inLanguage\":\"de\",\"@id\":\"https:\\\/\\\/radis.ee\\\/de\\\/stehlampe-pointy\\\/#primaryimage\",\"url\":\"https:\\\/\\\/radis.ee\\\/wp-content\\\/uploads\\\/2023\\\/01\\\/Radis_floor_lamp_POINTY-Handcrafted-Design-Wooden-Floor-Lamp.png\",\"contentUrl\":\"https:\\\/\\\/radis.ee\\\/wp-content\\\/uploads\\\/2023\\\/01\\\/Radis_floor_lamp_POINTY-Handcrafted-Design-Wooden-Floor-Lamp.png\",\"width\":2200,\"height\":2620,\"caption\":\"Radis floor lamp POINTY plywood oilwaxed\"},{\"@type\":\"BreadcrumbList\",\"@id\":\"https:\\\/\\\/radis.ee\\\/de\\\/stehlampe-pointy\\\/#breadcrumb\",\"itemListElement\":[{\"@type\":\"ListItem\",\"position\":1,\"name\":\"Home\",\"item\":\"https:\\\/\\\/radis.ee\\\/\"},{\"@type\":\"ListItem\",\"position\":2,\"name\":\"Produkte\",\"item\":\"https:\\\/\\\/radis.ee\\\/de\\\/produkte\\\/\"},{\"@type\":\"ListItem\",\"position\":3,\"name\":\"Stehlampe POINTY\"}]},{\"@type\":\"WebSite\",\"@id\":\"https:\\\/\\\/radis.ee\\\/#website\",\"url\":\"https:\\\/\\\/radis.ee\\\/\",\"name\":\"Radis\",\"description\":\"Nordic design furniture, environmentally friendly and sustainable.\",\"publisher\":{\"@id\":\"https:\\\/\\\/radis.ee\\\/#organization\"},\"potentialAction\":[{\"@type\":\"SearchAction\",\"target\":{\"@type\":\"EntryPoint\",\"urlTemplate\":\"https:\\\/\\\/radis.ee\\\/?s={search_term_string}\"},\"query-input\":{\"@type\":\"PropertyValueSpecification\",\"valueRequired\":true,\"valueName\":\"search_term_string\"}}],\"inLanguage\":\"de\"},{\"@type\":\"Organization\",\"@id\":\"https:\\\/\\\/radis.ee\\\/#organization\",\"name\":\"Radis O\u00dc\",\"url\":\"https:\\\/\\\/radis.ee\\\/\",\"logo\":{\"@type\":\"ImageObject\",\"inLanguage\":\"de\",\"@id\":\"https:\\\/\\\/radis.ee\\\/#\\\/schema\\\/logo\\\/image\\\/\",\"url\":\"https:\\\/\\\/radis.ee\\\/wp-content\\\/uploads\\\/2020\\\/10\\\/Radis-logo.png\",\"contentUrl\":\"https:\\\/\\\/radis.ee\\\/wp-content\\\/uploads\\\/2020\\\/10\\\/Radis-logo.png\",\"width\":300,\"height\":63,\"caption\":\"Radis O\u00dc\"},\"image\":{\"@id\":\"https:\\\/\\\/radis.ee\\\/#\\\/schema\\\/logo\\\/image\\\/\"},\"sameAs\":[\"https:\\\/\\\/www.facebook.com\\\/radisfurniture\\\/\"]}]}<\/script>\n<!-- \/ Yoast SEO plugin. -->","yoast_head_json":{"title":"Stehlampe POINTY - Radis","robots":{"index":"index","follow":"follow","max-snippet":"max-snippet:-1","max-image-preview":"max-image-preview:large","max-video-preview":"max-video-preview:-1"},"canonical":"https:\/\/radis.ee\/de\/stehlampe-pointy\/","og_locale":"de_DE","og_type":"article","og_title":"Stehlampe POINTY - Radis","og_description":"Majest\u00e4tisch geneigte Stehleuchte, deren dezentes Licht den Anteil an Harmonie in Ihnen und dem Raum erh\u00f6ht. Zeitloses Design, einzigartige technische Ausf\u00fchrung, die der Leuchte eine einzigartige Streifenlinie verleiht. Aus naturbelassenem Birkensperrholz, Handarbeit, ge\u00f6lt mit deutschem Qualit\u00e4ts\u00f6l Auro 108, ungiftig, nat\u00fcrliche Inhaltsstoffe. Ohne sichtbare Dr\u00e4hte und Befestigungen. LED-Batterielebensdauer von 50000 h oder 91 Jahren. (durchschnittliche Nutzung...","og_url":"https:\/\/radis.ee\/de\/stehlampe-pointy\/","og_site_name":"Radis","article_publisher":"https:\/\/www.facebook.com\/radisfurniture\/","article_modified_time":"2023-09-17T13:55:15+00:00","og_image":[{"width":2200,"height":2620,"url":"https:\/\/radis.ee\/wp-content\/uploads\/2023\/01\/Radis_floor_lamp_POINTY-Handcrafted-Design-Wooden-Floor-Lamp.png","type":"image\/png"}],"twitter_card":"summary_large_image","schema":{"@context":"https:\/\/schema.org","@graph":[{"@type":"WebPage","@id":"https:\/\/radis.ee\/de\/stehlampe-pointy\/","url":"https:\/\/radis.ee\/de\/stehlampe-pointy\/","name":"Stehlampe POINTY - Radis","isPartOf":{"@id":"https:\/\/radis.ee\/#website"},"primaryImageOfPage":{"@id":"https:\/\/radis.ee\/de\/stehlampe-pointy\/#primaryimage"},"image":{"@id":"https:\/\/radis.ee\/de\/stehlampe-pointy\/#primaryimage"},"thumbnailUrl":"https:\/\/radis.ee\/wp-content\/uploads\/2023\/01\/Radis_floor_lamp_POINTY-Handcrafted-Design-Wooden-Floor-Lamp.png","datePublished":"2023-01-22T18:30:31+00:00","dateModified":"2023-09-17T13:55:15+00:00","breadcrumb":{"@id":"https:\/\/radis.ee\/de\/stehlampe-pointy\/#breadcrumb"},"inLanguage":"de","potentialAction":[{"@type":"ReadAction","target":["https:\/\/radis.ee\/de\/stehlampe-pointy\/"]}]},{"@type":"ImageObject","inLanguage":"de","@id":"https:\/\/radis.ee\/de\/stehlampe-pointy\/#primaryimage","url":"https:\/\/radis.ee\/wp-content\/uploads\/2023\/01\/Radis_floor_lamp_POINTY-Handcrafted-Design-Wooden-Floor-Lamp.png","contentUrl":"https:\/\/radis.ee\/wp-content\/uploads\/2023\/01\/Radis_floor_lamp_POINTY-Handcrafted-Design-Wooden-Floor-Lamp.png","width":2200,"height":2620,"caption":"Radis floor lamp POINTY plywood oilwaxed"},{"@type":"BreadcrumbList","@id":"https:\/\/radis.ee\/de\/stehlampe-pointy\/#breadcrumb","itemListElement":[{"@type":"ListItem","position":1,"name":"Home","item":"https:\/\/radis.ee\/"},{"@type":"ListItem","position":2,"name":"Produkte","item":"https:\/\/radis.ee\/de\/produkte\/"},{"@type":"ListItem","position":3,"name":"Stehlampe POINTY"}]},{"@type":"WebSite","@id":"https:\/\/radis.ee\/#website","url":"https:\/\/radis.ee\/","name":"Radis","description":"Nordic design furniture, environmentally friendly and sustainable.","publisher":{"@id":"https:\/\/radis.ee\/#organization"},"potentialAction":[{"@type":"SearchAction","target":{"@type":"EntryPoint","urlTemplate":"https:\/\/radis.ee\/?s={search_term_string}"},"query-input":{"@type":"PropertyValueSpecification","valueRequired":true,"valueName":"search_term_string"}}],"inLanguage":"de"},{"@type":"Organization","@id":"https:\/\/radis.ee\/#organization","name":"Radis O\u00dc","url":"https:\/\/radis.ee\/","logo":{"@type":"ImageObject","inLanguage":"de","@id":"https:\/\/radis.ee\/#\/schema\/logo\/image\/","url":"https:\/\/radis.ee\/wp-content\/uploads\/2020\/10\/Radis-logo.png","contentUrl":"https:\/\/radis.ee\/wp-content\/uploads\/2020\/10\/Radis-logo.png","width":300,"height":63,"caption":"Radis O\u00dc"},"image":{"@id":"https:\/\/radis.ee\/#\/schema\/logo\/image\/"},"sameAs":["https:\/\/www.facebook.com\/radisfurniture\/"]}]}},"_links":{"self":[{"href":"https:\/\/radis.ee\/de\/wp-json\/wp\/v2\/product\/20754","targetHints":{"allow":["GET"]}}],"collection":[{"href":"https:\/\/radis.ee\/de\/wp-json\/wp\/v2\/product"}],"about":[{"href":"https:\/\/radis.ee\/de\/wp-json\/wp\/v2\/types\/product"}],"replies":[{"embeddable":true,"href":"https:\/\/radis.ee\/de\/wp-json\/wp\/v2\/comments?post=20754"}],"wp:featuredmedia":[{"embeddable":true,"href":"https:\/\/radis.ee\/de\/wp-json\/wp\/v2\/media\/20764"}],"wp:attachment":[{"href":"https:\/\/radis.ee\/de\/wp-json\/wp\/v2\/media?parent=20754"}],"wp:term":[{"taxonomy":"product_brand","embeddable":true,"href":"https:\/\/radis.ee\/de\/wp-json\/wp\/v2\/product_brand?post=20754"},{"taxonomy":"product_cat","embeddable":true,"href":"https:\/\/radis.ee\/de\/wp-json\/wp\/v2\/product_cat?post=20754"},{"taxonomy":"product_tag","embeddable":true,"href":"https:\/\/radis.ee\/de\/wp-json\/wp\/v2\/product_tag?post=20754"}],"curies":[{"name":"wp","href":"https:\/\/api.w.org\/{rel}","templated":true}]}}

<p>Majestätisch geneigte Stehleuchte, deren dezentes Licht den Anteil an Harmonie in Ihnen und dem Raum erhöht.</p>
<p>Zeitloses Design, einzigartige technische Ausführung, die der Leuchte eine einzigartige Streifenlinie verleiht.</p>
<p>Aus naturbelassenem Birkensperrholz, Handarbeit, geölt mit deutschem Qualitätsöl Auro 108, ungiftig, natürliche Inhaltsstoffe. Ohne sichtbare Drähte und Befestigungen.</p>
<p>LED-Batterielebensdauer von 50000 h oder 91 Jahren. (durchschnittliche Nutzung 1,5 h / Tag). Komfortable Fernbedienung mit 0-100% Dimmfunktion. Sichere 24V Niederspannung für Familienmitglieder jeden Alters. Garantie für 7 Jahre.</p>
<p>LED 21,12 W. Kelvin: 2700K-3200K.</p>
<p>Designer: Erkki Kivastik</p>

<p>Majestätisch geneigte Stehleuchte, deren dezentes Licht den Anteil an Harmonie in Ihnen und dem Raum erhöht. Zeitloses Design, einzigartige technische Ausführung, die der Leuchte eine einzigartige Streifenlinie verleiht. Aus naturbelassenem Birkensperrholz, Handarbeit, geölt mit deutschem Qualitätsöl Auro 108, ungiftig, natürliche Inhaltsstoffe. Ohne sichtbare Drähte und Befestigungen. LED-Batterielebensdauer von 50000 h oder 91 Jahren. (durchschnittliche Nutzung&#8230;</p>

<!-- This site is optimized with the Yoast SEO plugin v27.5 - https://yoast.com/product/yoast-seo-wordpress/ -->
<title>Stehlampe POINTY - Radis</title>
<meta name="robots" content="index, follow, max-snippet:-1, max-image-preview:large, max-video-preview:-1" />
<link rel="canonical" href="https://radis.ee/de/stehlampe-pointy/" />
<meta property="og:locale" content="de_DE" />
<meta property="og:type" content="article" />
<meta property="og:title" content="Stehlampe POINTY - Radis" />
<meta property="og:description" content="Majestätisch geneigte Stehleuchte, deren dezentes Licht den Anteil an Harmonie in Ihnen und dem Raum erhöht. Zeitloses Design, einzigartige technische Ausführung, die der Leuchte eine einzigartige Streifenlinie verleiht. Aus naturbelassenem Birkensperrholz, Handarbeit, geölt mit deutschem Qualitätsöl Auro 108, ungiftig, natürliche Inhaltsstoffe. Ohne sichtbare Drähte und Befestigungen. LED-Batterielebensdauer von 50000 h oder 91 Jahren. (durchschnittliche Nutzung..." />
<meta property="og:url" content="https://radis.ee/de/stehlampe-pointy/" />
<meta property="og:site_name" content="Radis" />
<meta property="article:publisher" content="https://www.facebook.com/radisfurniture/" />
<meta property="article:modified_time" content="2023-09-17T13:55:15+00:00" />
<meta property="og:image" content="https://radis.ee/wp-content/uploads/2023/01/Radis_floor_lamp_POINTY-Handcrafted-Design-Wooden-Floor-Lamp.png" />
	<meta property="og:image:width" content="2200" />
	<meta property="og:image:height" content="2620" />
	<meta property="og:image:type" content="image/png" />
<meta name="twitter:card" content="summary_large_image" />
<script type="application/ld+json" class="yoast-schema-graph">{"@context":"https:\/\/schema.org","@graph":[{"@type":"WebPage","@id":"https:\/\/radis.ee\/de\/stehlampe-pointy\/","url":"https:\/\/radis.ee\/de\/stehlampe-pointy\/","name":"Stehlampe POINTY - Radis","isPartOf":{"@id":"https:\/\/radis.ee\/#website"},"primaryImageOfPage":{"@id":"https:\/\/radis.ee\/de\/stehlampe-pointy\/#primaryimage"},"image":{"@id":"https:\/\/radis.ee\/de\/stehlampe-pointy\/#primaryimage"},"thumbnailUrl":"https:\/\/radis.ee\/wp-content\/uploads\/2023\/01\/Radis_floor_lamp_POINTY-Handcrafted-Design-Wooden-Floor-Lamp.png","datePublished":"2023-01-22T18:30:31+00:00","dateModified":"2023-09-17T13:55:15+00:00","breadcrumb":{"@id":"https:\/\/radis.ee\/de\/stehlampe-pointy\/#breadcrumb"},"inLanguage":"de","potentialAction":[{"@type":"ReadAction","target":["https:\/\/radis.ee\/de\/stehlampe-pointy\/"]}]},{"@type":"ImageObject","inLanguage":"de","@id":"https:\/\/radis.ee\/de\/stehlampe-pointy\/#primaryimage","url":"https:\/\/radis.ee\/wp-content\/uploads\/2023\/01\/Radis_floor_lamp_POINTY-Handcrafted-Design-Wooden-Floor-Lamp.png","contentUrl":"https:\/\/radis.ee\/wp-content\/uploads\/2023\/01\/Radis_floor_lamp_POINTY-Handcrafted-Design-Wooden-Floor-Lamp.png","width":2200,"height":2620,"caption":"Radis floor lamp POINTY plywood oilwaxed"},{"@type":"BreadcrumbList","@id":"https:\/\/radis.ee\/de\/stehlampe-pointy\/#breadcrumb","itemListElement":[{"@type":"ListItem","position":1,"name":"Home","item":"https:\/\/radis.ee\/"},{"@type":"ListItem","position":2,"name":"Produkte","item":"https:\/\/radis.ee\/de\/produkte\/"},{"@type":"ListItem","position":3,"name":"Stehlampe POINTY"}]},{"@type":"WebSite","@id":"https:\/\/radis.ee\/#website","url":"https:\/\/radis.ee\/","name":"Radis","description":"Nordic design furniture, environmentally friendly and sustainable.","publisher":{"@id":"https:\/\/radis.ee\/#organization"},"potentialAction":[{"@type":"SearchAction","target":{"@type":"EntryPoint","urlTemplate":"https:\/\/radis.ee\/?s={search_term_string}"},"query-input":{"@type":"PropertyValueSpecification","valueRequired":true,"valueName":"search_term_string"}}],"inLanguage":"de"},{"@type":"Organization","@id":"https:\/\/radis.ee\/#organization","name":"Radis OÜ","url":"https:\/\/radis.ee\/","logo":{"@type":"ImageObject","inLanguage":"de","@id":"https:\/\/radis.ee\/#\/schema\/logo\/image\/","url":"https:\/\/radis.ee\/wp-content\/uploads\/2020\/10\/Radis-logo.png","contentUrl":"https:\/\/radis.ee\/wp-content\/uploads\/2020\/10\/Radis-logo.png","width":300,"height":63,"caption":"Radis OÜ"},"image":{"@id":"https:\/\/radis.ee\/#\/schema\/logo\/image\/"},"sameAs":["https:\/\/www.facebook.com\/radisfurniture\/"]}]}</script>
<!-- / Yoast SEO plugin. -->

Majestätisch geneigte Stehleuchte, deren dezentes Licht den Anteil an Harmonie in Ihnen und dem Raum erhöht. Zeitloses Design, einzigartige technische Ausführung, die der Leuchte eine einzigartige Streifenlinie verleiht. Aus naturbelassenem Birkensperrholz, Handarbeit, geölt mit deutschem Qualitätsöl Auro 108, ungiftig, natürliche Inhaltsstoffe. Ohne sichtbare Drähte und Befestigungen. LED-Batterielebensdauer von 50000 h oder 91 Jahren. (durchschnittliche Nutzung...

Radis OÜ
