{"id":2788,"date":"2020-09-27T20:28:02","date_gmt":"2020-09-27T17:28:02","guid":{"rendered":"https:\/\/radis.ee\/unkategorisiert\/tv-schrank-man\/"},"modified":"2020-10-16T23:22:21","modified_gmt":"2020-10-16T20:22:21","slug":"tv-schrank-man","status":"publish","type":"product","link":"https:\/\/radis.ee\/de\/tv-schrank-man\/","title":{"rendered":"TV-Schrank MAN"},"content":{"rendered":"<p>Mit T\u00fcren an den Seiten, hinter denen sich S\u00fc\u00dfigkeiten oder Kreuzwortr\u00e4tsel verstecken lassen. In die Mitte passen die Technik oder Zeitungen, in die Schublade die Kreuzwortr\u00e4tsel. Machen Sie es sich vor dem Fernseher bequem und f\u00fchlen Sie sich wie ein K\u00f6nig.<\/p>\n<p>H\u00f6he der Birkenbeine 25 cm. Schubladeninnenbreite 60 cm, Tiefe 40 cm, H\u00f6he 12 cm.<\/p>\n<p>Aus Birkensperrholz, \u00d6l gewachst. T\u00fcrschublade aus wei\u00dfem Koskisen CPL Sperrholz. Ger\u00e4uschlose T\u00fcrscharniere und Schubladenschienen.<\/p>\n<p>Die MAN-Serie ist auch ein Nominierter f\u00fcr den Estonian Design Award Bruno 2016.<\/p>\n","protected":false},"excerpt":{"rendered":"<p>Mit T\u00fcren an den Seiten, hinter denen sich S\u00fc\u00dfigkeiten oder Kreuzwortr\u00e4tsel verstecken lassen. In die Mitte passen die Technik oder Zeitungen, in die Schublade die Kreuzwortr\u00e4tsel. Machen Sie es sich vor dem Fernseher bequem und f\u00fchlen Sie sich wie ein K\u00f6nig. H\u00f6he der Birkenbeine 25 cm. Schubladeninnenbreite 60 cm, Tiefe 40 cm, H\u00f6he 12 cm&#8230;.<\/p>\n","protected":false},"featured_media":4613,"comment_status":"open","ping_status":"closed","template":"","meta":{"_acf_changed":false},"product_brand":[],"product_cat":[112],"product_tag":[],"class_list":{"0":"post-2788","1":"product","2":"type-product","3":"status-publish","4":"has-post-thumbnail","6":"product_cat-tv-alused","8":"first","9":"instock","10":"sale","11":"taxable","12":"shipping-taxable","13":"purchasable","14":"product-type-variable","15":"has-default-attributes"},"acf":[],"yoast_head":"<!-- This site is optimized with the Yoast SEO plugin v27.4 - https:\/\/yoast.com\/product\/yoast-seo-wordpress\/ -->\n<title>TV-Schrank MAN - Radis<\/title>\n<meta name=\"robots\" content=\"index, follow, max-snippet:-1, max-image-preview:large, max-video-preview:-1\" \/>\n<link rel=\"canonical\" href=\"https:\/\/radis.ee\/tv-alus-man\/\" \/>\n<meta property=\"og:locale\" content=\"de_DE\" \/>\n<meta property=\"og:type\" content=\"article\" \/>\n<meta property=\"og:title\" content=\"TV-Schrank MAN - Radis\" \/>\n<meta property=\"og:description\" content=\"Mit T\u00fcren an den Seiten, hinter denen sich S\u00fc\u00dfigkeiten oder Kreuzwortr\u00e4tsel verstecken lassen. In die Mitte passen die Technik oder Zeitungen, in die Schublade die Kreuzwortr\u00e4tsel. Machen Sie es sich vor dem Fernseher bequem und f\u00fchlen Sie sich wie ein K\u00f6nig. H\u00f6he der Birkenbeine 25 cm. Schubladeninnenbreite 60 cm, Tiefe 40 cm, H\u00f6he 12 cm....\" \/>\n<meta property=\"og:url\" content=\"https:\/\/radis.ee\/tv-alus-man\/\" \/>\n<meta property=\"og:site_name\" content=\"Radis\" \/>\n<meta property=\"article:publisher\" content=\"https:\/\/www.facebook.com\/radisfurniture\/\" \/>\n<meta property=\"article:modified_time\" content=\"2020-10-16T20:22:21+00:00\" \/>\n<meta property=\"og:image\" content=\"https:\/\/radis.ee\/wp-content\/uploads\/2020\/09\/Radis-TV-stand-MAN-with-drawer-and-doors-pebble-grey-scaled.jpg\" \/>\n\t<meta property=\"og:image:width\" content=\"2767\" \/>\n\t<meta property=\"og:image:height\" content=\"2767\" \/>\n\t<meta property=\"og:image:type\" content=\"image\/jpeg\" \/>\n<meta name=\"twitter:card\" content=\"summary_large_image\" \/>\n<script type=\"application\/ld+json\" class=\"yoast-schema-graph\">{\"@context\":\"https:\\\/\\\/schema.org\",\"@graph\":[{\"@type\":\"WebPage\",\"@id\":\"https:\\\/\\\/radis.ee\\\/tv-alus-man\\\/\",\"url\":\"https:\\\/\\\/radis.ee\\\/tv-alus-man\\\/\",\"name\":\"TV-Schrank MAN - Radis\",\"isPartOf\":{\"@id\":\"https:\\\/\\\/radis.ee\\\/#website\"},\"primaryImageOfPage\":{\"@id\":\"https:\\\/\\\/radis.ee\\\/tv-alus-man\\\/#primaryimage\"},\"image\":{\"@id\":\"https:\\\/\\\/radis.ee\\\/tv-alus-man\\\/#primaryimage\"},\"thumbnailUrl\":\"https:\\\/\\\/radis.ee\\\/wp-content\\\/uploads\\\/2020\\\/09\\\/Radis-TV-stand-MAN-with-drawer-and-doors-pebble-grey-scaled.jpg\",\"datePublished\":\"2020-09-27T17:28:02+00:00\",\"dateModified\":\"2020-10-16T20:22:21+00:00\",\"breadcrumb\":{\"@id\":\"https:\\\/\\\/radis.ee\\\/tv-alus-man\\\/#breadcrumb\"},\"inLanguage\":\"de\",\"potentialAction\":[{\"@type\":\"ReadAction\",\"target\":[\"https:\\\/\\\/radis.ee\\\/tv-alus-man\\\/\"]}]},{\"@type\":\"ImageObject\",\"inLanguage\":\"de\",\"@id\":\"https:\\\/\\\/radis.ee\\\/tv-alus-man\\\/#primaryimage\",\"url\":\"https:\\\/\\\/radis.ee\\\/wp-content\\\/uploads\\\/2020\\\/09\\\/Radis-TV-stand-MAN-with-drawer-and-doors-pebble-grey-scaled.jpg\",\"contentUrl\":\"https:\\\/\\\/radis.ee\\\/wp-content\\\/uploads\\\/2020\\\/09\\\/Radis-TV-stand-MAN-with-drawer-and-doors-pebble-grey-scaled.jpg\",\"width\":2767,\"height\":2767},{\"@type\":\"BreadcrumbList\",\"@id\":\"https:\\\/\\\/radis.ee\\\/tv-alus-man\\\/#breadcrumb\",\"itemListElement\":[{\"@type\":\"ListItem\",\"position\":1,\"name\":\"Home\",\"item\":\"https:\\\/\\\/radis.ee\\\/\"},{\"@type\":\"ListItem\",\"position\":2,\"name\":\"Produkte\",\"item\":\"https:\\\/\\\/radis.ee\\\/de\\\/produkte\\\/\"},{\"@type\":\"ListItem\",\"position\":3,\"name\":\"TV-Schrank MAN\"}]},{\"@type\":\"WebSite\",\"@id\":\"https:\\\/\\\/radis.ee\\\/#website\",\"url\":\"https:\\\/\\\/radis.ee\\\/\",\"name\":\"Radis\",\"description\":\"Nordic design furniture, environmentally friendly and sustainable.\",\"publisher\":{\"@id\":\"https:\\\/\\\/radis.ee\\\/#organization\"},\"potentialAction\":[{\"@type\":\"SearchAction\",\"target\":{\"@type\":\"EntryPoint\",\"urlTemplate\":\"https:\\\/\\\/radis.ee\\\/?s={search_term_string}\"},\"query-input\":{\"@type\":\"PropertyValueSpecification\",\"valueRequired\":true,\"valueName\":\"search_term_string\"}}],\"inLanguage\":\"de\"},{\"@type\":\"Organization\",\"@id\":\"https:\\\/\\\/radis.ee\\\/#organization\",\"name\":\"Radis O\u00dc\",\"url\":\"https:\\\/\\\/radis.ee\\\/\",\"logo\":{\"@type\":\"ImageObject\",\"inLanguage\":\"de\",\"@id\":\"https:\\\/\\\/radis.ee\\\/#\\\/schema\\\/logo\\\/image\\\/\",\"url\":\"https:\\\/\\\/radis.ee\\\/wp-content\\\/uploads\\\/2020\\\/10\\\/Radis-logo.png\",\"contentUrl\":\"https:\\\/\\\/radis.ee\\\/wp-content\\\/uploads\\\/2020\\\/10\\\/Radis-logo.png\",\"width\":300,\"height\":63,\"caption\":\"Radis O\u00dc\"},\"image\":{\"@id\":\"https:\\\/\\\/radis.ee\\\/#\\\/schema\\\/logo\\\/image\\\/\"},\"sameAs\":[\"https:\\\/\\\/www.facebook.com\\\/radisfurniture\\\/\"]}]}<\/script>\n<!-- \/ Yoast SEO plugin. -->","yoast_head_json":{"title":"TV-Schrank MAN - Radis","robots":{"index":"index","follow":"follow","max-snippet":"max-snippet:-1","max-image-preview":"max-image-preview:large","max-video-preview":"max-video-preview:-1"},"canonical":"https:\/\/radis.ee\/tv-alus-man\/","og_locale":"de_DE","og_type":"article","og_title":"TV-Schrank MAN - Radis","og_description":"Mit T\u00fcren an den Seiten, hinter denen sich S\u00fc\u00dfigkeiten oder Kreuzwortr\u00e4tsel verstecken lassen. In die Mitte passen die Technik oder Zeitungen, in die Schublade die Kreuzwortr\u00e4tsel. Machen Sie es sich vor dem Fernseher bequem und f\u00fchlen Sie sich wie ein K\u00f6nig. H\u00f6he der Birkenbeine 25 cm. Schubladeninnenbreite 60 cm, Tiefe 40 cm, H\u00f6he 12 cm....","og_url":"https:\/\/radis.ee\/tv-alus-man\/","og_site_name":"Radis","article_publisher":"https:\/\/www.facebook.com\/radisfurniture\/","article_modified_time":"2020-10-16T20:22:21+00:00","og_image":[{"width":2767,"height":2767,"url":"https:\/\/radis.ee\/wp-content\/uploads\/2020\/09\/Radis-TV-stand-MAN-with-drawer-and-doors-pebble-grey-scaled.jpg","type":"image\/jpeg"}],"twitter_card":"summary_large_image","schema":{"@context":"https:\/\/schema.org","@graph":[{"@type":"WebPage","@id":"https:\/\/radis.ee\/tv-alus-man\/","url":"https:\/\/radis.ee\/tv-alus-man\/","name":"TV-Schrank MAN - Radis","isPartOf":{"@id":"https:\/\/radis.ee\/#website"},"primaryImageOfPage":{"@id":"https:\/\/radis.ee\/tv-alus-man\/#primaryimage"},"image":{"@id":"https:\/\/radis.ee\/tv-alus-man\/#primaryimage"},"thumbnailUrl":"https:\/\/radis.ee\/wp-content\/uploads\/2020\/09\/Radis-TV-stand-MAN-with-drawer-and-doors-pebble-grey-scaled.jpg","datePublished":"2020-09-27T17:28:02+00:00","dateModified":"2020-10-16T20:22:21+00:00","breadcrumb":{"@id":"https:\/\/radis.ee\/tv-alus-man\/#breadcrumb"},"inLanguage":"de","potentialAction":[{"@type":"ReadAction","target":["https:\/\/radis.ee\/tv-alus-man\/"]}]},{"@type":"ImageObject","inLanguage":"de","@id":"https:\/\/radis.ee\/tv-alus-man\/#primaryimage","url":"https:\/\/radis.ee\/wp-content\/uploads\/2020\/09\/Radis-TV-stand-MAN-with-drawer-and-doors-pebble-grey-scaled.jpg","contentUrl":"https:\/\/radis.ee\/wp-content\/uploads\/2020\/09\/Radis-TV-stand-MAN-with-drawer-and-doors-pebble-grey-scaled.jpg","width":2767,"height":2767},{"@type":"BreadcrumbList","@id":"https:\/\/radis.ee\/tv-alus-man\/#breadcrumb","itemListElement":[{"@type":"ListItem","position":1,"name":"Home","item":"https:\/\/radis.ee\/"},{"@type":"ListItem","position":2,"name":"Produkte","item":"https:\/\/radis.ee\/de\/produkte\/"},{"@type":"ListItem","position":3,"name":"TV-Schrank MAN"}]},{"@type":"WebSite","@id":"https:\/\/radis.ee\/#website","url":"https:\/\/radis.ee\/","name":"Radis","description":"Nordic design furniture, environmentally friendly and sustainable.","publisher":{"@id":"https:\/\/radis.ee\/#organization"},"potentialAction":[{"@type":"SearchAction","target":{"@type":"EntryPoint","urlTemplate":"https:\/\/radis.ee\/?s={search_term_string}"},"query-input":{"@type":"PropertyValueSpecification","valueRequired":true,"valueName":"search_term_string"}}],"inLanguage":"de"},{"@type":"Organization","@id":"https:\/\/radis.ee\/#organization","name":"Radis O\u00dc","url":"https:\/\/radis.ee\/","logo":{"@type":"ImageObject","inLanguage":"de","@id":"https:\/\/radis.ee\/#\/schema\/logo\/image\/","url":"https:\/\/radis.ee\/wp-content\/uploads\/2020\/10\/Radis-logo.png","contentUrl":"https:\/\/radis.ee\/wp-content\/uploads\/2020\/10\/Radis-logo.png","width":300,"height":63,"caption":"Radis O\u00dc"},"image":{"@id":"https:\/\/radis.ee\/#\/schema\/logo\/image\/"},"sameAs":["https:\/\/www.facebook.com\/radisfurniture\/"]}]}},"_links":{"self":[{"href":"https:\/\/radis.ee\/de\/wp-json\/wp\/v2\/product\/2788","targetHints":{"allow":["GET"]}}],"collection":[{"href":"https:\/\/radis.ee\/de\/wp-json\/wp\/v2\/product"}],"about":[{"href":"https:\/\/radis.ee\/de\/wp-json\/wp\/v2\/types\/product"}],"replies":[{"embeddable":true,"href":"https:\/\/radis.ee\/de\/wp-json\/wp\/v2\/comments?post=2788"}],"wp:featuredmedia":[{"embeddable":true,"href":"https:\/\/radis.ee\/de\/wp-json\/wp\/v2\/media\/4613"}],"wp:attachment":[{"href":"https:\/\/radis.ee\/de\/wp-json\/wp\/v2\/media?parent=2788"}],"wp:term":[{"taxonomy":"product_brand","embeddable":true,"href":"https:\/\/radis.ee\/de\/wp-json\/wp\/v2\/product_brand?post=2788"},{"taxonomy":"product_cat","embeddable":true,"href":"https:\/\/radis.ee\/de\/wp-json\/wp\/v2\/product_cat?post=2788"},{"taxonomy":"product_tag","embeddable":true,"href":"https:\/\/radis.ee\/de\/wp-json\/wp\/v2\/product_tag?post=2788"}],"curies":[{"name":"wp","href":"https:\/\/api.w.org\/{rel}","templated":true}]}}

<p>Mit Türen an den Seiten, hinter denen sich Süßigkeiten oder Kreuzworträtsel verstecken lassen. In die Mitte passen die Technik oder Zeitungen, in die Schublade die Kreuzworträtsel. Machen Sie es sich vor dem Fernseher bequem und fühlen Sie sich wie ein König.</p>
<p>Höhe der Birkenbeine 25 cm. Schubladeninnenbreite 60 cm, Tiefe 40 cm, Höhe 12 cm.</p>
<p>Aus Birkensperrholz, Öl gewachst. Türschublade aus weißem Koskisen CPL Sperrholz. Geräuschlose Türscharniere und Schubladenschienen.</p>
<p>Die MAN-Serie ist auch ein Nominierter für den Estonian Design Award Bruno 2016.</p>

<p>Mit Türen an den Seiten, hinter denen sich Süßigkeiten oder Kreuzworträtsel verstecken lassen. In die Mitte passen die Technik oder Zeitungen, in die Schublade die Kreuzworträtsel. Machen Sie es sich vor dem Fernseher bequem und fühlen Sie sich wie ein König. Höhe der Birkenbeine 25 cm. Schubladeninnenbreite 60 cm, Tiefe 40 cm, Höhe 12 cm&#8230;.</p>

<!-- This site is optimized with the Yoast SEO plugin v27.4 - https://yoast.com/product/yoast-seo-wordpress/ -->
<title>TV-Schrank MAN - Radis</title>
<meta name="robots" content="index, follow, max-snippet:-1, max-image-preview:large, max-video-preview:-1" />
<link rel="canonical" href="https://radis.ee/tv-alus-man/" />
<meta property="og:locale" content="de_DE" />
<meta property="og:type" content="article" />
<meta property="og:title" content="TV-Schrank MAN - Radis" />
<meta property="og:description" content="Mit Türen an den Seiten, hinter denen sich Süßigkeiten oder Kreuzworträtsel verstecken lassen. In die Mitte passen die Technik oder Zeitungen, in die Schublade die Kreuzworträtsel. Machen Sie es sich vor dem Fernseher bequem und fühlen Sie sich wie ein König. Höhe der Birkenbeine 25 cm. Schubladeninnenbreite 60 cm, Tiefe 40 cm, Höhe 12 cm...." />
<meta property="og:url" content="https://radis.ee/tv-alus-man/" />
<meta property="og:site_name" content="Radis" />
<meta property="article:publisher" content="https://www.facebook.com/radisfurniture/" />
<meta property="article:modified_time" content="2020-10-16T20:22:21+00:00" />
<meta property="og:image" content="https://radis.ee/wp-content/uploads/2020/09/Radis-TV-stand-MAN-with-drawer-and-doors-pebble-grey-scaled.jpg" />
	<meta property="og:image:width" content="2767" />
	<meta property="og:image:height" content="2767" />
	<meta property="og:image:type" content="image/jpeg" />
<meta name="twitter:card" content="summary_large_image" />
<script type="application/ld+json" class="yoast-schema-graph">{"@context":"https:\/\/schema.org","@graph":[{"@type":"WebPage","@id":"https:\/\/radis.ee\/tv-alus-man\/","url":"https:\/\/radis.ee\/tv-alus-man\/","name":"TV-Schrank MAN - Radis","isPartOf":{"@id":"https:\/\/radis.ee\/#website"},"primaryImageOfPage":{"@id":"https:\/\/radis.ee\/tv-alus-man\/#primaryimage"},"image":{"@id":"https:\/\/radis.ee\/tv-alus-man\/#primaryimage"},"thumbnailUrl":"https:\/\/radis.ee\/wp-content\/uploads\/2020\/09\/Radis-TV-stand-MAN-with-drawer-and-doors-pebble-grey-scaled.jpg","datePublished":"2020-09-27T17:28:02+00:00","dateModified":"2020-10-16T20:22:21+00:00","breadcrumb":{"@id":"https:\/\/radis.ee\/tv-alus-man\/#breadcrumb"},"inLanguage":"de","potentialAction":[{"@type":"ReadAction","target":["https:\/\/radis.ee\/tv-alus-man\/"]}]},{"@type":"ImageObject","inLanguage":"de","@id":"https:\/\/radis.ee\/tv-alus-man\/#primaryimage","url":"https:\/\/radis.ee\/wp-content\/uploads\/2020\/09\/Radis-TV-stand-MAN-with-drawer-and-doors-pebble-grey-scaled.jpg","contentUrl":"https:\/\/radis.ee\/wp-content\/uploads\/2020\/09\/Radis-TV-stand-MAN-with-drawer-and-doors-pebble-grey-scaled.jpg","width":2767,"height":2767},{"@type":"BreadcrumbList","@id":"https:\/\/radis.ee\/tv-alus-man\/#breadcrumb","itemListElement":[{"@type":"ListItem","position":1,"name":"Home","item":"https:\/\/radis.ee\/"},{"@type":"ListItem","position":2,"name":"Produkte","item":"https:\/\/radis.ee\/de\/produkte\/"},{"@type":"ListItem","position":3,"name":"TV-Schrank MAN"}]},{"@type":"WebSite","@id":"https:\/\/radis.ee\/#website","url":"https:\/\/radis.ee\/","name":"Radis","description":"Nordic design furniture, environmentally friendly and sustainable.","publisher":{"@id":"https:\/\/radis.ee\/#organization"},"potentialAction":[{"@type":"SearchAction","target":{"@type":"EntryPoint","urlTemplate":"https:\/\/radis.ee\/?s={search_term_string}"},"query-input":{"@type":"PropertyValueSpecification","valueRequired":true,"valueName":"search_term_string"}}],"inLanguage":"de"},{"@type":"Organization","@id":"https:\/\/radis.ee\/#organization","name":"Radis OÜ","url":"https:\/\/radis.ee\/","logo":{"@type":"ImageObject","inLanguage":"de","@id":"https:\/\/radis.ee\/#\/schema\/logo\/image\/","url":"https:\/\/radis.ee\/wp-content\/uploads\/2020\/10\/Radis-logo.png","contentUrl":"https:\/\/radis.ee\/wp-content\/uploads\/2020\/10\/Radis-logo.png","width":300,"height":63,"caption":"Radis OÜ"},"image":{"@id":"https:\/\/radis.ee\/#\/schema\/logo\/image\/"},"sameAs":["https:\/\/www.facebook.com\/radisfurniture\/"]}]}</script>
<!-- / Yoast SEO plugin. -->

Mit Türen an den Seiten, hinter denen sich Süßigkeiten oder Kreuzworträtsel verstecken lassen. In die Mitte passen die Technik oder Zeitungen, in die Schublade die Kreuzworträtsel. Machen Sie es sich vor dem Fernseher bequem und fühlen Sie sich wie ein König. Höhe der Birkenbeine 25 cm. Schubladeninnenbreite 60 cm, Tiefe 40 cm, Höhe 12 cm....

Radis OÜ
