{"id":2802,"date":"2020-10-27T20:21:28","date_gmt":"2020-09-27T17:21:28","guid":{"rendered":"https:\/\/radis.ee\/unkategorisiert\/tv-schrank-pix\/"},"modified":"2024-01-31T21:30:32","modified_gmt":"2024-01-31T19:30:32","slug":"tv-schrank-pix","status":"publish","type":"product","link":"https:\/\/radis.ee\/de\/tv-schrank-pix\/","title":{"rendered":"TV-Schrank PIX"},"content":{"rendered":"<p>Verschaffen Sie Ihrer Technik eine stabile Grundlage. Der robuste Tisch mit ger\u00e4umigen Schr\u00e4nken steht Ihrer Technik mitsamt Filmen, Musik und Sportwettk\u00e4mpfen zu Diensten.<\/p>\n<p>Die Innenh\u00f6he des Schranks betr\u00e4gt 33 cm, innen befinden sich h\u00f6henverstellbare Regale.<\/p>\n<p>Hergestellt aus Birkensperrholz, \u00f6lgewachst, au\u00dferdem Eiche furniert und wei\u00dfem Koskisen-HPL. T\u00fcrscharniere mit Soft-Close-Funktion.<\/p>\n","protected":false},"excerpt":{"rendered":"<p>Verschaffen Sie Ihrer Technik eine stabile Grundlage. Der robuste Tisch mit ger\u00e4umigen Schr\u00e4nken steht Ihrer Technik mitsamt Filmen, Musik und Sportwettk\u00e4mpfen zu Diensten. Die Innenh\u00f6he des Schranks betr\u00e4gt 33 cm, innen befinden sich h\u00f6henverstellbare Regale. Hergestellt aus Birkensperrholz, \u00f6lgewachst, au\u00dferdem Eiche furniert und wei\u00dfem Koskisen-HPL. T\u00fcrscharniere mit Soft-Close-Funktion.<\/p>\n","protected":false},"featured_media":4621,"comment_status":"open","ping_status":"closed","template":"","meta":{"_acf_changed":false},"product_brand":[],"product_cat":[299],"product_tag":[],"class_list":{"0":"post-2802","1":"product","2":"type-product","3":"status-publish","4":"has-post-thumbnail","6":"product_cat-tv-schranke","8":"first","9":"instock","10":"sale","11":"taxable","12":"shipping-taxable","13":"purchasable","14":"product-type-variable","15":"has-default-attributes"},"acf":[],"yoast_head":"<!-- This site is optimized with the Yoast SEO plugin v27.5 - https:\/\/yoast.com\/product\/yoast-seo-wordpress\/ -->\n<title>TV-Schrank PIX - Radis<\/title>\n<meta name=\"robots\" content=\"index, follow, max-snippet:-1, max-image-preview:large, max-video-preview:-1\" \/>\n<link rel=\"canonical\" href=\"https:\/\/radis.ee\/de\/tv-schrank-pix\/\" \/>\n<meta property=\"og:locale\" content=\"de_DE\" \/>\n<meta property=\"og:type\" content=\"article\" \/>\n<meta property=\"og:title\" content=\"TV-Schrank PIX - Radis\" \/>\n<meta property=\"og:description\" content=\"Verschaffen Sie Ihrer Technik eine stabile Grundlage. Der robuste Tisch mit ger\u00e4umigen Schr\u00e4nken steht Ihrer Technik mitsamt Filmen, Musik und Sportwettk\u00e4mpfen zu Diensten. Die Innenh\u00f6he des Schranks betr\u00e4gt 33 cm, innen befinden sich h\u00f6henverstellbare Regale. Hergestellt aus Birkensperrholz, \u00f6lgewachst, au\u00dferdem Eiche furniert und wei\u00dfem Koskisen-HPL. T\u00fcrscharniere mit Soft-Close-Funktion.\" \/>\n<meta property=\"og:url\" content=\"https:\/\/radis.ee\/de\/tv-schrank-pix\/\" \/>\n<meta property=\"og:site_name\" content=\"Radis\" \/>\n<meta property=\"article:publisher\" content=\"https:\/\/www.facebook.com\/radisfurniture\/\" \/>\n<meta property=\"article:modified_time\" content=\"2024-01-31T19:30:32+00:00\" \/>\n<meta property=\"og:image\" content=\"https:\/\/radis.ee\/wp-content\/uploads\/2020\/09\/RA0512-Radis-TV-stand-PIX-light-oak.jpg\" \/>\n\t<meta property=\"og:image:width\" content=\"2095\" \/>\n\t<meta property=\"og:image:height\" content=\"2095\" \/>\n\t<meta property=\"og:image:type\" content=\"image\/jpeg\" \/>\n<meta name=\"twitter:card\" content=\"summary_large_image\" \/>\n<script type=\"application\/ld+json\" class=\"yoast-schema-graph\">{\"@context\":\"https:\\\/\\\/schema.org\",\"@graph\":[{\"@type\":\"WebPage\",\"@id\":\"https:\\\/\\\/radis.ee\\\/de\\\/tv-schrank-pix\\\/\",\"url\":\"https:\\\/\\\/radis.ee\\\/de\\\/tv-schrank-pix\\\/\",\"name\":\"TV-Schrank PIX - Radis\",\"isPartOf\":{\"@id\":\"https:\\\/\\\/radis.ee\\\/#website\"},\"primaryImageOfPage\":{\"@id\":\"https:\\\/\\\/radis.ee\\\/de\\\/tv-schrank-pix\\\/#primaryimage\"},\"image\":{\"@id\":\"https:\\\/\\\/radis.ee\\\/de\\\/tv-schrank-pix\\\/#primaryimage\"},\"thumbnailUrl\":\"https:\\\/\\\/radis.ee\\\/wp-content\\\/uploads\\\/2020\\\/09\\\/RA0512-Radis-TV-stand-PIX-light-oak.jpg\",\"datePublished\":\"2020-09-27T17:21:28+00:00\",\"dateModified\":\"2024-01-31T19:30:32+00:00\",\"breadcrumb\":{\"@id\":\"https:\\\/\\\/radis.ee\\\/de\\\/tv-schrank-pix\\\/#breadcrumb\"},\"inLanguage\":\"de\",\"potentialAction\":[{\"@type\":\"ReadAction\",\"target\":[\"https:\\\/\\\/radis.ee\\\/de\\\/tv-schrank-pix\\\/\"]}]},{\"@type\":\"ImageObject\",\"inLanguage\":\"de\",\"@id\":\"https:\\\/\\\/radis.ee\\\/de\\\/tv-schrank-pix\\\/#primaryimage\",\"url\":\"https:\\\/\\\/radis.ee\\\/wp-content\\\/uploads\\\/2020\\\/09\\\/RA0512-Radis-TV-stand-PIX-light-oak.jpg\",\"contentUrl\":\"https:\\\/\\\/radis.ee\\\/wp-content\\\/uploads\\\/2020\\\/09\\\/RA0512-Radis-TV-stand-PIX-light-oak.jpg\",\"width\":2095,\"height\":2095},{\"@type\":\"BreadcrumbList\",\"@id\":\"https:\\\/\\\/radis.ee\\\/de\\\/tv-schrank-pix\\\/#breadcrumb\",\"itemListElement\":[{\"@type\":\"ListItem\",\"position\":1,\"name\":\"Home\",\"item\":\"https:\\\/\\\/radis.ee\\\/\"},{\"@type\":\"ListItem\",\"position\":2,\"name\":\"Produkte\",\"item\":\"https:\\\/\\\/radis.ee\\\/de\\\/produkte\\\/\"},{\"@type\":\"ListItem\",\"position\":3,\"name\":\"TV-Schrank PIX\"}]},{\"@type\":\"WebSite\",\"@id\":\"https:\\\/\\\/radis.ee\\\/#website\",\"url\":\"https:\\\/\\\/radis.ee\\\/\",\"name\":\"Radis\",\"description\":\"Nordic design furniture, environmentally friendly and sustainable.\",\"publisher\":{\"@id\":\"https:\\\/\\\/radis.ee\\\/#organization\"},\"potentialAction\":[{\"@type\":\"SearchAction\",\"target\":{\"@type\":\"EntryPoint\",\"urlTemplate\":\"https:\\\/\\\/radis.ee\\\/?s={search_term_string}\"},\"query-input\":{\"@type\":\"PropertyValueSpecification\",\"valueRequired\":true,\"valueName\":\"search_term_string\"}}],\"inLanguage\":\"de\"},{\"@type\":\"Organization\",\"@id\":\"https:\\\/\\\/radis.ee\\\/#organization\",\"name\":\"Radis O\u00dc\",\"url\":\"https:\\\/\\\/radis.ee\\\/\",\"logo\":{\"@type\":\"ImageObject\",\"inLanguage\":\"de\",\"@id\":\"https:\\\/\\\/radis.ee\\\/#\\\/schema\\\/logo\\\/image\\\/\",\"url\":\"https:\\\/\\\/radis.ee\\\/wp-content\\\/uploads\\\/2020\\\/10\\\/Radis-logo.png\",\"contentUrl\":\"https:\\\/\\\/radis.ee\\\/wp-content\\\/uploads\\\/2020\\\/10\\\/Radis-logo.png\",\"width\":300,\"height\":63,\"caption\":\"Radis O\u00dc\"},\"image\":{\"@id\":\"https:\\\/\\\/radis.ee\\\/#\\\/schema\\\/logo\\\/image\\\/\"},\"sameAs\":[\"https:\\\/\\\/www.facebook.com\\\/radisfurniture\\\/\"]}]}<\/script>\n<!-- \/ Yoast SEO plugin. -->","yoast_head_json":{"title":"TV-Schrank PIX - Radis","robots":{"index":"index","follow":"follow","max-snippet":"max-snippet:-1","max-image-preview":"max-image-preview:large","max-video-preview":"max-video-preview:-1"},"canonical":"https:\/\/radis.ee\/de\/tv-schrank-pix\/","og_locale":"de_DE","og_type":"article","og_title":"TV-Schrank PIX - Radis","og_description":"Verschaffen Sie Ihrer Technik eine stabile Grundlage. Der robuste Tisch mit ger\u00e4umigen Schr\u00e4nken steht Ihrer Technik mitsamt Filmen, Musik und Sportwettk\u00e4mpfen zu Diensten. Die Innenh\u00f6he des Schranks betr\u00e4gt 33 cm, innen befinden sich h\u00f6henverstellbare Regale. Hergestellt aus Birkensperrholz, \u00f6lgewachst, au\u00dferdem Eiche furniert und wei\u00dfem Koskisen-HPL. T\u00fcrscharniere mit Soft-Close-Funktion.","og_url":"https:\/\/radis.ee\/de\/tv-schrank-pix\/","og_site_name":"Radis","article_publisher":"https:\/\/www.facebook.com\/radisfurniture\/","article_modified_time":"2024-01-31T19:30:32+00:00","og_image":[{"width":2095,"height":2095,"url":"https:\/\/radis.ee\/wp-content\/uploads\/2020\/09\/RA0512-Radis-TV-stand-PIX-light-oak.jpg","type":"image\/jpeg"}],"twitter_card":"summary_large_image","schema":{"@context":"https:\/\/schema.org","@graph":[{"@type":"WebPage","@id":"https:\/\/radis.ee\/de\/tv-schrank-pix\/","url":"https:\/\/radis.ee\/de\/tv-schrank-pix\/","name":"TV-Schrank PIX - Radis","isPartOf":{"@id":"https:\/\/radis.ee\/#website"},"primaryImageOfPage":{"@id":"https:\/\/radis.ee\/de\/tv-schrank-pix\/#primaryimage"},"image":{"@id":"https:\/\/radis.ee\/de\/tv-schrank-pix\/#primaryimage"},"thumbnailUrl":"https:\/\/radis.ee\/wp-content\/uploads\/2020\/09\/RA0512-Radis-TV-stand-PIX-light-oak.jpg","datePublished":"2020-09-27T17:21:28+00:00","dateModified":"2024-01-31T19:30:32+00:00","breadcrumb":{"@id":"https:\/\/radis.ee\/de\/tv-schrank-pix\/#breadcrumb"},"inLanguage":"de","potentialAction":[{"@type":"ReadAction","target":["https:\/\/radis.ee\/de\/tv-schrank-pix\/"]}]},{"@type":"ImageObject","inLanguage":"de","@id":"https:\/\/radis.ee\/de\/tv-schrank-pix\/#primaryimage","url":"https:\/\/radis.ee\/wp-content\/uploads\/2020\/09\/RA0512-Radis-TV-stand-PIX-light-oak.jpg","contentUrl":"https:\/\/radis.ee\/wp-content\/uploads\/2020\/09\/RA0512-Radis-TV-stand-PIX-light-oak.jpg","width":2095,"height":2095},{"@type":"BreadcrumbList","@id":"https:\/\/radis.ee\/de\/tv-schrank-pix\/#breadcrumb","itemListElement":[{"@type":"ListItem","position":1,"name":"Home","item":"https:\/\/radis.ee\/"},{"@type":"ListItem","position":2,"name":"Produkte","item":"https:\/\/radis.ee\/de\/produkte\/"},{"@type":"ListItem","position":3,"name":"TV-Schrank PIX"}]},{"@type":"WebSite","@id":"https:\/\/radis.ee\/#website","url":"https:\/\/radis.ee\/","name":"Radis","description":"Nordic design furniture, environmentally friendly and sustainable.","publisher":{"@id":"https:\/\/radis.ee\/#organization"},"potentialAction":[{"@type":"SearchAction","target":{"@type":"EntryPoint","urlTemplate":"https:\/\/radis.ee\/?s={search_term_string}"},"query-input":{"@type":"PropertyValueSpecification","valueRequired":true,"valueName":"search_term_string"}}],"inLanguage":"de"},{"@type":"Organization","@id":"https:\/\/radis.ee\/#organization","name":"Radis O\u00dc","url":"https:\/\/radis.ee\/","logo":{"@type":"ImageObject","inLanguage":"de","@id":"https:\/\/radis.ee\/#\/schema\/logo\/image\/","url":"https:\/\/radis.ee\/wp-content\/uploads\/2020\/10\/Radis-logo.png","contentUrl":"https:\/\/radis.ee\/wp-content\/uploads\/2020\/10\/Radis-logo.png","width":300,"height":63,"caption":"Radis O\u00dc"},"image":{"@id":"https:\/\/radis.ee\/#\/schema\/logo\/image\/"},"sameAs":["https:\/\/www.facebook.com\/radisfurniture\/"]}]}},"_links":{"self":[{"href":"https:\/\/radis.ee\/de\/wp-json\/wp\/v2\/product\/2802","targetHints":{"allow":["GET"]}}],"collection":[{"href":"https:\/\/radis.ee\/de\/wp-json\/wp\/v2\/product"}],"about":[{"href":"https:\/\/radis.ee\/de\/wp-json\/wp\/v2\/types\/product"}],"replies":[{"embeddable":true,"href":"https:\/\/radis.ee\/de\/wp-json\/wp\/v2\/comments?post=2802"}],"wp:featuredmedia":[{"embeddable":true,"href":"https:\/\/radis.ee\/de\/wp-json\/wp\/v2\/media\/4621"}],"wp:attachment":[{"href":"https:\/\/radis.ee\/de\/wp-json\/wp\/v2\/media?parent=2802"}],"wp:term":[{"taxonomy":"product_brand","embeddable":true,"href":"https:\/\/radis.ee\/de\/wp-json\/wp\/v2\/product_brand?post=2802"},{"taxonomy":"product_cat","embeddable":true,"href":"https:\/\/radis.ee\/de\/wp-json\/wp\/v2\/product_cat?post=2802"},{"taxonomy":"product_tag","embeddable":true,"href":"https:\/\/radis.ee\/de\/wp-json\/wp\/v2\/product_tag?post=2802"}],"curies":[{"name":"wp","href":"https:\/\/api.w.org\/{rel}","templated":true}]}}

<p>Verschaffen Sie Ihrer Technik eine stabile Grundlage. Der robuste Tisch mit geräumigen Schränken steht Ihrer Technik mitsamt Filmen, Musik und Sportwettkämpfen zu Diensten.</p>
<p>Die Innenhöhe des Schranks beträgt 33 cm, innen befinden sich höhenverstellbare Regale.</p>
<p>Hergestellt aus Birkensperrholz, ölgewachst, außerdem Eiche furniert und weißem Koskisen-HPL. Türscharniere mit Soft-Close-Funktion.</p>

<p>Verschaffen Sie Ihrer Technik eine stabile Grundlage. Der robuste Tisch mit geräumigen Schränken steht Ihrer Technik mitsamt Filmen, Musik und Sportwettkämpfen zu Diensten. Die Innenhöhe des Schranks beträgt 33 cm, innen befinden sich höhenverstellbare Regale. Hergestellt aus Birkensperrholz, ölgewachst, außerdem Eiche furniert und weißem Koskisen-HPL. Türscharniere mit Soft-Close-Funktion.</p>

<!-- This site is optimized with the Yoast SEO plugin v27.5 - https://yoast.com/product/yoast-seo-wordpress/ -->
<title>TV-Schrank PIX - Radis</title>
<meta name="robots" content="index, follow, max-snippet:-1, max-image-preview:large, max-video-preview:-1" />
<link rel="canonical" href="https://radis.ee/de/tv-schrank-pix/" />
<meta property="og:locale" content="de_DE" />
<meta property="og:type" content="article" />
<meta property="og:title" content="TV-Schrank PIX - Radis" />
<meta property="og:description" content="Verschaffen Sie Ihrer Technik eine stabile Grundlage. Der robuste Tisch mit geräumigen Schränken steht Ihrer Technik mitsamt Filmen, Musik und Sportwettkämpfen zu Diensten. Die Innenhöhe des Schranks beträgt 33 cm, innen befinden sich höhenverstellbare Regale. Hergestellt aus Birkensperrholz, ölgewachst, außerdem Eiche furniert und weißem Koskisen-HPL. Türscharniere mit Soft-Close-Funktion." />
<meta property="og:url" content="https://radis.ee/de/tv-schrank-pix/" />
<meta property="og:site_name" content="Radis" />
<meta property="article:publisher" content="https://www.facebook.com/radisfurniture/" />
<meta property="article:modified_time" content="2024-01-31T19:30:32+00:00" />
<meta property="og:image" content="https://radis.ee/wp-content/uploads/2020/09/RA0512-Radis-TV-stand-PIX-light-oak.jpg" />
	<meta property="og:image:width" content="2095" />
	<meta property="og:image:height" content="2095" />
	<meta property="og:image:type" content="image/jpeg" />
<meta name="twitter:card" content="summary_large_image" />
<script type="application/ld+json" class="yoast-schema-graph">{"@context":"https:\/\/schema.org","@graph":[{"@type":"WebPage","@id":"https:\/\/radis.ee\/de\/tv-schrank-pix\/","url":"https:\/\/radis.ee\/de\/tv-schrank-pix\/","name":"TV-Schrank PIX - Radis","isPartOf":{"@id":"https:\/\/radis.ee\/#website"},"primaryImageOfPage":{"@id":"https:\/\/radis.ee\/de\/tv-schrank-pix\/#primaryimage"},"image":{"@id":"https:\/\/radis.ee\/de\/tv-schrank-pix\/#primaryimage"},"thumbnailUrl":"https:\/\/radis.ee\/wp-content\/uploads\/2020\/09\/RA0512-Radis-TV-stand-PIX-light-oak.jpg","datePublished":"2020-09-27T17:21:28+00:00","dateModified":"2024-01-31T19:30:32+00:00","breadcrumb":{"@id":"https:\/\/radis.ee\/de\/tv-schrank-pix\/#breadcrumb"},"inLanguage":"de","potentialAction":[{"@type":"ReadAction","target":["https:\/\/radis.ee\/de\/tv-schrank-pix\/"]}]},{"@type":"ImageObject","inLanguage":"de","@id":"https:\/\/radis.ee\/de\/tv-schrank-pix\/#primaryimage","url":"https:\/\/radis.ee\/wp-content\/uploads\/2020\/09\/RA0512-Radis-TV-stand-PIX-light-oak.jpg","contentUrl":"https:\/\/radis.ee\/wp-content\/uploads\/2020\/09\/RA0512-Radis-TV-stand-PIX-light-oak.jpg","width":2095,"height":2095},{"@type":"BreadcrumbList","@id":"https:\/\/radis.ee\/de\/tv-schrank-pix\/#breadcrumb","itemListElement":[{"@type":"ListItem","position":1,"name":"Home","item":"https:\/\/radis.ee\/"},{"@type":"ListItem","position":2,"name":"Produkte","item":"https:\/\/radis.ee\/de\/produkte\/"},{"@type":"ListItem","position":3,"name":"TV-Schrank PIX"}]},{"@type":"WebSite","@id":"https:\/\/radis.ee\/#website","url":"https:\/\/radis.ee\/","name":"Radis","description":"Nordic design furniture, environmentally friendly and sustainable.","publisher":{"@id":"https:\/\/radis.ee\/#organization"},"potentialAction":[{"@type":"SearchAction","target":{"@type":"EntryPoint","urlTemplate":"https:\/\/radis.ee\/?s={search_term_string}"},"query-input":{"@type":"PropertyValueSpecification","valueRequired":true,"valueName":"search_term_string"}}],"inLanguage":"de"},{"@type":"Organization","@id":"https:\/\/radis.ee\/#organization","name":"Radis OÜ","url":"https:\/\/radis.ee\/","logo":{"@type":"ImageObject","inLanguage":"de","@id":"https:\/\/radis.ee\/#\/schema\/logo\/image\/","url":"https:\/\/radis.ee\/wp-content\/uploads\/2020\/10\/Radis-logo.png","contentUrl":"https:\/\/radis.ee\/wp-content\/uploads\/2020\/10\/Radis-logo.png","width":300,"height":63,"caption":"Radis OÜ"},"image":{"@id":"https:\/\/radis.ee\/#\/schema\/logo\/image\/"},"sameAs":["https:\/\/www.facebook.com\/radisfurniture\/"]}]}</script>
<!-- / Yoast SEO plugin. -->

Verschaffen Sie Ihrer Technik eine stabile Grundlage. Der robuste Tisch mit geräumigen Schränken steht Ihrer Technik mitsamt Filmen, Musik und Sportwettkämpfen zu Diensten. Die Innenhöhe des Schranks beträgt 33 cm, innen befinden sich höhenverstellbare Regale. Hergestellt aus Birkensperrholz, ölgewachst, außerdem Eiche furniert und weißem Koskisen-HPL. Türscharniere mit Soft-Close-Funktion.

Radis OÜ
