{"id":3121,"date":"2020-08-15T11:06:04","date_gmt":"2020-08-15T08:06:04","guid":{"rendered":"https:\/\/radis.ee\/unkategorisiert\/regal-mesh\/"},"modified":"2025-01-27T18:25:41","modified_gmt":"2025-01-27T16:25:41","slug":"regal-mesh","status":"publish","type":"product","link":"https:\/\/radis.ee\/de\/regal-mesh\/","title":{"rendered":"Regal MESH"},"content":{"rendered":"<p>Dieses Regal mit dem Aussehen einer Wabe l\u00e4sst nicht nur die Nachbarinnen vor Neid erblassen, sondern selbst die Bienen der ganzen Gegend. Spannende Ecken verleihen der Gestaltung das gewisse Extra, von dem es nie zu viel geben kann. Nie.<\/p>\n<p>Erh\u00e4ltlich in vier Gr\u00f6\u00dfen:<\/p>\n<ul>\n<li>2&#215;5 &#8211; H\u00f6he 61 cm, Breite 151 cm<\/li>\n<li>5&#215;5 &#8211; H\u00f6he und Breite 151 cm<\/li>\n<li>7&#215;5 &#8211; H\u00f6he 211 cm, Breite 151 cm<\/li>\n<li>7&#215;8 &#8211; H\u00f6he 211 cm, Breite 241 cm<\/li>\n<\/ul>\n<p>Die Regaltiefe betr\u00e4gt 30-40 cm je nach Regalkante. Die H\u00f6he und Breite eines Regals betr\u00e4gt 29 cm. Dies macht dieses Regal auch sehr stark. Das Regal kann sowohl vertikal als auch horizontal verwendet werden.<\/p>\n<p>Das hochwertige Regal besteht aus 12 mm wei\u00dfem HPL-Birkensperrholz oder 16 mm Eichenfurniersperrholz, sehr langlebiges Material. Die Au\u00dfenseiten sind mit D\u00fcbeln und Exzentern befestigt, die Innenseiten mit Stiften. Optionaler 8 cm hoher Sockel darunter.<\/p>\n<p>Sie k\u00f6nnen das Regal MESH auch im LEONARDO &#8211; Zentrum f\u00fcr Management und Innovation in N\u00fcrnberg sehen.<\/p>\n<div id=\"1594130576079-fbc9a5a6-ed5cc019-c3e0\" class=\"w-tabs-section active\">\n<div id=\"content-1594130576079-fbc9a5a6-ed5cc019-c3e0\" class=\"w-tabs-section-content\" aria-expanded=\"true\">\n<div class=\"w-tabs-section-content-h i-cf\">\n<div class=\"w-post-elm post_content\">\n<p><strong>2 Wochen Lieferung in ganz Europa!<\/strong><\/p>\n<\/div>\n<\/div>\n<\/div>\n<\/div>\n","protected":false},"excerpt":{"rendered":"<p>Dieses Regal mit dem Aussehen einer Wabe l\u00e4sst nicht nur die Nachbarinnen vor Neid erblassen, sondern selbst die Bienen der ganzen Gegend. Spannende Ecken verleihen der Gestaltung das gewisse Extra, von dem es nie zu viel geben kann. Nie. Erh\u00e4ltlich in vier Gr\u00f6\u00dfen: 2&#215;5 &#8211; H\u00f6he 61 cm, Breite 151 cm 5&#215;5 &#8211; H\u00f6he und&#8230;<\/p>\n","protected":false},"featured_media":4906,"comment_status":"open","ping_status":"closed","template":"","meta":{"_acf_changed":false},"product_brand":[],"product_cat":[109],"product_tag":[],"class_list":{"0":"post-3121","1":"product","2":"type-product","3":"status-publish","4":"has-post-thumbnail","6":"product_cat-riiulid","8":"first","9":"instock","10":"taxable","11":"shipping-taxable","12":"purchasable","13":"product-type-variable","14":"has-default-attributes"},"acf":[],"yoast_head":"<!-- This site is optimized with the Yoast SEO plugin v27.4 - https:\/\/yoast.com\/product\/yoast-seo-wordpress\/ -->\n<title>Regal MESH - Radis<\/title>\n<meta name=\"robots\" content=\"index, follow, max-snippet:-1, max-image-preview:large, max-video-preview:-1\" \/>\n<link rel=\"canonical\" href=\"https:\/\/radis.ee\/de\/regal-mesh\/\" \/>\n<meta property=\"og:locale\" content=\"de_DE\" \/>\n<meta property=\"og:type\" content=\"article\" \/>\n<meta property=\"og:title\" content=\"Regal MESH - Radis\" \/>\n<meta property=\"og:description\" content=\"Dieses Regal mit dem Aussehen einer Wabe l\u00e4sst nicht nur die Nachbarinnen vor Neid erblassen, sondern selbst die Bienen der ganzen Gegend. Spannende Ecken verleihen der Gestaltung das gewisse Extra, von dem es nie zu viel geben kann. Nie. Erh\u00e4ltlich in vier Gr\u00f6\u00dfen: 2&#215;5 &#8211; H\u00f6he 61 cm, Breite 151 cm 5&#215;5 &#8211; H\u00f6he und...\" \/>\n<meta property=\"og:url\" content=\"https:\/\/radis.ee\/de\/regal-mesh\/\" \/>\n<meta property=\"og:site_name\" content=\"Radis\" \/>\n<meta property=\"article:publisher\" content=\"https:\/\/www.facebook.com\/radisfurniture\/\" \/>\n<meta property=\"article:modified_time\" content=\"2025-01-27T16:25:41+00:00\" \/>\n<meta property=\"og:image\" content=\"https:\/\/radis.ee\/wp-content\/uploads\/2020\/08\/RADIS_shelf_ESH_5x7_white_film-scaled.jpg\" \/>\n\t<meta property=\"og:image:width\" content=\"5000\" \/>\n\t<meta property=\"og:image:height\" content=\"3750\" \/>\n\t<meta property=\"og:image:type\" content=\"image\/jpeg\" \/>\n<meta name=\"twitter:card\" content=\"summary_large_image\" \/>\n<meta name=\"twitter:label1\" content=\"Gesch\u00e4tzte Lesezeit\" \/>\n\t<meta name=\"twitter:data1\" content=\"1\u00a0Minute\" \/>\n<script type=\"application\/ld+json\" class=\"yoast-schema-graph\">{\"@context\":\"https:\\\/\\\/schema.org\",\"@graph\":[{\"@type\":\"WebPage\",\"@id\":\"https:\\\/\\\/radis.ee\\\/de\\\/regal-mesh\\\/\",\"url\":\"https:\\\/\\\/radis.ee\\\/de\\\/regal-mesh\\\/\",\"name\":\"Regal MESH - Radis\",\"isPartOf\":{\"@id\":\"https:\\\/\\\/radis.ee\\\/#website\"},\"primaryImageOfPage\":{\"@id\":\"https:\\\/\\\/radis.ee\\\/de\\\/regal-mesh\\\/#primaryimage\"},\"image\":{\"@id\":\"https:\\\/\\\/radis.ee\\\/de\\\/regal-mesh\\\/#primaryimage\"},\"thumbnailUrl\":\"https:\\\/\\\/radis.ee\\\/wp-content\\\/uploads\\\/2020\\\/08\\\/RADIS_shelf_ESH_5x7_white_film-scaled.jpg\",\"datePublished\":\"2020-08-15T08:06:04+00:00\",\"dateModified\":\"2025-01-27T16:25:41+00:00\",\"breadcrumb\":{\"@id\":\"https:\\\/\\\/radis.ee\\\/de\\\/regal-mesh\\\/#breadcrumb\"},\"inLanguage\":\"de\",\"potentialAction\":[{\"@type\":\"ReadAction\",\"target\":[\"https:\\\/\\\/radis.ee\\\/de\\\/regal-mesh\\\/\"]}]},{\"@type\":\"ImageObject\",\"inLanguage\":\"de\",\"@id\":\"https:\\\/\\\/radis.ee\\\/de\\\/regal-mesh\\\/#primaryimage\",\"url\":\"https:\\\/\\\/radis.ee\\\/wp-content\\\/uploads\\\/2020\\\/08\\\/RADIS_shelf_ESH_5x7_white_film-scaled.jpg\",\"contentUrl\":\"https:\\\/\\\/radis.ee\\\/wp-content\\\/uploads\\\/2020\\\/08\\\/RADIS_shelf_ESH_5x7_white_film-scaled.jpg\",\"width\":5000,\"height\":3750,\"caption\":\"SHELF MESH 5X7\"},{\"@type\":\"BreadcrumbList\",\"@id\":\"https:\\\/\\\/radis.ee\\\/de\\\/regal-mesh\\\/#breadcrumb\",\"itemListElement\":[{\"@type\":\"ListItem\",\"position\":1,\"name\":\"Home\",\"item\":\"https:\\\/\\\/radis.ee\\\/\"},{\"@type\":\"ListItem\",\"position\":2,\"name\":\"Produkte\",\"item\":\"https:\\\/\\\/radis.ee\\\/de\\\/produkte\\\/\"},{\"@type\":\"ListItem\",\"position\":3,\"name\":\"Regal MESH\"}]},{\"@type\":\"WebSite\",\"@id\":\"https:\\\/\\\/radis.ee\\\/#website\",\"url\":\"https:\\\/\\\/radis.ee\\\/\",\"name\":\"Radis\",\"description\":\"Nordic design furniture, environmentally friendly and sustainable.\",\"publisher\":{\"@id\":\"https:\\\/\\\/radis.ee\\\/#organization\"},\"potentialAction\":[{\"@type\":\"SearchAction\",\"target\":{\"@type\":\"EntryPoint\",\"urlTemplate\":\"https:\\\/\\\/radis.ee\\\/?s={search_term_string}\"},\"query-input\":{\"@type\":\"PropertyValueSpecification\",\"valueRequired\":true,\"valueName\":\"search_term_string\"}}],\"inLanguage\":\"de\"},{\"@type\":\"Organization\",\"@id\":\"https:\\\/\\\/radis.ee\\\/#organization\",\"name\":\"Radis O\u00dc\",\"url\":\"https:\\\/\\\/radis.ee\\\/\",\"logo\":{\"@type\":\"ImageObject\",\"inLanguage\":\"de\",\"@id\":\"https:\\\/\\\/radis.ee\\\/#\\\/schema\\\/logo\\\/image\\\/\",\"url\":\"https:\\\/\\\/radis.ee\\\/wp-content\\\/uploads\\\/2020\\\/10\\\/Radis-logo.png\",\"contentUrl\":\"https:\\\/\\\/radis.ee\\\/wp-content\\\/uploads\\\/2020\\\/10\\\/Radis-logo.png\",\"width\":300,\"height\":63,\"caption\":\"Radis O\u00dc\"},\"image\":{\"@id\":\"https:\\\/\\\/radis.ee\\\/#\\\/schema\\\/logo\\\/image\\\/\"},\"sameAs\":[\"https:\\\/\\\/www.facebook.com\\\/radisfurniture\\\/\"]}]}<\/script>\n<!-- \/ Yoast SEO plugin. -->","yoast_head_json":{"title":"Regal MESH - Radis","robots":{"index":"index","follow":"follow","max-snippet":"max-snippet:-1","max-image-preview":"max-image-preview:large","max-video-preview":"max-video-preview:-1"},"canonical":"https:\/\/radis.ee\/de\/regal-mesh\/","og_locale":"de_DE","og_type":"article","og_title":"Regal MESH - Radis","og_description":"Dieses Regal mit dem Aussehen einer Wabe l\u00e4sst nicht nur die Nachbarinnen vor Neid erblassen, sondern selbst die Bienen der ganzen Gegend. Spannende Ecken verleihen der Gestaltung das gewisse Extra, von dem es nie zu viel geben kann. Nie. Erh\u00e4ltlich in vier Gr\u00f6\u00dfen: 2&#215;5 &#8211; H\u00f6he 61 cm, Breite 151 cm 5&#215;5 &#8211; H\u00f6he und...","og_url":"https:\/\/radis.ee\/de\/regal-mesh\/","og_site_name":"Radis","article_publisher":"https:\/\/www.facebook.com\/radisfurniture\/","article_modified_time":"2025-01-27T16:25:41+00:00","og_image":[{"width":5000,"height":3750,"url":"https:\/\/radis.ee\/wp-content\/uploads\/2020\/08\/RADIS_shelf_ESH_5x7_white_film-scaled.jpg","type":"image\/jpeg"}],"twitter_card":"summary_large_image","twitter_misc":{"Gesch\u00e4tzte Lesezeit":"1\u00a0Minute"},"schema":{"@context":"https:\/\/schema.org","@graph":[{"@type":"WebPage","@id":"https:\/\/radis.ee\/de\/regal-mesh\/","url":"https:\/\/radis.ee\/de\/regal-mesh\/","name":"Regal MESH - Radis","isPartOf":{"@id":"https:\/\/radis.ee\/#website"},"primaryImageOfPage":{"@id":"https:\/\/radis.ee\/de\/regal-mesh\/#primaryimage"},"image":{"@id":"https:\/\/radis.ee\/de\/regal-mesh\/#primaryimage"},"thumbnailUrl":"https:\/\/radis.ee\/wp-content\/uploads\/2020\/08\/RADIS_shelf_ESH_5x7_white_film-scaled.jpg","datePublished":"2020-08-15T08:06:04+00:00","dateModified":"2025-01-27T16:25:41+00:00","breadcrumb":{"@id":"https:\/\/radis.ee\/de\/regal-mesh\/#breadcrumb"},"inLanguage":"de","potentialAction":[{"@type":"ReadAction","target":["https:\/\/radis.ee\/de\/regal-mesh\/"]}]},{"@type":"ImageObject","inLanguage":"de","@id":"https:\/\/radis.ee\/de\/regal-mesh\/#primaryimage","url":"https:\/\/radis.ee\/wp-content\/uploads\/2020\/08\/RADIS_shelf_ESH_5x7_white_film-scaled.jpg","contentUrl":"https:\/\/radis.ee\/wp-content\/uploads\/2020\/08\/RADIS_shelf_ESH_5x7_white_film-scaled.jpg","width":5000,"height":3750,"caption":"SHELF MESH 5X7"},{"@type":"BreadcrumbList","@id":"https:\/\/radis.ee\/de\/regal-mesh\/#breadcrumb","itemListElement":[{"@type":"ListItem","position":1,"name":"Home","item":"https:\/\/radis.ee\/"},{"@type":"ListItem","position":2,"name":"Produkte","item":"https:\/\/radis.ee\/de\/produkte\/"},{"@type":"ListItem","position":3,"name":"Regal MESH"}]},{"@type":"WebSite","@id":"https:\/\/radis.ee\/#website","url":"https:\/\/radis.ee\/","name":"Radis","description":"Nordic design furniture, environmentally friendly and sustainable.","publisher":{"@id":"https:\/\/radis.ee\/#organization"},"potentialAction":[{"@type":"SearchAction","target":{"@type":"EntryPoint","urlTemplate":"https:\/\/radis.ee\/?s={search_term_string}"},"query-input":{"@type":"PropertyValueSpecification","valueRequired":true,"valueName":"search_term_string"}}],"inLanguage":"de"},{"@type":"Organization","@id":"https:\/\/radis.ee\/#organization","name":"Radis O\u00dc","url":"https:\/\/radis.ee\/","logo":{"@type":"ImageObject","inLanguage":"de","@id":"https:\/\/radis.ee\/#\/schema\/logo\/image\/","url":"https:\/\/radis.ee\/wp-content\/uploads\/2020\/10\/Radis-logo.png","contentUrl":"https:\/\/radis.ee\/wp-content\/uploads\/2020\/10\/Radis-logo.png","width":300,"height":63,"caption":"Radis O\u00dc"},"image":{"@id":"https:\/\/radis.ee\/#\/schema\/logo\/image\/"},"sameAs":["https:\/\/www.facebook.com\/radisfurniture\/"]}]}},"_links":{"self":[{"href":"https:\/\/radis.ee\/de\/wp-json\/wp\/v2\/product\/3121","targetHints":{"allow":["GET"]}}],"collection":[{"href":"https:\/\/radis.ee\/de\/wp-json\/wp\/v2\/product"}],"about":[{"href":"https:\/\/radis.ee\/de\/wp-json\/wp\/v2\/types\/product"}],"replies":[{"embeddable":true,"href":"https:\/\/radis.ee\/de\/wp-json\/wp\/v2\/comments?post=3121"}],"wp:featuredmedia":[{"embeddable":true,"href":"https:\/\/radis.ee\/de\/wp-json\/wp\/v2\/media\/4906"}],"wp:attachment":[{"href":"https:\/\/radis.ee\/de\/wp-json\/wp\/v2\/media?parent=3121"}],"wp:term":[{"taxonomy":"product_brand","embeddable":true,"href":"https:\/\/radis.ee\/de\/wp-json\/wp\/v2\/product_brand?post=3121"},{"taxonomy":"product_cat","embeddable":true,"href":"https:\/\/radis.ee\/de\/wp-json\/wp\/v2\/product_cat?post=3121"},{"taxonomy":"product_tag","embeddable":true,"href":"https:\/\/radis.ee\/de\/wp-json\/wp\/v2\/product_tag?post=3121"}],"curies":[{"name":"wp","href":"https:\/\/api.w.org\/{rel}","templated":true}]}}

<p>Dieses Regal mit dem Aussehen einer Wabe lässt nicht nur die Nachbarinnen vor Neid erblassen, sondern selbst die Bienen der ganzen Gegend. Spannende Ecken verleihen der Gestaltung das gewisse Extra, von dem es nie zu viel geben kann. Nie.</p>
<p>Erhältlich in vier Größen:</p>
<ul>
<li>2&#215;5 &#8211; Höhe 61 cm, Breite 151 cm</li>
<li>5&#215;5 &#8211; Höhe und Breite 151 cm</li>
<li>7&#215;5 &#8211; Höhe 211 cm, Breite 151 cm</li>
<li>7&#215;8 &#8211; Höhe 211 cm, Breite 241 cm</li>
</ul>
<p>Die Regaltiefe beträgt 30-40 cm je nach Regalkante. Die Höhe und Breite eines Regals beträgt 29 cm. Dies macht dieses Regal auch sehr stark. Das Regal kann sowohl vertikal als auch horizontal verwendet werden.</p>
<p>Das hochwertige Regal besteht aus 12 mm weißem HPL-Birkensperrholz oder 16 mm Eichenfurniersperrholz, sehr langlebiges Material. Die Außenseiten sind mit Dübeln und Exzentern befestigt, die Innenseiten mit Stiften. Optionaler 8 cm hoher Sockel darunter.</p>
<p>Sie können das Regal MESH auch im LEONARDO &#8211; Zentrum für Management und Innovation in Nürnberg sehen.</p>
<div id="1594130576079-fbc9a5a6-ed5cc019-c3e0" class="w-tabs-section active">
<div id="content-1594130576079-fbc9a5a6-ed5cc019-c3e0" class="w-tabs-section-content" aria-expanded="true">
<div class="w-tabs-section-content-h i-cf">
<div class="w-post-elm post_content">
<p><strong>2 Wochen Lieferung in ganz Europa!</strong></p>
</div>
</div>
</div>
</div>

<p>Dieses Regal mit dem Aussehen einer Wabe lässt nicht nur die Nachbarinnen vor Neid erblassen, sondern selbst die Bienen der ganzen Gegend. Spannende Ecken verleihen der Gestaltung das gewisse Extra, von dem es nie zu viel geben kann. Nie. Erhältlich in vier Größen: 2&#215;5 &#8211; Höhe 61 cm, Breite 151 cm 5&#215;5 &#8211; Höhe und&#8230;</p>

<!-- This site is optimized with the Yoast SEO plugin v27.4 - https://yoast.com/product/yoast-seo-wordpress/ -->
<title>Regal MESH - Radis</title>
<meta name="robots" content="index, follow, max-snippet:-1, max-image-preview:large, max-video-preview:-1" />
<link rel="canonical" href="https://radis.ee/de/regal-mesh/" />
<meta property="og:locale" content="de_DE" />
<meta property="og:type" content="article" />
<meta property="og:title" content="Regal MESH - Radis" />
<meta property="og:description" content="Dieses Regal mit dem Aussehen einer Wabe lässt nicht nur die Nachbarinnen vor Neid erblassen, sondern selbst die Bienen der ganzen Gegend. Spannende Ecken verleihen der Gestaltung das gewisse Extra, von dem es nie zu viel geben kann. Nie. Erhältlich in vier Größen: 2&#215;5 &#8211; Höhe 61 cm, Breite 151 cm 5&#215;5 &#8211; Höhe und..." />
<meta property="og:url" content="https://radis.ee/de/regal-mesh/" />
<meta property="og:site_name" content="Radis" />
<meta property="article:publisher" content="https://www.facebook.com/radisfurniture/" />
<meta property="article:modified_time" content="2025-01-27T16:25:41+00:00" />
<meta property="og:image" content="https://radis.ee/wp-content/uploads/2020/08/RADIS_shelf_ESH_5x7_white_film-scaled.jpg" />
	<meta property="og:image:width" content="5000" />
	<meta property="og:image:height" content="3750" />
	<meta property="og:image:type" content="image/jpeg" />
<meta name="twitter:card" content="summary_large_image" />
<meta name="twitter:label1" content="Geschätzte Lesezeit" />
	<meta name="twitter:data1" content="1 Minute" />
<script type="application/ld+json" class="yoast-schema-graph">{"@context":"https:\/\/schema.org","@graph":[{"@type":"WebPage","@id":"https:\/\/radis.ee\/de\/regal-mesh\/","url":"https:\/\/radis.ee\/de\/regal-mesh\/","name":"Regal MESH - Radis","isPartOf":{"@id":"https:\/\/radis.ee\/#website"},"primaryImageOfPage":{"@id":"https:\/\/radis.ee\/de\/regal-mesh\/#primaryimage"},"image":{"@id":"https:\/\/radis.ee\/de\/regal-mesh\/#primaryimage"},"thumbnailUrl":"https:\/\/radis.ee\/wp-content\/uploads\/2020\/08\/RADIS_shelf_ESH_5x7_white_film-scaled.jpg","datePublished":"2020-08-15T08:06:04+00:00","dateModified":"2025-01-27T16:25:41+00:00","breadcrumb":{"@id":"https:\/\/radis.ee\/de\/regal-mesh\/#breadcrumb"},"inLanguage":"de","potentialAction":[{"@type":"ReadAction","target":["https:\/\/radis.ee\/de\/regal-mesh\/"]}]},{"@type":"ImageObject","inLanguage":"de","@id":"https:\/\/radis.ee\/de\/regal-mesh\/#primaryimage","url":"https:\/\/radis.ee\/wp-content\/uploads\/2020\/08\/RADIS_shelf_ESH_5x7_white_film-scaled.jpg","contentUrl":"https:\/\/radis.ee\/wp-content\/uploads\/2020\/08\/RADIS_shelf_ESH_5x7_white_film-scaled.jpg","width":5000,"height":3750,"caption":"SHELF MESH 5X7"},{"@type":"BreadcrumbList","@id":"https:\/\/radis.ee\/de\/regal-mesh\/#breadcrumb","itemListElement":[{"@type":"ListItem","position":1,"name":"Home","item":"https:\/\/radis.ee\/"},{"@type":"ListItem","position":2,"name":"Produkte","item":"https:\/\/radis.ee\/de\/produkte\/"},{"@type":"ListItem","position":3,"name":"Regal MESH"}]},{"@type":"WebSite","@id":"https:\/\/radis.ee\/#website","url":"https:\/\/radis.ee\/","name":"Radis","description":"Nordic design furniture, environmentally friendly and sustainable.","publisher":{"@id":"https:\/\/radis.ee\/#organization"},"potentialAction":[{"@type":"SearchAction","target":{"@type":"EntryPoint","urlTemplate":"https:\/\/radis.ee\/?s={search_term_string}"},"query-input":{"@type":"PropertyValueSpecification","valueRequired":true,"valueName":"search_term_string"}}],"inLanguage":"de"},{"@type":"Organization","@id":"https:\/\/radis.ee\/#organization","name":"Radis OÜ","url":"https:\/\/radis.ee\/","logo":{"@type":"ImageObject","inLanguage":"de","@id":"https:\/\/radis.ee\/#\/schema\/logo\/image\/","url":"https:\/\/radis.ee\/wp-content\/uploads\/2020\/10\/Radis-logo.png","contentUrl":"https:\/\/radis.ee\/wp-content\/uploads\/2020\/10\/Radis-logo.png","width":300,"height":63,"caption":"Radis OÜ"},"image":{"@id":"https:\/\/radis.ee\/#\/schema\/logo\/image\/"},"sameAs":["https:\/\/www.facebook.com\/radisfurniture\/"]}]}</script>
<!-- / Yoast SEO plugin. -->

Dieses Regal mit dem Aussehen einer Wabe lässt nicht nur die Nachbarinnen vor Neid erblassen, sondern selbst die Bienen der ganzen Gegend. Spannende Ecken verleihen der Gestaltung das gewisse Extra, von dem es nie zu viel geben kann. Nie. Erhältlich in vier Größen: 2&#215;5 &#8211; Höhe 61 cm, Breite 151 cm 5&#215;5 &#8211; Höhe und...

Radis OÜ
