{"id":6286,"date":"2022-10-17T21:56:00","date_gmt":"2022-10-17T18:56:00","guid":{"rendered":"https:\/\/radis.ee\/schreibtisch-vista\/"},"modified":"2025-11-21T00:32:23","modified_gmt":"2025-11-20T22:32:23","slug":"schreibtisch-vista","status":"publish","type":"product","link":"https:\/\/radis.ee\/de\/schreibtisch-vista\/","title":{"rendered":"Schreibtisch VISTA"},"content":{"rendered":"<p>Desk Vista hat eine ger\u00e4umige Schublade f\u00fcr all Ihre Dokumente und eine gro\u00dfe Tischplatte, auf der Sie gut einen Stiftebecher, eine Duftkerze oder einen kleinen Lautsprecher abstellen k\u00f6nnen, um Sie bei guter Arbeitslaune zu halten. Die Kabel von Computer, Lampe und anderen Ger\u00e4ten k\u00f6nnen Sie unter der designten Tischplattenklappe verlegen, wo Sie auch Ladeger\u00e4te und Verl\u00e4ngerungskabel verstecken k\u00f6nnen. Die klare Form und Anpassungsf\u00e4higkeit des Schreibtisches machen ihn zum K\u00f6nig aller Heimarbeitspl\u00e4tze.<\/p>\n<p>Der Vista-Schreibtisch hat entweder schwarze, konische Metallbeine oder schlanke Beine aus Birkenholz, das je nach Geschmack entweder schwarz oder hell-eichenfarben sein kann.<\/p>\n<p>Tischplatte Seidenmatt extra starker Hochdruckschichtstoff (HPL) auf Sperrholz (wei\u00df RAL 9003) oder Sperrholz Eiche furniert. Die Innenbreite der ger\u00e4umigen Tischschublade betr\u00e4gt 60 cm, Tiefe 40 cm, H\u00f6he 8 cm. Die Schublade hat ger\u00e4uschlose Schlie\u00dfschienen. Der versteckte Anschlusskasten ist 66 cm breit, 12 cm tief und 10 cm hoch.<\/p>\n","protected":false},"excerpt":{"rendered":"<p>Desk Vista hat eine ger\u00e4umige Schublade f\u00fcr all Ihre Dokumente und eine gro\u00dfe Tischplatte, auf der Sie gut einen Stiftebecher, eine Duftkerze oder einen kleinen Lautsprecher abstellen k\u00f6nnen, um Sie bei guter Arbeitslaune zu halten. Die Kabel von Computer, Lampe und anderen Ger\u00e4ten k\u00f6nnen Sie unter der designten Tischplattenklappe verlegen, wo Sie auch Ladeger\u00e4te und&#8230;<\/p>\n","protected":false},"featured_media":30572,"comment_status":"open","ping_status":"closed","template":"","meta":{"_acf_changed":false},"product_brand":[],"product_cat":[111],"product_tag":[],"class_list":{"0":"post-6286","1":"product","2":"type-product","3":"status-publish","4":"has-post-thumbnail","6":"product_cat-lauad","8":"first","9":"instock","10":"taxable","11":"shipping-taxable","12":"purchasable","13":"product-type-variable","14":"has-default-attributes"},"acf":[],"yoast_head":"<!-- This site is optimized with the Yoast SEO plugin v27.4 - https:\/\/yoast.com\/product\/yoast-seo-wordpress\/ -->\n<title>Schreibtisch VISTA - Radis<\/title>\n<meta name=\"robots\" content=\"index, follow, max-snippet:-1, max-image-preview:large, max-video-preview:-1\" \/>\n<link rel=\"canonical\" href=\"https:\/\/radis.ee\/de\/schreibtisch-vista\/\" \/>\n<meta property=\"og:locale\" content=\"de_DE\" \/>\n<meta property=\"og:type\" content=\"article\" \/>\n<meta property=\"og:title\" content=\"Schreibtisch VISTA - Radis\" \/>\n<meta property=\"og:description\" content=\"Desk Vista hat eine ger\u00e4umige Schublade f\u00fcr all Ihre Dokumente und eine gro\u00dfe Tischplatte, auf der Sie gut einen Stiftebecher, eine Duftkerze oder einen kleinen Lautsprecher abstellen k\u00f6nnen, um Sie bei guter Arbeitslaune zu halten. Die Kabel von Computer, Lampe und anderen Ger\u00e4ten k\u00f6nnen Sie unter der designten Tischplattenklappe verlegen, wo Sie auch Ladeger\u00e4te und...\" \/>\n<meta property=\"og:url\" content=\"https:\/\/radis.ee\/de\/schreibtisch-vista\/\" \/>\n<meta property=\"og:site_name\" content=\"Radis\" \/>\n<meta property=\"article:publisher\" content=\"https:\/\/www.facebook.com\/radisfurniture\/\" \/>\n<meta property=\"article:modified_time\" content=\"2025-11-20T22:32:23+00:00\" \/>\n<meta property=\"og:image\" content=\"https:\/\/radis.ee\/wp-content\/uploads\/2022\/10\/Radis_Furniture_desk_VISTA_Oak_veneered_plywood_black_conical_metal_legs_white_background-1.webp\" \/>\n\t<meta property=\"og:image:width\" content=\"738\" \/>\n\t<meta property=\"og:image:height\" content=\"793\" \/>\n\t<meta property=\"og:image:type\" content=\"image\/webp\" \/>\n<meta name=\"twitter:card\" content=\"summary_large_image\" \/>\n<meta name=\"twitter:label1\" content=\"Gesch\u00e4tzte Lesezeit\" \/>\n\t<meta name=\"twitter:data1\" content=\"1\u00a0Minute\" \/>\n<script type=\"application\/ld+json\" class=\"yoast-schema-graph\">{\"@context\":\"https:\\\/\\\/schema.org\",\"@graph\":[{\"@type\":\"WebPage\",\"@id\":\"https:\\\/\\\/radis.ee\\\/de\\\/schreibtisch-vista\\\/\",\"url\":\"https:\\\/\\\/radis.ee\\\/de\\\/schreibtisch-vista\\\/\",\"name\":\"Schreibtisch VISTA - Radis\",\"isPartOf\":{\"@id\":\"https:\\\/\\\/radis.ee\\\/#website\"},\"primaryImageOfPage\":{\"@id\":\"https:\\\/\\\/radis.ee\\\/de\\\/schreibtisch-vista\\\/#primaryimage\"},\"image\":{\"@id\":\"https:\\\/\\\/radis.ee\\\/de\\\/schreibtisch-vista\\\/#primaryimage\"},\"thumbnailUrl\":\"https:\\\/\\\/radis.ee\\\/wp-content\\\/uploads\\\/2022\\\/10\\\/Radis_Furniture_desk_VISTA_Oak_veneered_plywood_black_conical_metal_legs_white_background-1.webp\",\"datePublished\":\"2022-10-17T18:56:00+00:00\",\"dateModified\":\"2025-11-20T22:32:23+00:00\",\"breadcrumb\":{\"@id\":\"https:\\\/\\\/radis.ee\\\/de\\\/schreibtisch-vista\\\/#breadcrumb\"},\"inLanguage\":\"de\",\"potentialAction\":[{\"@type\":\"ReadAction\",\"target\":[\"https:\\\/\\\/radis.ee\\\/de\\\/schreibtisch-vista\\\/\"]}]},{\"@type\":\"ImageObject\",\"inLanguage\":\"de\",\"@id\":\"https:\\\/\\\/radis.ee\\\/de\\\/schreibtisch-vista\\\/#primaryimage\",\"url\":\"https:\\\/\\\/radis.ee\\\/wp-content\\\/uploads\\\/2022\\\/10\\\/Radis_Furniture_desk_VISTA_Oak_veneered_plywood_black_conical_metal_legs_white_background-1.webp\",\"contentUrl\":\"https:\\\/\\\/radis.ee\\\/wp-content\\\/uploads\\\/2022\\\/10\\\/Radis_Furniture_desk_VISTA_Oak_veneered_plywood_black_conical_metal_legs_white_background-1.webp\",\"width\":738,\"height\":793,\"caption\":\"Radis Furniture desk VISTA Oak veneered plywood black conical metal legs\"},{\"@type\":\"BreadcrumbList\",\"@id\":\"https:\\\/\\\/radis.ee\\\/de\\\/schreibtisch-vista\\\/#breadcrumb\",\"itemListElement\":[{\"@type\":\"ListItem\",\"position\":1,\"name\":\"Home\",\"item\":\"https:\\\/\\\/radis.ee\\\/\"},{\"@type\":\"ListItem\",\"position\":2,\"name\":\"Produkte\",\"item\":\"https:\\\/\\\/radis.ee\\\/de\\\/produkte\\\/\"},{\"@type\":\"ListItem\",\"position\":3,\"name\":\"Schreibtisch VISTA\"}]},{\"@type\":\"WebSite\",\"@id\":\"https:\\\/\\\/radis.ee\\\/#website\",\"url\":\"https:\\\/\\\/radis.ee\\\/\",\"name\":\"Radis\",\"description\":\"Nordic design furniture, environmentally friendly and sustainable.\",\"publisher\":{\"@id\":\"https:\\\/\\\/radis.ee\\\/#organization\"},\"potentialAction\":[{\"@type\":\"SearchAction\",\"target\":{\"@type\":\"EntryPoint\",\"urlTemplate\":\"https:\\\/\\\/radis.ee\\\/?s={search_term_string}\"},\"query-input\":{\"@type\":\"PropertyValueSpecification\",\"valueRequired\":true,\"valueName\":\"search_term_string\"}}],\"inLanguage\":\"de\"},{\"@type\":\"Organization\",\"@id\":\"https:\\\/\\\/radis.ee\\\/#organization\",\"name\":\"Radis O\u00dc\",\"url\":\"https:\\\/\\\/radis.ee\\\/\",\"logo\":{\"@type\":\"ImageObject\",\"inLanguage\":\"de\",\"@id\":\"https:\\\/\\\/radis.ee\\\/#\\\/schema\\\/logo\\\/image\\\/\",\"url\":\"https:\\\/\\\/radis.ee\\\/wp-content\\\/uploads\\\/2020\\\/10\\\/Radis-logo.png\",\"contentUrl\":\"https:\\\/\\\/radis.ee\\\/wp-content\\\/uploads\\\/2020\\\/10\\\/Radis-logo.png\",\"width\":300,\"height\":63,\"caption\":\"Radis O\u00dc\"},\"image\":{\"@id\":\"https:\\\/\\\/radis.ee\\\/#\\\/schema\\\/logo\\\/image\\\/\"},\"sameAs\":[\"https:\\\/\\\/www.facebook.com\\\/radisfurniture\\\/\"]}]}<\/script>\n<!-- \/ Yoast SEO plugin. -->","yoast_head_json":{"title":"Schreibtisch VISTA - Radis","robots":{"index":"index","follow":"follow","max-snippet":"max-snippet:-1","max-image-preview":"max-image-preview:large","max-video-preview":"max-video-preview:-1"},"canonical":"https:\/\/radis.ee\/de\/schreibtisch-vista\/","og_locale":"de_DE","og_type":"article","og_title":"Schreibtisch VISTA - Radis","og_description":"Desk Vista hat eine ger\u00e4umige Schublade f\u00fcr all Ihre Dokumente und eine gro\u00dfe Tischplatte, auf der Sie gut einen Stiftebecher, eine Duftkerze oder einen kleinen Lautsprecher abstellen k\u00f6nnen, um Sie bei guter Arbeitslaune zu halten. Die Kabel von Computer, Lampe und anderen Ger\u00e4ten k\u00f6nnen Sie unter der designten Tischplattenklappe verlegen, wo Sie auch Ladeger\u00e4te und...","og_url":"https:\/\/radis.ee\/de\/schreibtisch-vista\/","og_site_name":"Radis","article_publisher":"https:\/\/www.facebook.com\/radisfurniture\/","article_modified_time":"2025-11-20T22:32:23+00:00","og_image":[{"width":738,"height":793,"url":"https:\/\/radis.ee\/wp-content\/uploads\/2022\/10\/Radis_Furniture_desk_VISTA_Oak_veneered_plywood_black_conical_metal_legs_white_background-1.webp","type":"image\/webp"}],"twitter_card":"summary_large_image","twitter_misc":{"Gesch\u00e4tzte Lesezeit":"1\u00a0Minute"},"schema":{"@context":"https:\/\/schema.org","@graph":[{"@type":"WebPage","@id":"https:\/\/radis.ee\/de\/schreibtisch-vista\/","url":"https:\/\/radis.ee\/de\/schreibtisch-vista\/","name":"Schreibtisch VISTA - Radis","isPartOf":{"@id":"https:\/\/radis.ee\/#website"},"primaryImageOfPage":{"@id":"https:\/\/radis.ee\/de\/schreibtisch-vista\/#primaryimage"},"image":{"@id":"https:\/\/radis.ee\/de\/schreibtisch-vista\/#primaryimage"},"thumbnailUrl":"https:\/\/radis.ee\/wp-content\/uploads\/2022\/10\/Radis_Furniture_desk_VISTA_Oak_veneered_plywood_black_conical_metal_legs_white_background-1.webp","datePublished":"2022-10-17T18:56:00+00:00","dateModified":"2025-11-20T22:32:23+00:00","breadcrumb":{"@id":"https:\/\/radis.ee\/de\/schreibtisch-vista\/#breadcrumb"},"inLanguage":"de","potentialAction":[{"@type":"ReadAction","target":["https:\/\/radis.ee\/de\/schreibtisch-vista\/"]}]},{"@type":"ImageObject","inLanguage":"de","@id":"https:\/\/radis.ee\/de\/schreibtisch-vista\/#primaryimage","url":"https:\/\/radis.ee\/wp-content\/uploads\/2022\/10\/Radis_Furniture_desk_VISTA_Oak_veneered_plywood_black_conical_metal_legs_white_background-1.webp","contentUrl":"https:\/\/radis.ee\/wp-content\/uploads\/2022\/10\/Radis_Furniture_desk_VISTA_Oak_veneered_plywood_black_conical_metal_legs_white_background-1.webp","width":738,"height":793,"caption":"Radis Furniture desk VISTA Oak veneered plywood black conical metal legs"},{"@type":"BreadcrumbList","@id":"https:\/\/radis.ee\/de\/schreibtisch-vista\/#breadcrumb","itemListElement":[{"@type":"ListItem","position":1,"name":"Home","item":"https:\/\/radis.ee\/"},{"@type":"ListItem","position":2,"name":"Produkte","item":"https:\/\/radis.ee\/de\/produkte\/"},{"@type":"ListItem","position":3,"name":"Schreibtisch VISTA"}]},{"@type":"WebSite","@id":"https:\/\/radis.ee\/#website","url":"https:\/\/radis.ee\/","name":"Radis","description":"Nordic design furniture, environmentally friendly and sustainable.","publisher":{"@id":"https:\/\/radis.ee\/#organization"},"potentialAction":[{"@type":"SearchAction","target":{"@type":"EntryPoint","urlTemplate":"https:\/\/radis.ee\/?s={search_term_string}"},"query-input":{"@type":"PropertyValueSpecification","valueRequired":true,"valueName":"search_term_string"}}],"inLanguage":"de"},{"@type":"Organization","@id":"https:\/\/radis.ee\/#organization","name":"Radis O\u00dc","url":"https:\/\/radis.ee\/","logo":{"@type":"ImageObject","inLanguage":"de","@id":"https:\/\/radis.ee\/#\/schema\/logo\/image\/","url":"https:\/\/radis.ee\/wp-content\/uploads\/2020\/10\/Radis-logo.png","contentUrl":"https:\/\/radis.ee\/wp-content\/uploads\/2020\/10\/Radis-logo.png","width":300,"height":63,"caption":"Radis O\u00dc"},"image":{"@id":"https:\/\/radis.ee\/#\/schema\/logo\/image\/"},"sameAs":["https:\/\/www.facebook.com\/radisfurniture\/"]}]}},"_links":{"self":[{"href":"https:\/\/radis.ee\/de\/wp-json\/wp\/v2\/product\/6286","targetHints":{"allow":["GET"]}}],"collection":[{"href":"https:\/\/radis.ee\/de\/wp-json\/wp\/v2\/product"}],"about":[{"href":"https:\/\/radis.ee\/de\/wp-json\/wp\/v2\/types\/product"}],"replies":[{"embeddable":true,"href":"https:\/\/radis.ee\/de\/wp-json\/wp\/v2\/comments?post=6286"}],"wp:featuredmedia":[{"embeddable":true,"href":"https:\/\/radis.ee\/de\/wp-json\/wp\/v2\/media\/30572"}],"wp:attachment":[{"href":"https:\/\/radis.ee\/de\/wp-json\/wp\/v2\/media?parent=6286"}],"wp:term":[{"taxonomy":"product_brand","embeddable":true,"href":"https:\/\/radis.ee\/de\/wp-json\/wp\/v2\/product_brand?post=6286"},{"taxonomy":"product_cat","embeddable":true,"href":"https:\/\/radis.ee\/de\/wp-json\/wp\/v2\/product_cat?post=6286"},{"taxonomy":"product_tag","embeddable":true,"href":"https:\/\/radis.ee\/de\/wp-json\/wp\/v2\/product_tag?post=6286"}],"curies":[{"name":"wp","href":"https:\/\/api.w.org\/{rel}","templated":true}]}}

<p>Desk Vista hat eine geräumige Schublade für all Ihre Dokumente und eine große Tischplatte, auf der Sie gut einen Stiftebecher, eine Duftkerze oder einen kleinen Lautsprecher abstellen können, um Sie bei guter Arbeitslaune zu halten. Die Kabel von Computer, Lampe und anderen Geräten können Sie unter der designten Tischplattenklappe verlegen, wo Sie auch Ladegeräte und Verlängerungskabel verstecken können. Die klare Form und Anpassungsfähigkeit des Schreibtisches machen ihn zum König aller Heimarbeitsplätze.</p>
<p>Der Vista-Schreibtisch hat entweder schwarze, konische Metallbeine oder schlanke Beine aus Birkenholz, das je nach Geschmack entweder schwarz oder hell-eichenfarben sein kann.</p>
<p>Tischplatte Seidenmatt extra starker Hochdruckschichtstoff (HPL) auf Sperrholz (weiß RAL 9003) oder Sperrholz Eiche furniert. Die Innenbreite der geräumigen Tischschublade beträgt 60 cm, Tiefe 40 cm, Höhe 8 cm. Die Schublade hat geräuschlose Schließschienen. Der versteckte Anschlusskasten ist 66 cm breit, 12 cm tief und 10 cm hoch.</p>

<p>Desk Vista hat eine geräumige Schublade für all Ihre Dokumente und eine große Tischplatte, auf der Sie gut einen Stiftebecher, eine Duftkerze oder einen kleinen Lautsprecher abstellen können, um Sie bei guter Arbeitslaune zu halten. Die Kabel von Computer, Lampe und anderen Geräten können Sie unter der designten Tischplattenklappe verlegen, wo Sie auch Ladegeräte und&#8230;</p>

<!-- This site is optimized with the Yoast SEO plugin v27.4 - https://yoast.com/product/yoast-seo-wordpress/ -->
<title>Schreibtisch VISTA - Radis</title>
<meta name="robots" content="index, follow, max-snippet:-1, max-image-preview:large, max-video-preview:-1" />
<link rel="canonical" href="https://radis.ee/de/schreibtisch-vista/" />
<meta property="og:locale" content="de_DE" />
<meta property="og:type" content="article" />
<meta property="og:title" content="Schreibtisch VISTA - Radis" />
<meta property="og:description" content="Desk Vista hat eine geräumige Schublade für all Ihre Dokumente und eine große Tischplatte, auf der Sie gut einen Stiftebecher, eine Duftkerze oder einen kleinen Lautsprecher abstellen können, um Sie bei guter Arbeitslaune zu halten. Die Kabel von Computer, Lampe und anderen Geräten können Sie unter der designten Tischplattenklappe verlegen, wo Sie auch Ladegeräte und..." />
<meta property="og:url" content="https://radis.ee/de/schreibtisch-vista/" />
<meta property="og:site_name" content="Radis" />
<meta property="article:publisher" content="https://www.facebook.com/radisfurniture/" />
<meta property="article:modified_time" content="2025-11-20T22:32:23+00:00" />
<meta property="og:image" content="https://radis.ee/wp-content/uploads/2022/10/Radis_Furniture_desk_VISTA_Oak_veneered_plywood_black_conical_metal_legs_white_background-1.webp" />
	<meta property="og:image:width" content="738" />
	<meta property="og:image:height" content="793" />
	<meta property="og:image:type" content="image/webp" />
<meta name="twitter:card" content="summary_large_image" />
<meta name="twitter:label1" content="Geschätzte Lesezeit" />
	<meta name="twitter:data1" content="1 Minute" />
<script type="application/ld+json" class="yoast-schema-graph">{"@context":"https:\/\/schema.org","@graph":[{"@type":"WebPage","@id":"https:\/\/radis.ee\/de\/schreibtisch-vista\/","url":"https:\/\/radis.ee\/de\/schreibtisch-vista\/","name":"Schreibtisch VISTA - Radis","isPartOf":{"@id":"https:\/\/radis.ee\/#website"},"primaryImageOfPage":{"@id":"https:\/\/radis.ee\/de\/schreibtisch-vista\/#primaryimage"},"image":{"@id":"https:\/\/radis.ee\/de\/schreibtisch-vista\/#primaryimage"},"thumbnailUrl":"https:\/\/radis.ee\/wp-content\/uploads\/2022\/10\/Radis_Furniture_desk_VISTA_Oak_veneered_plywood_black_conical_metal_legs_white_background-1.webp","datePublished":"2022-10-17T18:56:00+00:00","dateModified":"2025-11-20T22:32:23+00:00","breadcrumb":{"@id":"https:\/\/radis.ee\/de\/schreibtisch-vista\/#breadcrumb"},"inLanguage":"de","potentialAction":[{"@type":"ReadAction","target":["https:\/\/radis.ee\/de\/schreibtisch-vista\/"]}]},{"@type":"ImageObject","inLanguage":"de","@id":"https:\/\/radis.ee\/de\/schreibtisch-vista\/#primaryimage","url":"https:\/\/radis.ee\/wp-content\/uploads\/2022\/10\/Radis_Furniture_desk_VISTA_Oak_veneered_plywood_black_conical_metal_legs_white_background-1.webp","contentUrl":"https:\/\/radis.ee\/wp-content\/uploads\/2022\/10\/Radis_Furniture_desk_VISTA_Oak_veneered_plywood_black_conical_metal_legs_white_background-1.webp","width":738,"height":793,"caption":"Radis Furniture desk VISTA Oak veneered plywood black conical metal legs"},{"@type":"BreadcrumbList","@id":"https:\/\/radis.ee\/de\/schreibtisch-vista\/#breadcrumb","itemListElement":[{"@type":"ListItem","position":1,"name":"Home","item":"https:\/\/radis.ee\/"},{"@type":"ListItem","position":2,"name":"Produkte","item":"https:\/\/radis.ee\/de\/produkte\/"},{"@type":"ListItem","position":3,"name":"Schreibtisch VISTA"}]},{"@type":"WebSite","@id":"https:\/\/radis.ee\/#website","url":"https:\/\/radis.ee\/","name":"Radis","description":"Nordic design furniture, environmentally friendly and sustainable.","publisher":{"@id":"https:\/\/radis.ee\/#organization"},"potentialAction":[{"@type":"SearchAction","target":{"@type":"EntryPoint","urlTemplate":"https:\/\/radis.ee\/?s={search_term_string}"},"query-input":{"@type":"PropertyValueSpecification","valueRequired":true,"valueName":"search_term_string"}}],"inLanguage":"de"},{"@type":"Organization","@id":"https:\/\/radis.ee\/#organization","name":"Radis OÜ","url":"https:\/\/radis.ee\/","logo":{"@type":"ImageObject","inLanguage":"de","@id":"https:\/\/radis.ee\/#\/schema\/logo\/image\/","url":"https:\/\/radis.ee\/wp-content\/uploads\/2020\/10\/Radis-logo.png","contentUrl":"https:\/\/radis.ee\/wp-content\/uploads\/2020\/10\/Radis-logo.png","width":300,"height":63,"caption":"Radis OÜ"},"image":{"@id":"https:\/\/radis.ee\/#\/schema\/logo\/image\/"},"sameAs":["https:\/\/www.facebook.com\/radisfurniture\/"]}]}</script>
<!-- / Yoast SEO plugin. -->

Desk Vista hat eine geräumige Schublade für all Ihre Dokumente und eine große Tischplatte, auf der Sie gut einen Stiftebecher, eine Duftkerze oder einen kleinen Lautsprecher abstellen können, um Sie bei guter Arbeitslaune zu halten. Die Kabel von Computer, Lampe und anderen Geräten können Sie unter der designten Tischplattenklappe verlegen, wo Sie auch Ladegeräte und...

Radis OÜ
