{"id":6480,"date":"2020-08-24T12:28:16","date_gmt":"2020-12-24T10:28:16","guid":{"rendered":"https:\/\/radis.ee\/?post_type=product&#038;p=6480"},"modified":"2023-10-30T13:20:52","modified_gmt":"2023-10-30T11:20:52","slug":"heimburo-lift","status":"publish","type":"product","link":"https:\/\/radis.ee\/de\/heimburo-lift\/","title":{"rendered":"Heimb\u00fcro LIFT"},"content":{"rendered":"<p>Das Leben ist manchmal unvorhersehbar: Ob ein neuer Job, neue Mitbewohner oder die gro\u00dfe Liebe, es h\u00e4lt immer neue \u00dcberraschungen f\u00fcr uns bereit. Deshalb bleiben wir lieber flexibel. Mit dem neuen LIFT-Regal ist Flexibilit\u00e4t bei Ihnen zu Hause kein Problem mehr.<\/p>\n<p>Die h\u00f6henverstellbaren Regale von LIFT eignen sich sowohl f\u00fcr gro\u00dfe als auch f\u00fcr kleine B\u00fccher. Falls gew\u00fcnscht, kann das Regal durch Hinzuf\u00fcgen vertikaler W\u00e4nde leicht erweitert werden. Beim \u00dcbergang von einem Ort zum anderen zeigen starke Sperrholzdetails ihre Haltbarkeit. F\u00fcr einen bequemeren Transport sind die l\u00e4ngsten Details nur 1,15 Meter lang. Die Breite des breiteren Zwischenregals betr\u00e4gt 49 cm, die schmalere Breite 18 cm.<\/p>\n<p>Als Weiterentwicklung kann das LIFT-Regal auch als Home Office genutzt werden. Die Home-Office-Version ist mit einer 45 cm tiefen und 69 cm breiten Tischplatte ausgestattet. Sie k\u00f6nnen die Platzierung der Tischplatte selbst w\u00e4hlen. Entweder eine Sitzposition mit einer H\u00f6he von 73 cm oder eine Stehposition mit einer H\u00f6he von 90 &#8211; 110 cm.<\/p>\n<p>Das LIFT Home Office eignet sich sowohl f\u00fcr moderne als auch f\u00fcr historische Innenr\u00e4ume. Mit ein paar B\u00fcchern erscheint es als eine sch\u00f6ne und luftige Struktur, die sowohl f\u00fcr ein modernes als auch f\u00fcr ein klassischeres Interieur geeignet ist. Dicht gepackt mit B\u00fcchern bleibt es bescheiden unbemerkt. Die Hauptschl\u00fcsselw\u00f6rter des LIFT-Regals sind Flexibilit\u00e4t und Ber\u00fccksichtigung individueller Vorlieben.<\/p>\n<p>Das hochwertige Regal aus 12 mm Birkensperrholz, Koskisen-wei\u00dfem HPL, sehr langlebigem Material oder 16 mm Eiche furniertem Sperrholz oder 12 mm Forescolor-Valchromat (Organic Coloured Throught Wood Fiber Board) passt sich neuen Bed\u00fcrfnissen an. Es speichert leicht alles Wichtige. Und sollte es zu eng sein, k\u00f6nnen Sie leicht mehr Speicherplatz bauen!<\/p>\n<p>LIFT Shelf wurde bei den German Design Awards 2019 mit dem Special Mention Award ausgezeichnet.<\/p>\n","protected":false},"excerpt":{"rendered":"<p>Das Leben ist manchmal unvorhersehbar: Ob ein neuer Job, neue Mitbewohner oder die gro\u00dfe Liebe, es h\u00e4lt immer neue \u00dcberraschungen f\u00fcr uns bereit. Deshalb bleiben wir lieber flexibel. Mit dem neuen LIFT-Regal ist Flexibilit\u00e4t bei Ihnen zu Hause kein Problem mehr. Die h\u00f6henverstellbaren Regale von LIFT eignen sich sowohl f\u00fcr gro\u00dfe als auch f\u00fcr kleine&#8230;<\/p>\n","protected":false},"featured_media":6651,"comment_status":"open","ping_status":"closed","template":"","meta":{"_acf_changed":false},"product_brand":[],"product_cat":[109,111],"product_tag":[],"class_list":{"0":"post-6480","1":"product","2":"type-product","3":"status-publish","4":"has-post-thumbnail","6":"product_cat-riiulid","7":"product_cat-lauad","9":"first","10":"instock","11":"taxable","12":"shipping-taxable","13":"purchasable","14":"product-type-variable","15":"has-default-attributes"},"acf":[],"yoast_head":"<!-- This site is optimized with the Yoast SEO plugin v27.4 - https:\/\/yoast.com\/product\/yoast-seo-wordpress\/ -->\n<title>Heimb\u00fcro LIFT - Radis<\/title>\n<meta name=\"robots\" content=\"index, follow, max-snippet:-1, max-image-preview:large, max-video-preview:-1\" \/>\n<link rel=\"canonical\" href=\"https:\/\/radis.ee\/kodukontor-lift\/\" \/>\n<meta property=\"og:locale\" content=\"de_DE\" \/>\n<meta property=\"og:type\" content=\"article\" \/>\n<meta property=\"og:title\" content=\"Heimb\u00fcro LIFT - Radis\" \/>\n<meta property=\"og:description\" content=\"Das Leben ist manchmal unvorhersehbar: Ob ein neuer Job, neue Mitbewohner oder die gro\u00dfe Liebe, es h\u00e4lt immer neue \u00dcberraschungen f\u00fcr uns bereit. Deshalb bleiben wir lieber flexibel. Mit dem neuen LIFT-Regal ist Flexibilit\u00e4t bei Ihnen zu Hause kein Problem mehr. Die h\u00f6henverstellbaren Regale von LIFT eignen sich sowohl f\u00fcr gro\u00dfe als auch f\u00fcr kleine...\" \/>\n<meta property=\"og:url\" content=\"https:\/\/radis.ee\/kodukontor-lift\/\" \/>\n<meta property=\"og:site_name\" content=\"Radis\" \/>\n<meta property=\"article:publisher\" content=\"https:\/\/www.facebook.com\/radisfurniture\/\" \/>\n<meta property=\"article:modified_time\" content=\"2023-10-30T11:20:52+00:00\" \/>\n<meta property=\"og:image\" content=\"https:\/\/radis.ee\/wp-content\/uploads\/2020\/12\/Radis_home_office_LIFT_white_film_closeup_SR_ruut.jpg\" \/>\n\t<meta property=\"og:image:width\" content=\"933\" \/>\n\t<meta property=\"og:image:height\" content=\"811\" \/>\n\t<meta property=\"og:image:type\" content=\"image\/jpeg\" \/>\n<meta name=\"twitter:card\" content=\"summary_large_image\" \/>\n<meta name=\"twitter:label1\" content=\"Gesch\u00e4tzte Lesezeit\" \/>\n\t<meta name=\"twitter:data1\" content=\"2\u00a0Minuten\" \/>\n<script type=\"application\/ld+json\" class=\"yoast-schema-graph\">{\"@context\":\"https:\\\/\\\/schema.org\",\"@graph\":[{\"@type\":\"WebPage\",\"@id\":\"https:\\\/\\\/radis.ee\\\/kodukontor-lift\\\/\",\"url\":\"https:\\\/\\\/radis.ee\\\/kodukontor-lift\\\/\",\"name\":\"Heimb\u00fcro LIFT - Radis\",\"isPartOf\":{\"@id\":\"https:\\\/\\\/radis.ee\\\/#website\"},\"primaryImageOfPage\":{\"@id\":\"https:\\\/\\\/radis.ee\\\/kodukontor-lift\\\/#primaryimage\"},\"image\":{\"@id\":\"https:\\\/\\\/radis.ee\\\/kodukontor-lift\\\/#primaryimage\"},\"thumbnailUrl\":\"https:\\\/\\\/radis.ee\\\/wp-content\\\/uploads\\\/2020\\\/12\\\/Radis_home_office_LIFT_white_film_closeup_SR_ruut.jpg\",\"datePublished\":\"2020-12-24T10:28:16+00:00\",\"dateModified\":\"2023-10-30T11:20:52+00:00\",\"breadcrumb\":{\"@id\":\"https:\\\/\\\/radis.ee\\\/kodukontor-lift\\\/#breadcrumb\"},\"inLanguage\":\"de\",\"potentialAction\":[{\"@type\":\"ReadAction\",\"target\":[\"https:\\\/\\\/radis.ee\\\/kodukontor-lift\\\/\"]}]},{\"@type\":\"ImageObject\",\"inLanguage\":\"de\",\"@id\":\"https:\\\/\\\/radis.ee\\\/kodukontor-lift\\\/#primaryimage\",\"url\":\"https:\\\/\\\/radis.ee\\\/wp-content\\\/uploads\\\/2020\\\/12\\\/Radis_home_office_LIFT_white_film_closeup_SR_ruut.jpg\",\"contentUrl\":\"https:\\\/\\\/radis.ee\\\/wp-content\\\/uploads\\\/2020\\\/12\\\/Radis_home_office_LIFT_white_film_closeup_SR_ruut.jpg\",\"width\":933,\"height\":811,\"caption\":\"LIFT HOME OFFICE\"},{\"@type\":\"BreadcrumbList\",\"@id\":\"https:\\\/\\\/radis.ee\\\/kodukontor-lift\\\/#breadcrumb\",\"itemListElement\":[{\"@type\":\"ListItem\",\"position\":1,\"name\":\"Home\",\"item\":\"https:\\\/\\\/radis.ee\\\/\"},{\"@type\":\"ListItem\",\"position\":2,\"name\":\"Produkte\",\"item\":\"https:\\\/\\\/radis.ee\\\/de\\\/produkte\\\/\"},{\"@type\":\"ListItem\",\"position\":3,\"name\":\"Heimb\u00fcro LIFT\"}]},{\"@type\":\"WebSite\",\"@id\":\"https:\\\/\\\/radis.ee\\\/#website\",\"url\":\"https:\\\/\\\/radis.ee\\\/\",\"name\":\"Radis\",\"description\":\"Nordic design furniture, environmentally friendly and sustainable.\",\"publisher\":{\"@id\":\"https:\\\/\\\/radis.ee\\\/#organization\"},\"potentialAction\":[{\"@type\":\"SearchAction\",\"target\":{\"@type\":\"EntryPoint\",\"urlTemplate\":\"https:\\\/\\\/radis.ee\\\/?s={search_term_string}\"},\"query-input\":{\"@type\":\"PropertyValueSpecification\",\"valueRequired\":true,\"valueName\":\"search_term_string\"}}],\"inLanguage\":\"de\"},{\"@type\":\"Organization\",\"@id\":\"https:\\\/\\\/radis.ee\\\/#organization\",\"name\":\"Radis O\u00dc\",\"url\":\"https:\\\/\\\/radis.ee\\\/\",\"logo\":{\"@type\":\"ImageObject\",\"inLanguage\":\"de\",\"@id\":\"https:\\\/\\\/radis.ee\\\/#\\\/schema\\\/logo\\\/image\\\/\",\"url\":\"https:\\\/\\\/radis.ee\\\/wp-content\\\/uploads\\\/2020\\\/10\\\/Radis-logo.png\",\"contentUrl\":\"https:\\\/\\\/radis.ee\\\/wp-content\\\/uploads\\\/2020\\\/10\\\/Radis-logo.png\",\"width\":300,\"height\":63,\"caption\":\"Radis O\u00dc\"},\"image\":{\"@id\":\"https:\\\/\\\/radis.ee\\\/#\\\/schema\\\/logo\\\/image\\\/\"},\"sameAs\":[\"https:\\\/\\\/www.facebook.com\\\/radisfurniture\\\/\"]}]}<\/script>\n<!-- \/ Yoast SEO plugin. -->","yoast_head_json":{"title":"Heimb\u00fcro LIFT - Radis","robots":{"index":"index","follow":"follow","max-snippet":"max-snippet:-1","max-image-preview":"max-image-preview:large","max-video-preview":"max-video-preview:-1"},"canonical":"https:\/\/radis.ee\/kodukontor-lift\/","og_locale":"de_DE","og_type":"article","og_title":"Heimb\u00fcro LIFT - Radis","og_description":"Das Leben ist manchmal unvorhersehbar: Ob ein neuer Job, neue Mitbewohner oder die gro\u00dfe Liebe, es h\u00e4lt immer neue \u00dcberraschungen f\u00fcr uns bereit. Deshalb bleiben wir lieber flexibel. Mit dem neuen LIFT-Regal ist Flexibilit\u00e4t bei Ihnen zu Hause kein Problem mehr. Die h\u00f6henverstellbaren Regale von LIFT eignen sich sowohl f\u00fcr gro\u00dfe als auch f\u00fcr kleine...","og_url":"https:\/\/radis.ee\/kodukontor-lift\/","og_site_name":"Radis","article_publisher":"https:\/\/www.facebook.com\/radisfurniture\/","article_modified_time":"2023-10-30T11:20:52+00:00","og_image":[{"width":933,"height":811,"url":"https:\/\/radis.ee\/wp-content\/uploads\/2020\/12\/Radis_home_office_LIFT_white_film_closeup_SR_ruut.jpg","type":"image\/jpeg"}],"twitter_card":"summary_large_image","twitter_misc":{"Gesch\u00e4tzte Lesezeit":"2\u00a0Minuten"},"schema":{"@context":"https:\/\/schema.org","@graph":[{"@type":"WebPage","@id":"https:\/\/radis.ee\/kodukontor-lift\/","url":"https:\/\/radis.ee\/kodukontor-lift\/","name":"Heimb\u00fcro LIFT - Radis","isPartOf":{"@id":"https:\/\/radis.ee\/#website"},"primaryImageOfPage":{"@id":"https:\/\/radis.ee\/kodukontor-lift\/#primaryimage"},"image":{"@id":"https:\/\/radis.ee\/kodukontor-lift\/#primaryimage"},"thumbnailUrl":"https:\/\/radis.ee\/wp-content\/uploads\/2020\/12\/Radis_home_office_LIFT_white_film_closeup_SR_ruut.jpg","datePublished":"2020-12-24T10:28:16+00:00","dateModified":"2023-10-30T11:20:52+00:00","breadcrumb":{"@id":"https:\/\/radis.ee\/kodukontor-lift\/#breadcrumb"},"inLanguage":"de","potentialAction":[{"@type":"ReadAction","target":["https:\/\/radis.ee\/kodukontor-lift\/"]}]},{"@type":"ImageObject","inLanguage":"de","@id":"https:\/\/radis.ee\/kodukontor-lift\/#primaryimage","url":"https:\/\/radis.ee\/wp-content\/uploads\/2020\/12\/Radis_home_office_LIFT_white_film_closeup_SR_ruut.jpg","contentUrl":"https:\/\/radis.ee\/wp-content\/uploads\/2020\/12\/Radis_home_office_LIFT_white_film_closeup_SR_ruut.jpg","width":933,"height":811,"caption":"LIFT HOME OFFICE"},{"@type":"BreadcrumbList","@id":"https:\/\/radis.ee\/kodukontor-lift\/#breadcrumb","itemListElement":[{"@type":"ListItem","position":1,"name":"Home","item":"https:\/\/radis.ee\/"},{"@type":"ListItem","position":2,"name":"Produkte","item":"https:\/\/radis.ee\/de\/produkte\/"},{"@type":"ListItem","position":3,"name":"Heimb\u00fcro LIFT"}]},{"@type":"WebSite","@id":"https:\/\/radis.ee\/#website","url":"https:\/\/radis.ee\/","name":"Radis","description":"Nordic design furniture, environmentally friendly and sustainable.","publisher":{"@id":"https:\/\/radis.ee\/#organization"},"potentialAction":[{"@type":"SearchAction","target":{"@type":"EntryPoint","urlTemplate":"https:\/\/radis.ee\/?s={search_term_string}"},"query-input":{"@type":"PropertyValueSpecification","valueRequired":true,"valueName":"search_term_string"}}],"inLanguage":"de"},{"@type":"Organization","@id":"https:\/\/radis.ee\/#organization","name":"Radis O\u00dc","url":"https:\/\/radis.ee\/","logo":{"@type":"ImageObject","inLanguage":"de","@id":"https:\/\/radis.ee\/#\/schema\/logo\/image\/","url":"https:\/\/radis.ee\/wp-content\/uploads\/2020\/10\/Radis-logo.png","contentUrl":"https:\/\/radis.ee\/wp-content\/uploads\/2020\/10\/Radis-logo.png","width":300,"height":63,"caption":"Radis O\u00dc"},"image":{"@id":"https:\/\/radis.ee\/#\/schema\/logo\/image\/"},"sameAs":["https:\/\/www.facebook.com\/radisfurniture\/"]}]}},"_links":{"self":[{"href":"https:\/\/radis.ee\/de\/wp-json\/wp\/v2\/product\/6480","targetHints":{"allow":["GET"]}}],"collection":[{"href":"https:\/\/radis.ee\/de\/wp-json\/wp\/v2\/product"}],"about":[{"href":"https:\/\/radis.ee\/de\/wp-json\/wp\/v2\/types\/product"}],"replies":[{"embeddable":true,"href":"https:\/\/radis.ee\/de\/wp-json\/wp\/v2\/comments?post=6480"}],"wp:featuredmedia":[{"embeddable":true,"href":"https:\/\/radis.ee\/de\/wp-json\/wp\/v2\/media\/6651"}],"wp:attachment":[{"href":"https:\/\/radis.ee\/de\/wp-json\/wp\/v2\/media?parent=6480"}],"wp:term":[{"taxonomy":"product_brand","embeddable":true,"href":"https:\/\/radis.ee\/de\/wp-json\/wp\/v2\/product_brand?post=6480"},{"taxonomy":"product_cat","embeddable":true,"href":"https:\/\/radis.ee\/de\/wp-json\/wp\/v2\/product_cat?post=6480"},{"taxonomy":"product_tag","embeddable":true,"href":"https:\/\/radis.ee\/de\/wp-json\/wp\/v2\/product_tag?post=6480"}],"curies":[{"name":"wp","href":"https:\/\/api.w.org\/{rel}","templated":true}]}}

Heimbüro LIFT

<p>Das Leben ist manchmal unvorhersehbar: Ob ein neuer Job, neue Mitbewohner oder die große Liebe, es hält immer neue Überraschungen für uns bereit. Deshalb bleiben wir lieber flexibel. Mit dem neuen LIFT-Regal ist Flexibilität bei Ihnen zu Hause kein Problem mehr.</p>
<p>Die höhenverstellbaren Regale von LIFT eignen sich sowohl für große als auch für kleine Bücher. Falls gewünscht, kann das Regal durch Hinzufügen vertikaler Wände leicht erweitert werden. Beim Übergang von einem Ort zum anderen zeigen starke Sperrholzdetails ihre Haltbarkeit. Für einen bequemeren Transport sind die längsten Details nur 1,15 Meter lang. Die Breite des breiteren Zwischenregals beträgt 49 cm, die schmalere Breite 18 cm.</p>
<p>Als Weiterentwicklung kann das LIFT-Regal auch als Home Office genutzt werden. Die Home-Office-Version ist mit einer 45 cm tiefen und 69 cm breiten Tischplatte ausgestattet. Sie können die Platzierung der Tischplatte selbst wählen. Entweder eine Sitzposition mit einer Höhe von 73 cm oder eine Stehposition mit einer Höhe von 90 &#8211; 110 cm.</p>
<p>Das LIFT Home Office eignet sich sowohl für moderne als auch für historische Innenräume. Mit ein paar Büchern erscheint es als eine schöne und luftige Struktur, die sowohl für ein modernes als auch für ein klassischeres Interieur geeignet ist. Dicht gepackt mit Büchern bleibt es bescheiden unbemerkt. Die Hauptschlüsselwörter des LIFT-Regals sind Flexibilität und Berücksichtigung individueller Vorlieben.</p>
<p>Das hochwertige Regal aus 12 mm Birkensperrholz, Koskisen-weißem HPL, sehr langlebigem Material oder 16 mm Eiche furniertem Sperrholz oder 12 mm Forescolor-Valchromat (Organic Coloured Throught Wood Fiber Board) passt sich neuen Bedürfnissen an. Es speichert leicht alles Wichtige. Und sollte es zu eng sein, können Sie leicht mehr Speicherplatz bauen!</p>
<p>LIFT Shelf wurde bei den German Design Awards 2019 mit dem Special Mention Award ausgezeichnet.</p>

<p>Das Leben ist manchmal unvorhersehbar: Ob ein neuer Job, neue Mitbewohner oder die große Liebe, es hält immer neue Überraschungen für uns bereit. Deshalb bleiben wir lieber flexibel. Mit dem neuen LIFT-Regal ist Flexibilität bei Ihnen zu Hause kein Problem mehr. Die höhenverstellbaren Regale von LIFT eignen sich sowohl für große als auch für kleine&#8230;</p>

<!-- This site is optimized with the Yoast SEO plugin v27.4 - https://yoast.com/product/yoast-seo-wordpress/ -->
<title>Heimbüro LIFT - Radis</title>
<meta name="robots" content="index, follow, max-snippet:-1, max-image-preview:large, max-video-preview:-1" />
<link rel="canonical" href="https://radis.ee/kodukontor-lift/" />
<meta property="og:locale" content="de_DE" />
<meta property="og:type" content="article" />
<meta property="og:title" content="Heimbüro LIFT - Radis" />
<meta property="og:description" content="Das Leben ist manchmal unvorhersehbar: Ob ein neuer Job, neue Mitbewohner oder die große Liebe, es hält immer neue Überraschungen für uns bereit. Deshalb bleiben wir lieber flexibel. Mit dem neuen LIFT-Regal ist Flexibilität bei Ihnen zu Hause kein Problem mehr. Die höhenverstellbaren Regale von LIFT eignen sich sowohl für große als auch für kleine..." />
<meta property="og:url" content="https://radis.ee/kodukontor-lift/" />
<meta property="og:site_name" content="Radis" />
<meta property="article:publisher" content="https://www.facebook.com/radisfurniture/" />
<meta property="article:modified_time" content="2023-10-30T11:20:52+00:00" />
<meta property="og:image" content="https://radis.ee/wp-content/uploads/2020/12/Radis_home_office_LIFT_white_film_closeup_SR_ruut.jpg" />
	<meta property="og:image:width" content="933" />
	<meta property="og:image:height" content="811" />
	<meta property="og:image:type" content="image/jpeg" />
<meta name="twitter:card" content="summary_large_image" />
<meta name="twitter:label1" content="Geschätzte Lesezeit" />
	<meta name="twitter:data1" content="2 Minuten" />
<script type="application/ld+json" class="yoast-schema-graph">{"@context":"https:\/\/schema.org","@graph":[{"@type":"WebPage","@id":"https:\/\/radis.ee\/kodukontor-lift\/","url":"https:\/\/radis.ee\/kodukontor-lift\/","name":"Heimbüro LIFT - Radis","isPartOf":{"@id":"https:\/\/radis.ee\/#website"},"primaryImageOfPage":{"@id":"https:\/\/radis.ee\/kodukontor-lift\/#primaryimage"},"image":{"@id":"https:\/\/radis.ee\/kodukontor-lift\/#primaryimage"},"thumbnailUrl":"https:\/\/radis.ee\/wp-content\/uploads\/2020\/12\/Radis_home_office_LIFT_white_film_closeup_SR_ruut.jpg","datePublished":"2020-12-24T10:28:16+00:00","dateModified":"2023-10-30T11:20:52+00:00","breadcrumb":{"@id":"https:\/\/radis.ee\/kodukontor-lift\/#breadcrumb"},"inLanguage":"de","potentialAction":[{"@type":"ReadAction","target":["https:\/\/radis.ee\/kodukontor-lift\/"]}]},{"@type":"ImageObject","inLanguage":"de","@id":"https:\/\/radis.ee\/kodukontor-lift\/#primaryimage","url":"https:\/\/radis.ee\/wp-content\/uploads\/2020\/12\/Radis_home_office_LIFT_white_film_closeup_SR_ruut.jpg","contentUrl":"https:\/\/radis.ee\/wp-content\/uploads\/2020\/12\/Radis_home_office_LIFT_white_film_closeup_SR_ruut.jpg","width":933,"height":811,"caption":"LIFT HOME OFFICE"},{"@type":"BreadcrumbList","@id":"https:\/\/radis.ee\/kodukontor-lift\/#breadcrumb","itemListElement":[{"@type":"ListItem","position":1,"name":"Home","item":"https:\/\/radis.ee\/"},{"@type":"ListItem","position":2,"name":"Produkte","item":"https:\/\/radis.ee\/de\/produkte\/"},{"@type":"ListItem","position":3,"name":"Heimbüro LIFT"}]},{"@type":"WebSite","@id":"https:\/\/radis.ee\/#website","url":"https:\/\/radis.ee\/","name":"Radis","description":"Nordic design furniture, environmentally friendly and sustainable.","publisher":{"@id":"https:\/\/radis.ee\/#organization"},"potentialAction":[{"@type":"SearchAction","target":{"@type":"EntryPoint","urlTemplate":"https:\/\/radis.ee\/?s={search_term_string}"},"query-input":{"@type":"PropertyValueSpecification","valueRequired":true,"valueName":"search_term_string"}}],"inLanguage":"de"},{"@type":"Organization","@id":"https:\/\/radis.ee\/#organization","name":"Radis OÜ","url":"https:\/\/radis.ee\/","logo":{"@type":"ImageObject","inLanguage":"de","@id":"https:\/\/radis.ee\/#\/schema\/logo\/image\/","url":"https:\/\/radis.ee\/wp-content\/uploads\/2020\/10\/Radis-logo.png","contentUrl":"https:\/\/radis.ee\/wp-content\/uploads\/2020\/10\/Radis-logo.png","width":300,"height":63,"caption":"Radis OÜ"},"image":{"@id":"https:\/\/radis.ee\/#\/schema\/logo\/image\/"},"sameAs":["https:\/\/www.facebook.com\/radisfurniture\/"]}]}</script>
<!-- / Yoast SEO plugin. -->

Heimbüro LIFT - Radis

Das Leben ist manchmal unvorhersehbar: Ob ein neuer Job, neue Mitbewohner oder die große Liebe, es hält immer neue Überraschungen für uns bereit. Deshalb bleiben wir lieber flexibel. Mit dem neuen LIFT-Regal ist Flexibilität bei Ihnen zu Hause kein Problem mehr. Die höhenverstellbaren Regale von LIFT eignen sich sowohl für große als auch für kleine...

Radis OÜ
