{"id":5664,"date":"2019-10-28T21:58:01","date_gmt":"2020-10-28T19:58:01","guid":{"rendered":"https:\/\/radis.ee\/hylly-maze\/"},"modified":"2022-01-18T11:31:51","modified_gmt":"2022-01-18T09:31:51","slug":"hylly-tower","status":"publish","type":"product","link":"https:\/\/radis.ee\/fi\/hylly-tower\/","title":{"rendered":"Hylly TOWER"},"content":{"rendered":"<p>Tower hylly on rohkea tilaa s\u00e4\u00e4st\u00e4v\u00e4 jokaiselle, joka arvostaa tilavia ja ilmavia sis\u00e4tiloja.<\/p>\n<p>Voit rakentaa hyllyn leveydeksi lis\u00e4\u00e4m\u00e4ll\u00e4 hyllyj\u00e4 ja kaappeja, varastoimalla kaiken joko avoimille hyllyille tai kaapin ovien taakse.<\/p>\n<p>T\u00e4m\u00e4 j\u00e4tt\u00e4\u00e4 enemm\u00e4n tilaa n\u00e4ytt\u00e4v\u00e4lle sohvalle tai p\u00f6yd\u00e4lle. Tornihylly on avainosa moderniin sisustukseen.<\/p>\n<p>Tower-hyllyss\u00e4 on tammeviilutettu ovi sek\u00e4 valkoinen filmi vaneri. Pehme\u00e4sti sulkeutuvat ovensaranat.<\/p>\n<p>Hyllyjen leveys 48,5cm, kaapien leveys 35,5cm. Kaapin sis\u00e4leveys 32,5cm, sis\u00e4korkeus 69cm, s\u00e4\u00e4dett\u00e4v\u00e4t korkeushyllyt sis\u00e4ll\u00e4.<\/p>\n<p>Saatavana kahdella leveydell\u00e4:<\/p>\n<ul>\n<li>S &#8211; pieni 120 cm (2 kaapitilaa ja 1 hyllytila)<\/li>\n<li>M &#8211; keskikoko 204 cm (3 kaapitilaa ja 2 hyllytilaa)<\/li>\n<\/ul>\n","protected":false},"excerpt":{"rendered":"<p>Tower hylly on rohkea tilaa s\u00e4\u00e4st\u00e4v\u00e4 jokaiselle, joka arvostaa tilavia ja ilmavia sis\u00e4tiloja. Voit rakentaa hyllyn leveydeksi lis\u00e4\u00e4m\u00e4ll\u00e4 hyllyj\u00e4 ja kaappeja, varastoimalla kaiken joko avoimille hyllyille tai kaapin ovien taakse. T\u00e4m\u00e4 j\u00e4tt\u00e4\u00e4 enemm\u00e4n tilaa n\u00e4ytt\u00e4v\u00e4lle sohvalle tai p\u00f6yd\u00e4lle. Tornihylly on avainosa moderniin sisustukseen. Tower-hyllyss\u00e4 on tammeviilutettu ovi sek\u00e4 valkoinen filmi vaneri. Pehme\u00e4sti sulkeutuvat ovensaranat. Hyllyjen&#8230;<\/p>\n","protected":false},"featured_media":13693,"comment_status":"open","ping_status":"closed","template":"","meta":{"_acf_changed":false},"product_brand":[],"product_cat":[109],"product_tag":[],"class_list":{"0":"post-5664","1":"product","2":"type-product","3":"status-publish","4":"has-post-thumbnail","6":"product_cat-riiulid","8":"first","9":"instock","10":"taxable","11":"shipping-taxable","12":"purchasable","13":"product-type-variable"},"acf":[],"yoast_head":"<!-- This site is optimized with the Yoast SEO plugin v27.4 - https:\/\/yoast.com\/product\/yoast-seo-wordpress\/ -->\n<title>Hylly TOWER - Radis<\/title>\n<meta name=\"robots\" content=\"index, follow, max-snippet:-1, max-image-preview:large, max-video-preview:-1\" \/>\n<link rel=\"canonical\" href=\"https:\/\/radis.ee\/fi\/hylly-tower\/\" \/>\n<meta property=\"og:locale\" content=\"fi_FI\" \/>\n<meta property=\"og:type\" content=\"article\" \/>\n<meta property=\"og:title\" content=\"Hylly TOWER - Radis\" \/>\n<meta property=\"og:description\" content=\"Tower hylly on rohkea tilaa s\u00e4\u00e4st\u00e4v\u00e4 jokaiselle, joka arvostaa tilavia ja ilmavia sis\u00e4tiloja. Voit rakentaa hyllyn leveydeksi lis\u00e4\u00e4m\u00e4ll\u00e4 hyllyj\u00e4 ja kaappeja, varastoimalla kaiken joko avoimille hyllyille tai kaapin ovien taakse. T\u00e4m\u00e4 j\u00e4tt\u00e4\u00e4 enemm\u00e4n tilaa n\u00e4ytt\u00e4v\u00e4lle sohvalle tai p\u00f6yd\u00e4lle. Tornihylly on avainosa moderniin sisustukseen. Tower-hyllyss\u00e4 on tammeviilutettu ovi sek\u00e4 valkoinen filmi vaneri. Pehme\u00e4sti sulkeutuvat ovensaranat. Hyllyjen...\" \/>\n<meta property=\"og:url\" content=\"https:\/\/radis.ee\/fi\/hylly-tower\/\" \/>\n<meta property=\"og:site_name\" content=\"Radis\" \/>\n<meta property=\"article:publisher\" content=\"https:\/\/www.facebook.com\/radisfurniture\/\" \/>\n<meta property=\"article:modified_time\" content=\"2022-01-18T09:31:51+00:00\" \/>\n<meta property=\"og:image\" content=\"https:\/\/radis.ee\/wp-content\/uploads\/2019\/10\/Radis_shelf_TOWER_small-scaled.jpg\" \/>\n\t<meta property=\"og:image:width\" content=\"2143\" \/>\n\t<meta property=\"og:image:height\" content=\"2560\" \/>\n\t<meta property=\"og:image:type\" content=\"image\/jpeg\" \/>\n<meta name=\"twitter:card\" content=\"summary_large_image\" \/>\n<meta name=\"twitter:label1\" content=\"Arvioitu lukuaika\" \/>\n\t<meta name=\"twitter:data1\" content=\"1 minuutti\" \/>\n<script type=\"application\/ld+json\" class=\"yoast-schema-graph\">{\"@context\":\"https:\\\/\\\/schema.org\",\"@graph\":[{\"@type\":\"WebPage\",\"@id\":\"https:\\\/\\\/radis.ee\\\/fi\\\/hylly-tower\\\/\",\"url\":\"https:\\\/\\\/radis.ee\\\/fi\\\/hylly-tower\\\/\",\"name\":\"Hylly TOWER - Radis\",\"isPartOf\":{\"@id\":\"https:\\\/\\\/radis.ee\\\/#website\"},\"primaryImageOfPage\":{\"@id\":\"https:\\\/\\\/radis.ee\\\/fi\\\/hylly-tower\\\/#primaryimage\"},\"image\":{\"@id\":\"https:\\\/\\\/radis.ee\\\/fi\\\/hylly-tower\\\/#primaryimage\"},\"thumbnailUrl\":\"https:\\\/\\\/radis.ee\\\/wp-content\\\/uploads\\\/2019\\\/10\\\/Radis_shelf_TOWER_small-scaled.jpg\",\"datePublished\":\"2020-10-28T19:58:01+00:00\",\"dateModified\":\"2022-01-18T09:31:51+00:00\",\"breadcrumb\":{\"@id\":\"https:\\\/\\\/radis.ee\\\/fi\\\/hylly-tower\\\/#breadcrumb\"},\"inLanguage\":\"fi\",\"potentialAction\":[{\"@type\":\"ReadAction\",\"target\":[\"https:\\\/\\\/radis.ee\\\/fi\\\/hylly-tower\\\/\"]}]},{\"@type\":\"ImageObject\",\"inLanguage\":\"fi\",\"@id\":\"https:\\\/\\\/radis.ee\\\/fi\\\/hylly-tower\\\/#primaryimage\",\"url\":\"https:\\\/\\\/radis.ee\\\/wp-content\\\/uploads\\\/2019\\\/10\\\/Radis_shelf_TOWER_small-scaled.jpg\",\"contentUrl\":\"https:\\\/\\\/radis.ee\\\/wp-content\\\/uploads\\\/2019\\\/10\\\/Radis_shelf_TOWER_small-scaled.jpg\",\"width\":2143,\"height\":2560},{\"@type\":\"BreadcrumbList\",\"@id\":\"https:\\\/\\\/radis.ee\\\/fi\\\/hylly-tower\\\/#breadcrumb\",\"itemListElement\":[{\"@type\":\"ListItem\",\"position\":1,\"name\":\"Home\",\"item\":\"https:\\\/\\\/radis.ee\\\/\"},{\"@type\":\"ListItem\",\"position\":2,\"name\":\"Tuotteet\",\"item\":\"https:\\\/\\\/radis.ee\\\/fi\\\/tuotteet\\\/\"},{\"@type\":\"ListItem\",\"position\":3,\"name\":\"Hylly TOWER\"}]},{\"@type\":\"WebSite\",\"@id\":\"https:\\\/\\\/radis.ee\\\/#website\",\"url\":\"https:\\\/\\\/radis.ee\\\/\",\"name\":\"Radis\",\"description\":\"Nordic design furniture, environmentally friendly and sustainable.\",\"publisher\":{\"@id\":\"https:\\\/\\\/radis.ee\\\/#organization\"},\"potentialAction\":[{\"@type\":\"SearchAction\",\"target\":{\"@type\":\"EntryPoint\",\"urlTemplate\":\"https:\\\/\\\/radis.ee\\\/?s={search_term_string}\"},\"query-input\":{\"@type\":\"PropertyValueSpecification\",\"valueRequired\":true,\"valueName\":\"search_term_string\"}}],\"inLanguage\":\"fi\"},{\"@type\":\"Organization\",\"@id\":\"https:\\\/\\\/radis.ee\\\/#organization\",\"name\":\"Radis O\u00dc\",\"url\":\"https:\\\/\\\/radis.ee\\\/\",\"logo\":{\"@type\":\"ImageObject\",\"inLanguage\":\"fi\",\"@id\":\"https:\\\/\\\/radis.ee\\\/#\\\/schema\\\/logo\\\/image\\\/\",\"url\":\"https:\\\/\\\/radis.ee\\\/wp-content\\\/uploads\\\/2020\\\/10\\\/Radis-logo.png\",\"contentUrl\":\"https:\\\/\\\/radis.ee\\\/wp-content\\\/uploads\\\/2020\\\/10\\\/Radis-logo.png\",\"width\":300,\"height\":63,\"caption\":\"Radis O\u00dc\"},\"image\":{\"@id\":\"https:\\\/\\\/radis.ee\\\/#\\\/schema\\\/logo\\\/image\\\/\"},\"sameAs\":[\"https:\\\/\\\/www.facebook.com\\\/radisfurniture\\\/\"]}]}<\/script>\n<!-- \/ Yoast SEO plugin. -->","yoast_head_json":{"title":"Hylly TOWER - Radis","robots":{"index":"index","follow":"follow","max-snippet":"max-snippet:-1","max-image-preview":"max-image-preview:large","max-video-preview":"max-video-preview:-1"},"canonical":"https:\/\/radis.ee\/fi\/hylly-tower\/","og_locale":"fi_FI","og_type":"article","og_title":"Hylly TOWER - Radis","og_description":"Tower hylly on rohkea tilaa s\u00e4\u00e4st\u00e4v\u00e4 jokaiselle, joka arvostaa tilavia ja ilmavia sis\u00e4tiloja. Voit rakentaa hyllyn leveydeksi lis\u00e4\u00e4m\u00e4ll\u00e4 hyllyj\u00e4 ja kaappeja, varastoimalla kaiken joko avoimille hyllyille tai kaapin ovien taakse. T\u00e4m\u00e4 j\u00e4tt\u00e4\u00e4 enemm\u00e4n tilaa n\u00e4ytt\u00e4v\u00e4lle sohvalle tai p\u00f6yd\u00e4lle. Tornihylly on avainosa moderniin sisustukseen. Tower-hyllyss\u00e4 on tammeviilutettu ovi sek\u00e4 valkoinen filmi vaneri. Pehme\u00e4sti sulkeutuvat ovensaranat. Hyllyjen...","og_url":"https:\/\/radis.ee\/fi\/hylly-tower\/","og_site_name":"Radis","article_publisher":"https:\/\/www.facebook.com\/radisfurniture\/","article_modified_time":"2022-01-18T09:31:51+00:00","og_image":[{"width":2143,"height":2560,"url":"https:\/\/radis.ee\/wp-content\/uploads\/2019\/10\/Radis_shelf_TOWER_small-scaled.jpg","type":"image\/jpeg"}],"twitter_card":"summary_large_image","twitter_misc":{"Arvioitu lukuaika":"1 minuutti"},"schema":{"@context":"https:\/\/schema.org","@graph":[{"@type":"WebPage","@id":"https:\/\/radis.ee\/fi\/hylly-tower\/","url":"https:\/\/radis.ee\/fi\/hylly-tower\/","name":"Hylly TOWER - Radis","isPartOf":{"@id":"https:\/\/radis.ee\/#website"},"primaryImageOfPage":{"@id":"https:\/\/radis.ee\/fi\/hylly-tower\/#primaryimage"},"image":{"@id":"https:\/\/radis.ee\/fi\/hylly-tower\/#primaryimage"},"thumbnailUrl":"https:\/\/radis.ee\/wp-content\/uploads\/2019\/10\/Radis_shelf_TOWER_small-scaled.jpg","datePublished":"2020-10-28T19:58:01+00:00","dateModified":"2022-01-18T09:31:51+00:00","breadcrumb":{"@id":"https:\/\/radis.ee\/fi\/hylly-tower\/#breadcrumb"},"inLanguage":"fi","potentialAction":[{"@type":"ReadAction","target":["https:\/\/radis.ee\/fi\/hylly-tower\/"]}]},{"@type":"ImageObject","inLanguage":"fi","@id":"https:\/\/radis.ee\/fi\/hylly-tower\/#primaryimage","url":"https:\/\/radis.ee\/wp-content\/uploads\/2019\/10\/Radis_shelf_TOWER_small-scaled.jpg","contentUrl":"https:\/\/radis.ee\/wp-content\/uploads\/2019\/10\/Radis_shelf_TOWER_small-scaled.jpg","width":2143,"height":2560},{"@type":"BreadcrumbList","@id":"https:\/\/radis.ee\/fi\/hylly-tower\/#breadcrumb","itemListElement":[{"@type":"ListItem","position":1,"name":"Home","item":"https:\/\/radis.ee\/"},{"@type":"ListItem","position":2,"name":"Tuotteet","item":"https:\/\/radis.ee\/fi\/tuotteet\/"},{"@type":"ListItem","position":3,"name":"Hylly TOWER"}]},{"@type":"WebSite","@id":"https:\/\/radis.ee\/#website","url":"https:\/\/radis.ee\/","name":"Radis","description":"Nordic design furniture, environmentally friendly and sustainable.","publisher":{"@id":"https:\/\/radis.ee\/#organization"},"potentialAction":[{"@type":"SearchAction","target":{"@type":"EntryPoint","urlTemplate":"https:\/\/radis.ee\/?s={search_term_string}"},"query-input":{"@type":"PropertyValueSpecification","valueRequired":true,"valueName":"search_term_string"}}],"inLanguage":"fi"},{"@type":"Organization","@id":"https:\/\/radis.ee\/#organization","name":"Radis O\u00dc","url":"https:\/\/radis.ee\/","logo":{"@type":"ImageObject","inLanguage":"fi","@id":"https:\/\/radis.ee\/#\/schema\/logo\/image\/","url":"https:\/\/radis.ee\/wp-content\/uploads\/2020\/10\/Radis-logo.png","contentUrl":"https:\/\/radis.ee\/wp-content\/uploads\/2020\/10\/Radis-logo.png","width":300,"height":63,"caption":"Radis O\u00dc"},"image":{"@id":"https:\/\/radis.ee\/#\/schema\/logo\/image\/"},"sameAs":["https:\/\/www.facebook.com\/radisfurniture\/"]}]}},"_links":{"self":[{"href":"https:\/\/radis.ee\/fi\/wp-json\/wp\/v2\/product\/5664","targetHints":{"allow":["GET"]}}],"collection":[{"href":"https:\/\/radis.ee\/fi\/wp-json\/wp\/v2\/product"}],"about":[{"href":"https:\/\/radis.ee\/fi\/wp-json\/wp\/v2\/types\/product"}],"replies":[{"embeddable":true,"href":"https:\/\/radis.ee\/fi\/wp-json\/wp\/v2\/comments?post=5664"}],"wp:featuredmedia":[{"embeddable":true,"href":"https:\/\/radis.ee\/fi\/wp-json\/wp\/v2\/media\/13693"}],"wp:attachment":[{"href":"https:\/\/radis.ee\/fi\/wp-json\/wp\/v2\/media?parent=5664"}],"wp:term":[{"taxonomy":"product_brand","embeddable":true,"href":"https:\/\/radis.ee\/fi\/wp-json\/wp\/v2\/product_brand?post=5664"},{"taxonomy":"product_cat","embeddable":true,"href":"https:\/\/radis.ee\/fi\/wp-json\/wp\/v2\/product_cat?post=5664"},{"taxonomy":"product_tag","embeddable":true,"href":"https:\/\/radis.ee\/fi\/wp-json\/wp\/v2\/product_tag?post=5664"}],"curies":[{"name":"wp","href":"https:\/\/api.w.org\/{rel}","templated":true}]}}

<p>Tower hylly on rohkea tilaa säästävä jokaiselle, joka arvostaa tilavia ja ilmavia sisätiloja.</p>
<p>Voit rakentaa hyllyn leveydeksi lisäämällä hyllyjä ja kaappeja, varastoimalla kaiken joko avoimille hyllyille tai kaapin ovien taakse.</p>
<p>Tämä jättää enemmän tilaa näyttävälle sohvalle tai pöydälle. Tornihylly on avainosa moderniin sisustukseen.</p>
<p>Tower-hyllyssä on tammeviilutettu ovi sekä valkoinen filmi vaneri. Pehmeästi sulkeutuvat ovensaranat.</p>
<p>Hyllyjen leveys 48,5cm, kaapien leveys 35,5cm. Kaapin sisäleveys 32,5cm, sisäkorkeus 69cm, säädettävät korkeushyllyt sisällä.</p>
<p>Saatavana kahdella leveydellä:</p>
<ul>
<li>S &#8211; pieni 120 cm (2 kaapitilaa ja 1 hyllytila)</li>
<li>M &#8211; keskikoko 204 cm (3 kaapitilaa ja 2 hyllytilaa)</li>
</ul>

<p>Tower hylly on rohkea tilaa säästävä jokaiselle, joka arvostaa tilavia ja ilmavia sisätiloja. Voit rakentaa hyllyn leveydeksi lisäämällä hyllyjä ja kaappeja, varastoimalla kaiken joko avoimille hyllyille tai kaapin ovien taakse. Tämä jättää enemmän tilaa näyttävälle sohvalle tai pöydälle. Tornihylly on avainosa moderniin sisustukseen. Tower-hyllyssä on tammeviilutettu ovi sekä valkoinen filmi vaneri. Pehmeästi sulkeutuvat ovensaranat. Hyllyjen&#8230;</p>

<!-- This site is optimized with the Yoast SEO plugin v27.4 - https://yoast.com/product/yoast-seo-wordpress/ -->
<title>Hylly TOWER - Radis</title>
<meta name="robots" content="index, follow, max-snippet:-1, max-image-preview:large, max-video-preview:-1" />
<link rel="canonical" href="https://radis.ee/fi/hylly-tower/" />
<meta property="og:locale" content="fi_FI" />
<meta property="og:type" content="article" />
<meta property="og:title" content="Hylly TOWER - Radis" />
<meta property="og:description" content="Tower hylly on rohkea tilaa säästävä jokaiselle, joka arvostaa tilavia ja ilmavia sisätiloja. Voit rakentaa hyllyn leveydeksi lisäämällä hyllyjä ja kaappeja, varastoimalla kaiken joko avoimille hyllyille tai kaapin ovien taakse. Tämä jättää enemmän tilaa näyttävälle sohvalle tai pöydälle. Tornihylly on avainosa moderniin sisustukseen. Tower-hyllyssä on tammeviilutettu ovi sekä valkoinen filmi vaneri. Pehmeästi sulkeutuvat ovensaranat. Hyllyjen..." />
<meta property="og:url" content="https://radis.ee/fi/hylly-tower/" />
<meta property="og:site_name" content="Radis" />
<meta property="article:publisher" content="https://www.facebook.com/radisfurniture/" />
<meta property="article:modified_time" content="2022-01-18T09:31:51+00:00" />
<meta property="og:image" content="https://radis.ee/wp-content/uploads/2019/10/Radis_shelf_TOWER_small-scaled.jpg" />
	<meta property="og:image:width" content="2143" />
	<meta property="og:image:height" content="2560" />
	<meta property="og:image:type" content="image/jpeg" />
<meta name="twitter:card" content="summary_large_image" />
<meta name="twitter:label1" content="Arvioitu lukuaika" />
	<meta name="twitter:data1" content="1 minuutti" />
<script type="application/ld+json" class="yoast-schema-graph">{"@context":"https:\/\/schema.org","@graph":[{"@type":"WebPage","@id":"https:\/\/radis.ee\/fi\/hylly-tower\/","url":"https:\/\/radis.ee\/fi\/hylly-tower\/","name":"Hylly TOWER - Radis","isPartOf":{"@id":"https:\/\/radis.ee\/#website"},"primaryImageOfPage":{"@id":"https:\/\/radis.ee\/fi\/hylly-tower\/#primaryimage"},"image":{"@id":"https:\/\/radis.ee\/fi\/hylly-tower\/#primaryimage"},"thumbnailUrl":"https:\/\/radis.ee\/wp-content\/uploads\/2019\/10\/Radis_shelf_TOWER_small-scaled.jpg","datePublished":"2020-10-28T19:58:01+00:00","dateModified":"2022-01-18T09:31:51+00:00","breadcrumb":{"@id":"https:\/\/radis.ee\/fi\/hylly-tower\/#breadcrumb"},"inLanguage":"fi","potentialAction":[{"@type":"ReadAction","target":["https:\/\/radis.ee\/fi\/hylly-tower\/"]}]},{"@type":"ImageObject","inLanguage":"fi","@id":"https:\/\/radis.ee\/fi\/hylly-tower\/#primaryimage","url":"https:\/\/radis.ee\/wp-content\/uploads\/2019\/10\/Radis_shelf_TOWER_small-scaled.jpg","contentUrl":"https:\/\/radis.ee\/wp-content\/uploads\/2019\/10\/Radis_shelf_TOWER_small-scaled.jpg","width":2143,"height":2560},{"@type":"BreadcrumbList","@id":"https:\/\/radis.ee\/fi\/hylly-tower\/#breadcrumb","itemListElement":[{"@type":"ListItem","position":1,"name":"Home","item":"https:\/\/radis.ee\/"},{"@type":"ListItem","position":2,"name":"Tuotteet","item":"https:\/\/radis.ee\/fi\/tuotteet\/"},{"@type":"ListItem","position":3,"name":"Hylly TOWER"}]},{"@type":"WebSite","@id":"https:\/\/radis.ee\/#website","url":"https:\/\/radis.ee\/","name":"Radis","description":"Nordic design furniture, environmentally friendly and sustainable.","publisher":{"@id":"https:\/\/radis.ee\/#organization"},"potentialAction":[{"@type":"SearchAction","target":{"@type":"EntryPoint","urlTemplate":"https:\/\/radis.ee\/?s={search_term_string}"},"query-input":{"@type":"PropertyValueSpecification","valueRequired":true,"valueName":"search_term_string"}}],"inLanguage":"fi"},{"@type":"Organization","@id":"https:\/\/radis.ee\/#organization","name":"Radis OÜ","url":"https:\/\/radis.ee\/","logo":{"@type":"ImageObject","inLanguage":"fi","@id":"https:\/\/radis.ee\/#\/schema\/logo\/image\/","url":"https:\/\/radis.ee\/wp-content\/uploads\/2020\/10\/Radis-logo.png","contentUrl":"https:\/\/radis.ee\/wp-content\/uploads\/2020\/10\/Radis-logo.png","width":300,"height":63,"caption":"Radis OÜ"},"image":{"@id":"https:\/\/radis.ee\/#\/schema\/logo\/image\/"},"sameAs":["https:\/\/www.facebook.com\/radisfurniture\/"]}]}</script>
<!-- / Yoast SEO plugin. -->

Tower hylly on rohkea tilaa säästävä jokaiselle, joka arvostaa tilavia ja ilmavia sisätiloja. Voit rakentaa hyllyn leveydeksi lisäämällä hyllyjä ja kaappeja, varastoimalla kaiken joko avoimille hyllyille tai kaapin ovien taakse. Tämä jättää enemmän tilaa näyttävälle sohvalle tai pöydälle. Tornihylly on avainosa moderniin sisustukseen. Tower-hyllyssä on tammeviilutettu ovi sekä valkoinen filmi vaneri. Pehmeästi sulkeutuvat ovensaranat. Hyllyjen...

Radis OÜ
