{"id":26347,"date":"2024-04-01T17:59:20","date_gmt":"2024-04-01T14:59:23","guid":{"rendered":"https:\/\/radis.ee\/?post_type=product&#038;p=26347"},"modified":"2024-04-01T20:06:29","modified_gmt":"2024-04-01T17:06:29","slug":"meuble-tv-mural-floaty","status":"publish","type":"product","link":"https:\/\/radis.ee\/fr\/meuble-tv-mural-floaty\/","title":{"rendered":"Meuble TV mural FLOATY"},"content":{"rendered":"<p>Comme dans le meilleur des r\u00eaves, la table TV FLOATY est en l&rsquo;air. Il n&rsquo;a pas de pieds et peut \u00eatre install\u00e9 directement au mur.<\/p>\n<p>Sa profondeur et sa hauteur modestes lui permettent de ne pas prendre beaucoup de place dans le salon, mais il remplit tr\u00e8s bien sa fonction. Le meuble TV comporte plusieurs trous d&rsquo;un diam\u00e8tre de 4 cm pour un montage facile des c\u00e2bles &#8211; aussi bien au plafond et en bas que sur les parois int\u00e9rieures. Deux portes coulissantes avec nervures, dans l&rsquo;espace derri\u00e8re lesquelles vous pouvez ranger, par exemple, une t\u00e9l\u00e9commande TV ou d&rsquo;autres objets plus petits.<\/p>\n<p>Suspendre la t\u00e9l\u00e9vision au mur FLOATY est disponible en trois largeurs diff\u00e9rentes (120-150-180 cm), il est donc facile de trouver la taille la plus adapt\u00e9e \u00e0 votre pi\u00e8ce. Vous pouvez choisir parmi diff\u00e9rentes finitions pour FLOATY \u2013 contreplaqu\u00e9 plaqu\u00e9 ch\u00eane ou avec rev\u00eatement HPL, ainsi que contreplaqu\u00e9 de bouleau Pebble Grey et Light Oak cir\u00e9 \u00e0 l&rsquo;huile.<\/p>\n<p>La profondeur du meuble TV est de 24 cm, la hauteur int\u00e9rieure du meuble est de 16 cm.<\/p>\n","protected":false},"excerpt":{"rendered":"<p>Comme dans le meilleur des r\u00eaves, la table TV FLOATY est en l&rsquo;air. Il n&rsquo;a pas de pieds et peut \u00eatre install\u00e9 directement au mur. Sa profondeur et sa hauteur modestes lui permettent de ne pas prendre beaucoup de place dans le salon, mais il remplit tr\u00e8s bien sa fonction. Le meuble TV comporte plusieurs&#8230;<\/p>\n","protected":false},"featured_media":26675,"comment_status":"open","ping_status":"closed","template":"","meta":{"_acf_changed":false},"product_brand":[],"product_cat":[112],"product_tag":[],"class_list":{"0":"post-26347","1":"product","2":"type-product","3":"status-publish","4":"has-post-thumbnail","6":"product_cat-tv-alused","8":"first","9":"instock","10":"sale","11":"taxable","12":"shipping-taxable","13":"purchasable","14":"product-type-variable","15":"has-default-attributes"},"acf":[],"yoast_head":"<!-- This site is optimized with the Yoast SEO plugin v27.4 - https:\/\/yoast.com\/product\/yoast-seo-wordpress\/ -->\n<title>Meuble TV mural FLOATY - Radis<\/title>\n<meta name=\"robots\" content=\"index, follow, max-snippet:-1, max-image-preview:large, max-video-preview:-1\" \/>\n<link rel=\"canonical\" href=\"https:\/\/radis.ee\/seinapealne-tv-alus-floaty\/\" \/>\n<meta property=\"og:locale\" content=\"fr_FR\" \/>\n<meta property=\"og:type\" content=\"article\" \/>\n<meta property=\"og:title\" content=\"Meuble TV mural FLOATY - Radis\" \/>\n<meta property=\"og:description\" content=\"Comme dans le meilleur des r\u00eaves, la table TV FLOATY est en l&rsquo;air. Il n&rsquo;a pas de pieds et peut \u00eatre install\u00e9 directement au mur. Sa profondeur et sa hauteur modestes lui permettent de ne pas prendre beaucoup de place dans le salon, mais il remplit tr\u00e8s bien sa fonction. Le meuble TV comporte plusieurs...\" \/>\n<meta property=\"og:url\" content=\"https:\/\/radis.ee\/seinapealne-tv-alus-floaty\/\" \/>\n<meta property=\"og:site_name\" content=\"Radis\" \/>\n<meta property=\"article:publisher\" content=\"https:\/\/www.facebook.com\/radisfurniture\/\" \/>\n<meta property=\"article:modified_time\" content=\"2024-04-01T17:06:29+00:00\" \/>\n<meta property=\"og:image\" content=\"https:\/\/radis.ee\/wp-content\/uploads\/2024\/04\/RADIS_wall_mounted_TV_stand_FLOATY_white_background_2.jpg\" \/>\n\t<meta property=\"og:image:width\" content=\"1060\" \/>\n\t<meta property=\"og:image:height\" content=\"1263\" \/>\n\t<meta property=\"og:image:type\" content=\"image\/jpeg\" \/>\n<meta name=\"twitter:card\" content=\"summary_large_image\" \/>\n<meta name=\"twitter:label1\" content=\"Dur\u00e9e de lecture estim\u00e9e\" \/>\n\t<meta name=\"twitter:data1\" content=\"1 minute\" \/>\n<script type=\"application\/ld+json\" class=\"yoast-schema-graph\">{\"@context\":\"https:\\\/\\\/schema.org\",\"@graph\":[{\"@type\":\"WebPage\",\"@id\":\"https:\\\/\\\/radis.ee\\\/seinapealne-tv-alus-floaty\\\/\",\"url\":\"https:\\\/\\\/radis.ee\\\/seinapealne-tv-alus-floaty\\\/\",\"name\":\"Meuble TV mural FLOATY - Radis\",\"isPartOf\":{\"@id\":\"https:\\\/\\\/radis.ee\\\/#website\"},\"primaryImageOfPage\":{\"@id\":\"https:\\\/\\\/radis.ee\\\/seinapealne-tv-alus-floaty\\\/#primaryimage\"},\"image\":{\"@id\":\"https:\\\/\\\/radis.ee\\\/seinapealne-tv-alus-floaty\\\/#primaryimage\"},\"thumbnailUrl\":\"https:\\\/\\\/radis.ee\\\/wp-content\\\/uploads\\\/2024\\\/04\\\/RADIS_wall_mounted_TV_stand_FLOATY_white_background_2.jpg\",\"datePublished\":\"2024-04-01T14:59:23+00:00\",\"dateModified\":\"2024-04-01T17:06:29+00:00\",\"breadcrumb\":{\"@id\":\"https:\\\/\\\/radis.ee\\\/seinapealne-tv-alus-floaty\\\/#breadcrumb\"},\"inLanguage\":\"fr-FR\",\"potentialAction\":[{\"@type\":\"ReadAction\",\"target\":[\"https:\\\/\\\/radis.ee\\\/seinapealne-tv-alus-floaty\\\/\"]}]},{\"@type\":\"ImageObject\",\"inLanguage\":\"fr-FR\",\"@id\":\"https:\\\/\\\/radis.ee\\\/seinapealne-tv-alus-floaty\\\/#primaryimage\",\"url\":\"https:\\\/\\\/radis.ee\\\/wp-content\\\/uploads\\\/2024\\\/04\\\/RADIS_wall_mounted_TV_stand_FLOATY_white_background_2.jpg\",\"contentUrl\":\"https:\\\/\\\/radis.ee\\\/wp-content\\\/uploads\\\/2024\\\/04\\\/RADIS_wall_mounted_TV_stand_FLOATY_white_background_2.jpg\",\"width\":1060,\"height\":1263,\"caption\":\"RADIS TV-stand FLOATY Oak veneered plywood\"},{\"@type\":\"BreadcrumbList\",\"@id\":\"https:\\\/\\\/radis.ee\\\/seinapealne-tv-alus-floaty\\\/#breadcrumb\",\"itemListElement\":[{\"@type\":\"ListItem\",\"position\":1,\"name\":\"Home\",\"item\":\"https:\\\/\\\/radis.ee\\\/\"},{\"@type\":\"ListItem\",\"position\":2,\"name\":\"Magasin\",\"item\":\"https:\\\/\\\/radis.ee\\\/fr\\\/magasin\\\/\"},{\"@type\":\"ListItem\",\"position\":3,\"name\":\"Meuble TV mural FLOATY\"}]},{\"@type\":\"WebSite\",\"@id\":\"https:\\\/\\\/radis.ee\\\/#website\",\"url\":\"https:\\\/\\\/radis.ee\\\/\",\"name\":\"Radis\",\"description\":\"Nordic design furniture, environmentally friendly and sustainable.\",\"publisher\":{\"@id\":\"https:\\\/\\\/radis.ee\\\/#organization\"},\"potentialAction\":[{\"@type\":\"SearchAction\",\"target\":{\"@type\":\"EntryPoint\",\"urlTemplate\":\"https:\\\/\\\/radis.ee\\\/?s={search_term_string}\"},\"query-input\":{\"@type\":\"PropertyValueSpecification\",\"valueRequired\":true,\"valueName\":\"search_term_string\"}}],\"inLanguage\":\"fr-FR\"},{\"@type\":\"Organization\",\"@id\":\"https:\\\/\\\/radis.ee\\\/#organization\",\"name\":\"Radis O\u00dc\",\"url\":\"https:\\\/\\\/radis.ee\\\/\",\"logo\":{\"@type\":\"ImageObject\",\"inLanguage\":\"fr-FR\",\"@id\":\"https:\\\/\\\/radis.ee\\\/#\\\/schema\\\/logo\\\/image\\\/\",\"url\":\"https:\\\/\\\/radis.ee\\\/wp-content\\\/uploads\\\/2020\\\/10\\\/Radis-logo.png\",\"contentUrl\":\"https:\\\/\\\/radis.ee\\\/wp-content\\\/uploads\\\/2020\\\/10\\\/Radis-logo.png\",\"width\":300,\"height\":63,\"caption\":\"Radis O\u00dc\"},\"image\":{\"@id\":\"https:\\\/\\\/radis.ee\\\/#\\\/schema\\\/logo\\\/image\\\/\"},\"sameAs\":[\"https:\\\/\\\/www.facebook.com\\\/radisfurniture\\\/\"]}]}<\/script>\n<!-- \/ Yoast SEO plugin. -->","yoast_head_json":{"title":"Meuble TV mural FLOATY - Radis","robots":{"index":"index","follow":"follow","max-snippet":"max-snippet:-1","max-image-preview":"max-image-preview:large","max-video-preview":"max-video-preview:-1"},"canonical":"https:\/\/radis.ee\/seinapealne-tv-alus-floaty\/","og_locale":"fr_FR","og_type":"article","og_title":"Meuble TV mural FLOATY - Radis","og_description":"Comme dans le meilleur des r\u00eaves, la table TV FLOATY est en l&rsquo;air. Il n&rsquo;a pas de pieds et peut \u00eatre install\u00e9 directement au mur. Sa profondeur et sa hauteur modestes lui permettent de ne pas prendre beaucoup de place dans le salon, mais il remplit tr\u00e8s bien sa fonction. Le meuble TV comporte plusieurs...","og_url":"https:\/\/radis.ee\/seinapealne-tv-alus-floaty\/","og_site_name":"Radis","article_publisher":"https:\/\/www.facebook.com\/radisfurniture\/","article_modified_time":"2024-04-01T17:06:29+00:00","og_image":[{"width":1060,"height":1263,"url":"https:\/\/radis.ee\/wp-content\/uploads\/2024\/04\/RADIS_wall_mounted_TV_stand_FLOATY_white_background_2.jpg","type":"image\/jpeg"}],"twitter_card":"summary_large_image","twitter_misc":{"Dur\u00e9e de lecture estim\u00e9e":"1 minute"},"schema":{"@context":"https:\/\/schema.org","@graph":[{"@type":"WebPage","@id":"https:\/\/radis.ee\/seinapealne-tv-alus-floaty\/","url":"https:\/\/radis.ee\/seinapealne-tv-alus-floaty\/","name":"Meuble TV mural FLOATY - Radis","isPartOf":{"@id":"https:\/\/radis.ee\/#website"},"primaryImageOfPage":{"@id":"https:\/\/radis.ee\/seinapealne-tv-alus-floaty\/#primaryimage"},"image":{"@id":"https:\/\/radis.ee\/seinapealne-tv-alus-floaty\/#primaryimage"},"thumbnailUrl":"https:\/\/radis.ee\/wp-content\/uploads\/2024\/04\/RADIS_wall_mounted_TV_stand_FLOATY_white_background_2.jpg","datePublished":"2024-04-01T14:59:23+00:00","dateModified":"2024-04-01T17:06:29+00:00","breadcrumb":{"@id":"https:\/\/radis.ee\/seinapealne-tv-alus-floaty\/#breadcrumb"},"inLanguage":"fr-FR","potentialAction":[{"@type":"ReadAction","target":["https:\/\/radis.ee\/seinapealne-tv-alus-floaty\/"]}]},{"@type":"ImageObject","inLanguage":"fr-FR","@id":"https:\/\/radis.ee\/seinapealne-tv-alus-floaty\/#primaryimage","url":"https:\/\/radis.ee\/wp-content\/uploads\/2024\/04\/RADIS_wall_mounted_TV_stand_FLOATY_white_background_2.jpg","contentUrl":"https:\/\/radis.ee\/wp-content\/uploads\/2024\/04\/RADIS_wall_mounted_TV_stand_FLOATY_white_background_2.jpg","width":1060,"height":1263,"caption":"RADIS TV-stand FLOATY Oak veneered plywood"},{"@type":"BreadcrumbList","@id":"https:\/\/radis.ee\/seinapealne-tv-alus-floaty\/#breadcrumb","itemListElement":[{"@type":"ListItem","position":1,"name":"Home","item":"https:\/\/radis.ee\/"},{"@type":"ListItem","position":2,"name":"Magasin","item":"https:\/\/radis.ee\/fr\/magasin\/"},{"@type":"ListItem","position":3,"name":"Meuble TV mural FLOATY"}]},{"@type":"WebSite","@id":"https:\/\/radis.ee\/#website","url":"https:\/\/radis.ee\/","name":"Radis","description":"Nordic design furniture, environmentally friendly and sustainable.","publisher":{"@id":"https:\/\/radis.ee\/#organization"},"potentialAction":[{"@type":"SearchAction","target":{"@type":"EntryPoint","urlTemplate":"https:\/\/radis.ee\/?s={search_term_string}"},"query-input":{"@type":"PropertyValueSpecification","valueRequired":true,"valueName":"search_term_string"}}],"inLanguage":"fr-FR"},{"@type":"Organization","@id":"https:\/\/radis.ee\/#organization","name":"Radis O\u00dc","url":"https:\/\/radis.ee\/","logo":{"@type":"ImageObject","inLanguage":"fr-FR","@id":"https:\/\/radis.ee\/#\/schema\/logo\/image\/","url":"https:\/\/radis.ee\/wp-content\/uploads\/2020\/10\/Radis-logo.png","contentUrl":"https:\/\/radis.ee\/wp-content\/uploads\/2020\/10\/Radis-logo.png","width":300,"height":63,"caption":"Radis O\u00dc"},"image":{"@id":"https:\/\/radis.ee\/#\/schema\/logo\/image\/"},"sameAs":["https:\/\/www.facebook.com\/radisfurniture\/"]}]}},"_links":{"self":[{"href":"https:\/\/radis.ee\/fr\/wp-json\/wp\/v2\/product\/26347","targetHints":{"allow":["GET"]}}],"collection":[{"href":"https:\/\/radis.ee\/fr\/wp-json\/wp\/v2\/product"}],"about":[{"href":"https:\/\/radis.ee\/fr\/wp-json\/wp\/v2\/types\/product"}],"replies":[{"embeddable":true,"href":"https:\/\/radis.ee\/fr\/wp-json\/wp\/v2\/comments?post=26347"}],"wp:featuredmedia":[{"embeddable":true,"href":"https:\/\/radis.ee\/fr\/wp-json\/wp\/v2\/media\/26675"}],"wp:attachment":[{"href":"https:\/\/radis.ee\/fr\/wp-json\/wp\/v2\/media?parent=26347"}],"wp:term":[{"taxonomy":"product_brand","embeddable":true,"href":"https:\/\/radis.ee\/fr\/wp-json\/wp\/v2\/product_brand?post=26347"},{"taxonomy":"product_cat","embeddable":true,"href":"https:\/\/radis.ee\/fr\/wp-json\/wp\/v2\/product_cat?post=26347"},{"taxonomy":"product_tag","embeddable":true,"href":"https:\/\/radis.ee\/fr\/wp-json\/wp\/v2\/product_tag?post=26347"}],"curies":[{"name":"wp","href":"https:\/\/api.w.org\/{rel}","templated":true}]}}

<p>Comme dans le meilleur des rêves, la table TV FLOATY est en l&rsquo;air. Il n&rsquo;a pas de pieds et peut être installé directement au mur.</p>
<p>Sa profondeur et sa hauteur modestes lui permettent de ne pas prendre beaucoup de place dans le salon, mais il remplit très bien sa fonction. Le meuble TV comporte plusieurs trous d&rsquo;un diamètre de 4 cm pour un montage facile des câbles &#8211; aussi bien au plafond et en bas que sur les parois intérieures. Deux portes coulissantes avec nervures, dans l&rsquo;espace derrière lesquelles vous pouvez ranger, par exemple, une télécommande TV ou d&rsquo;autres objets plus petits.</p>
<p>Suspendre la télévision au mur FLOATY est disponible en trois largeurs différentes (120-150-180 cm), il est donc facile de trouver la taille la plus adaptée à votre pièce. Vous pouvez choisir parmi différentes finitions pour FLOATY – contreplaqué plaqué chêne ou avec revêtement HPL, ainsi que contreplaqué de bouleau Pebble Grey et Light Oak ciré à l&rsquo;huile.</p>
<p>La profondeur du meuble TV est de 24 cm, la hauteur intérieure du meuble est de 16 cm.</p>

<p>Comme dans le meilleur des rêves, la table TV FLOATY est en l&rsquo;air. Il n&rsquo;a pas de pieds et peut être installé directement au mur. Sa profondeur et sa hauteur modestes lui permettent de ne pas prendre beaucoup de place dans le salon, mais il remplit très bien sa fonction. Le meuble TV comporte plusieurs&#8230;</p>

<!-- This site is optimized with the Yoast SEO plugin v27.4 - https://yoast.com/product/yoast-seo-wordpress/ -->
<title>Meuble TV mural FLOATY - Radis</title>
<meta name="robots" content="index, follow, max-snippet:-1, max-image-preview:large, max-video-preview:-1" />
<link rel="canonical" href="https://radis.ee/seinapealne-tv-alus-floaty/" />
<meta property="og:locale" content="fr_FR" />
<meta property="og:type" content="article" />
<meta property="og:title" content="Meuble TV mural FLOATY - Radis" />
<meta property="og:description" content="Comme dans le meilleur des rêves, la table TV FLOATY est en l&rsquo;air. Il n&rsquo;a pas de pieds et peut être installé directement au mur. Sa profondeur et sa hauteur modestes lui permettent de ne pas prendre beaucoup de place dans le salon, mais il remplit très bien sa fonction. Le meuble TV comporte plusieurs..." />
<meta property="og:url" content="https://radis.ee/seinapealne-tv-alus-floaty/" />
<meta property="og:site_name" content="Radis" />
<meta property="article:publisher" content="https://www.facebook.com/radisfurniture/" />
<meta property="article:modified_time" content="2024-04-01T17:06:29+00:00" />
<meta property="og:image" content="https://radis.ee/wp-content/uploads/2024/04/RADIS_wall_mounted_TV_stand_FLOATY_white_background_2.jpg" />
	<meta property="og:image:width" content="1060" />
	<meta property="og:image:height" content="1263" />
	<meta property="og:image:type" content="image/jpeg" />
<meta name="twitter:card" content="summary_large_image" />
<meta name="twitter:label1" content="Durée de lecture estimée" />
	<meta name="twitter:data1" content="1 minute" />
<script type="application/ld+json" class="yoast-schema-graph">{"@context":"https:\/\/schema.org","@graph":[{"@type":"WebPage","@id":"https:\/\/radis.ee\/seinapealne-tv-alus-floaty\/","url":"https:\/\/radis.ee\/seinapealne-tv-alus-floaty\/","name":"Meuble TV mural FLOATY - Radis","isPartOf":{"@id":"https:\/\/radis.ee\/#website"},"primaryImageOfPage":{"@id":"https:\/\/radis.ee\/seinapealne-tv-alus-floaty\/#primaryimage"},"image":{"@id":"https:\/\/radis.ee\/seinapealne-tv-alus-floaty\/#primaryimage"},"thumbnailUrl":"https:\/\/radis.ee\/wp-content\/uploads\/2024\/04\/RADIS_wall_mounted_TV_stand_FLOATY_white_background_2.jpg","datePublished":"2024-04-01T14:59:23+00:00","dateModified":"2024-04-01T17:06:29+00:00","breadcrumb":{"@id":"https:\/\/radis.ee\/seinapealne-tv-alus-floaty\/#breadcrumb"},"inLanguage":"fr-FR","potentialAction":[{"@type":"ReadAction","target":["https:\/\/radis.ee\/seinapealne-tv-alus-floaty\/"]}]},{"@type":"ImageObject","inLanguage":"fr-FR","@id":"https:\/\/radis.ee\/seinapealne-tv-alus-floaty\/#primaryimage","url":"https:\/\/radis.ee\/wp-content\/uploads\/2024\/04\/RADIS_wall_mounted_TV_stand_FLOATY_white_background_2.jpg","contentUrl":"https:\/\/radis.ee\/wp-content\/uploads\/2024\/04\/RADIS_wall_mounted_TV_stand_FLOATY_white_background_2.jpg","width":1060,"height":1263,"caption":"RADIS TV-stand FLOATY Oak veneered plywood"},{"@type":"BreadcrumbList","@id":"https:\/\/radis.ee\/seinapealne-tv-alus-floaty\/#breadcrumb","itemListElement":[{"@type":"ListItem","position":1,"name":"Home","item":"https:\/\/radis.ee\/"},{"@type":"ListItem","position":2,"name":"Magasin","item":"https:\/\/radis.ee\/fr\/magasin\/"},{"@type":"ListItem","position":3,"name":"Meuble TV mural FLOATY"}]},{"@type":"WebSite","@id":"https:\/\/radis.ee\/#website","url":"https:\/\/radis.ee\/","name":"Radis","description":"Nordic design furniture, environmentally friendly and sustainable.","publisher":{"@id":"https:\/\/radis.ee\/#organization"},"potentialAction":[{"@type":"SearchAction","target":{"@type":"EntryPoint","urlTemplate":"https:\/\/radis.ee\/?s={search_term_string}"},"query-input":{"@type":"PropertyValueSpecification","valueRequired":true,"valueName":"search_term_string"}}],"inLanguage":"fr-FR"},{"@type":"Organization","@id":"https:\/\/radis.ee\/#organization","name":"Radis OÜ","url":"https:\/\/radis.ee\/","logo":{"@type":"ImageObject","inLanguage":"fr-FR","@id":"https:\/\/radis.ee\/#\/schema\/logo\/image\/","url":"https:\/\/radis.ee\/wp-content\/uploads\/2020\/10\/Radis-logo.png","contentUrl":"https:\/\/radis.ee\/wp-content\/uploads\/2020\/10\/Radis-logo.png","width":300,"height":63,"caption":"Radis OÜ"},"image":{"@id":"https:\/\/radis.ee\/#\/schema\/logo\/image\/"},"sameAs":["https:\/\/www.facebook.com\/radisfurniture\/"]}]}</script>
<!-- / Yoast SEO plugin. -->

Comme dans le meilleur des rêves, la table TV FLOATY est en l&rsquo;air. Il n&rsquo;a pas de pieds et peut être installé directement au mur. Sa profondeur et sa hauteur modestes lui permettent de ne pas prendre beaucoup de place dans le salon, mais il remplit très bien sa fonction. Le meuble TV comporte plusieurs...

Radis OÜ
