{"id":8113,"date":"2022-10-17T21:56:00","date_gmt":"2022-10-17T18:56:00","guid":{"rendered":"https:\/\/radis.ee\/commode-boxy\/"},"modified":"2025-11-20T23:48:03","modified_gmt":"2025-11-20T21:48:03","slug":"bureau-vista","status":"publish","type":"product","link":"https:\/\/radis.ee\/fr\/bureau-vista\/","title":{"rendered":"Bureau VISTA"},"content":{"rendered":"<p>Desk Vista dispose d&rsquo;un tiroir spacieux pour tous vos documents et d&rsquo;un grand plateau o\u00f9 il fait bon poser un pot \u00e0 crayons, une bougie parfum\u00e9e ou un petit haut-parleur pour vous garder dans une bonne humeur de travail. Vous pouvez diriger les c\u00e2bles de l&rsquo;ordinateur, de la lampe et d&rsquo;autres appareils sous le rabat de table con\u00e7u, o\u00f9 vous pouvez \u00e9galement cacher les chargeurs et les rallonges. La forme \u00e9pur\u00e9e et l&rsquo;adaptabilit\u00e9 du bureau en font le roi de tous les bureaux \u00e0 domicile.<\/p>\n<p>Le bureau Vista poss\u00e8de des pieds coniques en m\u00e9tal noir ou des pieds fins en bois de bouleau, qui peuvent \u00eatre noirs ou en ch\u00eane clair, selon vos pr\u00e9f\u00e9rences.<\/p>\n<p>Plateau de table en stratifi\u00e9 haute pression (HPL) extra fort satin\u00e9 mat sur contreplaqu\u00e9 (blanc RAL 9003) ou contreplaqu\u00e9 plaqu\u00e9 ch\u00eane. La largeur interne du tiroir de table spacieux est de 60 cm, profondeur 40 cm, hauteur 8 cm. Le tiroir a des rails de fermeture silencieux. Le bo\u00eetier de c\u00e2blage cach\u00e9 mesure 66 cm de large, 12 cm de profondeur et 10 cm de haut.<\/p>\n","protected":false},"excerpt":{"rendered":"<p>Desk Vista dispose d&rsquo;un tiroir spacieux pour tous vos documents et d&rsquo;un grand plateau o\u00f9 il fait bon poser un pot \u00e0 crayons, une bougie parfum\u00e9e ou un petit haut-parleur pour vous garder dans une bonne humeur de travail. Vous pouvez diriger les c\u00e2bles de l&rsquo;ordinateur, de la lampe et d&rsquo;autres appareils sous le rabat&#8230;<\/p>\n","protected":false},"featured_media":30575,"comment_status":"open","ping_status":"closed","template":"","meta":{"_acf_changed":false},"product_brand":[],"product_cat":[111],"product_tag":[],"class_list":{"0":"post-8113","1":"product","2":"type-product","3":"status-publish","4":"has-post-thumbnail","6":"product_cat-lauad","8":"first","9":"instock","10":"taxable","11":"shipping-taxable","12":"purchasable","13":"product-type-variable","14":"has-default-attributes"},"acf":[],"yoast_head":"<!-- This site is optimized with the Yoast SEO plugin v27.4 - https:\/\/yoast.com\/product\/yoast-seo-wordpress\/ -->\n<title>Bureau VISTA - Radis<\/title>\n<meta name=\"robots\" content=\"index, follow, max-snippet:-1, max-image-preview:large, max-video-preview:-1\" \/>\n<link rel=\"canonical\" href=\"https:\/\/radis.ee\/fr\/bureau-vista\/\" \/>\n<meta property=\"og:locale\" content=\"fr_FR\" \/>\n<meta property=\"og:type\" content=\"article\" \/>\n<meta property=\"og:title\" content=\"Bureau VISTA - Radis\" \/>\n<meta property=\"og:description\" content=\"Desk Vista dispose d&rsquo;un tiroir spacieux pour tous vos documents et d&rsquo;un grand plateau o\u00f9 il fait bon poser un pot \u00e0 crayons, une bougie parfum\u00e9e ou un petit haut-parleur pour vous garder dans une bonne humeur de travail. Vous pouvez diriger les c\u00e2bles de l&rsquo;ordinateur, de la lampe et d&rsquo;autres appareils sous le rabat...\" \/>\n<meta property=\"og:url\" content=\"https:\/\/radis.ee\/fr\/bureau-vista\/\" \/>\n<meta property=\"og:site_name\" content=\"Radis\" \/>\n<meta property=\"article:publisher\" content=\"https:\/\/www.facebook.com\/radisfurniture\/\" \/>\n<meta property=\"article:modified_time\" content=\"2025-11-20T21:48:03+00:00\" \/>\n<meta property=\"og:image\" content=\"https:\/\/radis.ee\/wp-content\/uploads\/2020\/09\/RADSI_desk_VISTA_oak_veneered_white_background.jpg\" \/>\n\t<meta property=\"og:image:width\" content=\"1200\" \/>\n\t<meta property=\"og:image:height\" content=\"1429\" \/>\n\t<meta property=\"og:image:type\" content=\"image\/jpeg\" \/>\n<meta name=\"twitter:card\" content=\"summary_large_image\" \/>\n<meta name=\"twitter:label1\" content=\"Dur\u00e9e de lecture estim\u00e9e\" \/>\n\t<meta name=\"twitter:data1\" content=\"1 minute\" \/>\n<script type=\"application\/ld+json\" class=\"yoast-schema-graph\">{\"@context\":\"https:\\\/\\\/schema.org\",\"@graph\":[{\"@type\":\"WebPage\",\"@id\":\"https:\\\/\\\/radis.ee\\\/fr\\\/bureau-vista\\\/\",\"url\":\"https:\\\/\\\/radis.ee\\\/fr\\\/bureau-vista\\\/\",\"name\":\"Bureau VISTA - Radis\",\"isPartOf\":{\"@id\":\"https:\\\/\\\/radis.ee\\\/#website\"},\"primaryImageOfPage\":{\"@id\":\"https:\\\/\\\/radis.ee\\\/fr\\\/bureau-vista\\\/#primaryimage\"},\"image\":{\"@id\":\"https:\\\/\\\/radis.ee\\\/fr\\\/bureau-vista\\\/#primaryimage\"},\"thumbnailUrl\":\"https:\\\/\\\/radis.ee\\\/wp-content\\\/uploads\\\/2022\\\/10\\\/Radis_Furniture_desk_VISTA_Oak_veneered_plywood_black_conical_metal_legs_white_background-1.webp\",\"datePublished\":\"2022-10-17T18:56:00+00:00\",\"dateModified\":\"2025-11-20T21:48:03+00:00\",\"breadcrumb\":{\"@id\":\"https:\\\/\\\/radis.ee\\\/fr\\\/bureau-vista\\\/#breadcrumb\"},\"inLanguage\":\"fr-FR\",\"potentialAction\":[{\"@type\":\"ReadAction\",\"target\":[\"https:\\\/\\\/radis.ee\\\/fr\\\/bureau-vista\\\/\"]}]},{\"@type\":\"ImageObject\",\"inLanguage\":\"fr-FR\",\"@id\":\"https:\\\/\\\/radis.ee\\\/fr\\\/bureau-vista\\\/#primaryimage\",\"url\":\"https:\\\/\\\/radis.ee\\\/wp-content\\\/uploads\\\/2022\\\/10\\\/Radis_Furniture_desk_VISTA_Oak_veneered_plywood_black_conical_metal_legs_white_background-1.webp\",\"contentUrl\":\"https:\\\/\\\/radis.ee\\\/wp-content\\\/uploads\\\/2022\\\/10\\\/Radis_Furniture_desk_VISTA_Oak_veneered_plywood_black_conical_metal_legs_white_background-1.webp\",\"width\":738,\"height\":793,\"caption\":\"Radis Furniture desk VISTA Oak veneered plywood black conical metal legs\"},{\"@type\":\"BreadcrumbList\",\"@id\":\"https:\\\/\\\/radis.ee\\\/fr\\\/bureau-vista\\\/#breadcrumb\",\"itemListElement\":[{\"@type\":\"ListItem\",\"position\":1,\"name\":\"Home\",\"item\":\"https:\\\/\\\/radis.ee\\\/\"},{\"@type\":\"ListItem\",\"position\":2,\"name\":\"Magasin\",\"item\":\"https:\\\/\\\/radis.ee\\\/fr\\\/magasin\\\/\"},{\"@type\":\"ListItem\",\"position\":3,\"name\":\"Bureau VISTA\"}]},{\"@type\":\"WebSite\",\"@id\":\"https:\\\/\\\/radis.ee\\\/#website\",\"url\":\"https:\\\/\\\/radis.ee\\\/\",\"name\":\"Radis\",\"description\":\"Nordic design furniture, environmentally friendly and sustainable.\",\"publisher\":{\"@id\":\"https:\\\/\\\/radis.ee\\\/#organization\"},\"potentialAction\":[{\"@type\":\"SearchAction\",\"target\":{\"@type\":\"EntryPoint\",\"urlTemplate\":\"https:\\\/\\\/radis.ee\\\/?s={search_term_string}\"},\"query-input\":{\"@type\":\"PropertyValueSpecification\",\"valueRequired\":true,\"valueName\":\"search_term_string\"}}],\"inLanguage\":\"fr-FR\"},{\"@type\":\"Organization\",\"@id\":\"https:\\\/\\\/radis.ee\\\/#organization\",\"name\":\"Radis O\u00dc\",\"url\":\"https:\\\/\\\/radis.ee\\\/\",\"logo\":{\"@type\":\"ImageObject\",\"inLanguage\":\"fr-FR\",\"@id\":\"https:\\\/\\\/radis.ee\\\/#\\\/schema\\\/logo\\\/image\\\/\",\"url\":\"https:\\\/\\\/radis.ee\\\/wp-content\\\/uploads\\\/2020\\\/10\\\/Radis-logo.png\",\"contentUrl\":\"https:\\\/\\\/radis.ee\\\/wp-content\\\/uploads\\\/2020\\\/10\\\/Radis-logo.png\",\"width\":300,\"height\":63,\"caption\":\"Radis O\u00dc\"},\"image\":{\"@id\":\"https:\\\/\\\/radis.ee\\\/#\\\/schema\\\/logo\\\/image\\\/\"},\"sameAs\":[\"https:\\\/\\\/www.facebook.com\\\/radisfurniture\\\/\"]}]}<\/script>\n<!-- \/ Yoast SEO plugin. -->","yoast_head_json":{"title":"Bureau VISTA - Radis","robots":{"index":"index","follow":"follow","max-snippet":"max-snippet:-1","max-image-preview":"max-image-preview:large","max-video-preview":"max-video-preview:-1"},"canonical":"https:\/\/radis.ee\/fr\/bureau-vista\/","og_locale":"fr_FR","og_type":"article","og_title":"Bureau VISTA - Radis","og_description":"Desk Vista dispose d&rsquo;un tiroir spacieux pour tous vos documents et d&rsquo;un grand plateau o\u00f9 il fait bon poser un pot \u00e0 crayons, une bougie parfum\u00e9e ou un petit haut-parleur pour vous garder dans une bonne humeur de travail. Vous pouvez diriger les c\u00e2bles de l&rsquo;ordinateur, de la lampe et d&rsquo;autres appareils sous le rabat...","og_url":"https:\/\/radis.ee\/fr\/bureau-vista\/","og_site_name":"Radis","article_publisher":"https:\/\/www.facebook.com\/radisfurniture\/","article_modified_time":"2025-11-20T21:48:03+00:00","og_image":[{"width":1200,"height":1429,"url":"https:\/\/radis.ee\/wp-content\/uploads\/2020\/09\/RADSI_desk_VISTA_oak_veneered_white_background.jpg","type":"image\/jpeg"}],"twitter_card":"summary_large_image","twitter_misc":{"Dur\u00e9e de lecture estim\u00e9e":"1 minute"},"schema":{"@context":"https:\/\/schema.org","@graph":[{"@type":"WebPage","@id":"https:\/\/radis.ee\/fr\/bureau-vista\/","url":"https:\/\/radis.ee\/fr\/bureau-vista\/","name":"Bureau VISTA - Radis","isPartOf":{"@id":"https:\/\/radis.ee\/#website"},"primaryImageOfPage":{"@id":"https:\/\/radis.ee\/fr\/bureau-vista\/#primaryimage"},"image":{"@id":"https:\/\/radis.ee\/fr\/bureau-vista\/#primaryimage"},"thumbnailUrl":"https:\/\/radis.ee\/wp-content\/uploads\/2022\/10\/Radis_Furniture_desk_VISTA_Oak_veneered_plywood_black_conical_metal_legs_white_background-1.webp","datePublished":"2022-10-17T18:56:00+00:00","dateModified":"2025-11-20T21:48:03+00:00","breadcrumb":{"@id":"https:\/\/radis.ee\/fr\/bureau-vista\/#breadcrumb"},"inLanguage":"fr-FR","potentialAction":[{"@type":"ReadAction","target":["https:\/\/radis.ee\/fr\/bureau-vista\/"]}]},{"@type":"ImageObject","inLanguage":"fr-FR","@id":"https:\/\/radis.ee\/fr\/bureau-vista\/#primaryimage","url":"https:\/\/radis.ee\/wp-content\/uploads\/2022\/10\/Radis_Furniture_desk_VISTA_Oak_veneered_plywood_black_conical_metal_legs_white_background-1.webp","contentUrl":"https:\/\/radis.ee\/wp-content\/uploads\/2022\/10\/Radis_Furniture_desk_VISTA_Oak_veneered_plywood_black_conical_metal_legs_white_background-1.webp","width":738,"height":793,"caption":"Radis Furniture desk VISTA Oak veneered plywood black conical metal legs"},{"@type":"BreadcrumbList","@id":"https:\/\/radis.ee\/fr\/bureau-vista\/#breadcrumb","itemListElement":[{"@type":"ListItem","position":1,"name":"Home","item":"https:\/\/radis.ee\/"},{"@type":"ListItem","position":2,"name":"Magasin","item":"https:\/\/radis.ee\/fr\/magasin\/"},{"@type":"ListItem","position":3,"name":"Bureau VISTA"}]},{"@type":"WebSite","@id":"https:\/\/radis.ee\/#website","url":"https:\/\/radis.ee\/","name":"Radis","description":"Nordic design furniture, environmentally friendly and sustainable.","publisher":{"@id":"https:\/\/radis.ee\/#organization"},"potentialAction":[{"@type":"SearchAction","target":{"@type":"EntryPoint","urlTemplate":"https:\/\/radis.ee\/?s={search_term_string}"},"query-input":{"@type":"PropertyValueSpecification","valueRequired":true,"valueName":"search_term_string"}}],"inLanguage":"fr-FR"},{"@type":"Organization","@id":"https:\/\/radis.ee\/#organization","name":"Radis O\u00dc","url":"https:\/\/radis.ee\/","logo":{"@type":"ImageObject","inLanguage":"fr-FR","@id":"https:\/\/radis.ee\/#\/schema\/logo\/image\/","url":"https:\/\/radis.ee\/wp-content\/uploads\/2020\/10\/Radis-logo.png","contentUrl":"https:\/\/radis.ee\/wp-content\/uploads\/2020\/10\/Radis-logo.png","width":300,"height":63,"caption":"Radis O\u00dc"},"image":{"@id":"https:\/\/radis.ee\/#\/schema\/logo\/image\/"},"sameAs":["https:\/\/www.facebook.com\/radisfurniture\/"]}]}},"_links":{"self":[{"href":"https:\/\/radis.ee\/fr\/wp-json\/wp\/v2\/product\/8113","targetHints":{"allow":["GET"]}}],"collection":[{"href":"https:\/\/radis.ee\/fr\/wp-json\/wp\/v2\/product"}],"about":[{"href":"https:\/\/radis.ee\/fr\/wp-json\/wp\/v2\/types\/product"}],"replies":[{"embeddable":true,"href":"https:\/\/radis.ee\/fr\/wp-json\/wp\/v2\/comments?post=8113"}],"wp:featuredmedia":[{"embeddable":true,"href":"https:\/\/radis.ee\/fr\/wp-json\/wp\/v2\/media\/30575"}],"wp:attachment":[{"href":"https:\/\/radis.ee\/fr\/wp-json\/wp\/v2\/media?parent=8113"}],"wp:term":[{"taxonomy":"product_brand","embeddable":true,"href":"https:\/\/radis.ee\/fr\/wp-json\/wp\/v2\/product_brand?post=8113"},{"taxonomy":"product_cat","embeddable":true,"href":"https:\/\/radis.ee\/fr\/wp-json\/wp\/v2\/product_cat?post=8113"},{"taxonomy":"product_tag","embeddable":true,"href":"https:\/\/radis.ee\/fr\/wp-json\/wp\/v2\/product_tag?post=8113"}],"curies":[{"name":"wp","href":"https:\/\/api.w.org\/{rel}","templated":true}]}}

<p>Desk Vista dispose d&rsquo;un tiroir spacieux pour tous vos documents et d&rsquo;un grand plateau où il fait bon poser un pot à crayons, une bougie parfumée ou un petit haut-parleur pour vous garder dans une bonne humeur de travail. Vous pouvez diriger les câbles de l&rsquo;ordinateur, de la lampe et d&rsquo;autres appareils sous le rabat de table conçu, où vous pouvez également cacher les chargeurs et les rallonges. La forme épurée et l&rsquo;adaptabilité du bureau en font le roi de tous les bureaux à domicile.</p>
<p>Le bureau Vista possède des pieds coniques en métal noir ou des pieds fins en bois de bouleau, qui peuvent être noirs ou en chêne clair, selon vos préférences.</p>
<p>Plateau de table en stratifié haute pression (HPL) extra fort satiné mat sur contreplaqué (blanc RAL 9003) ou contreplaqué plaqué chêne. La largeur interne du tiroir de table spacieux est de 60 cm, profondeur 40 cm, hauteur 8 cm. Le tiroir a des rails de fermeture silencieux. Le boîtier de câblage caché mesure 66 cm de large, 12 cm de profondeur et 10 cm de haut.</p>

<p>Desk Vista dispose d&rsquo;un tiroir spacieux pour tous vos documents et d&rsquo;un grand plateau où il fait bon poser un pot à crayons, une bougie parfumée ou un petit haut-parleur pour vous garder dans une bonne humeur de travail. Vous pouvez diriger les câbles de l&rsquo;ordinateur, de la lampe et d&rsquo;autres appareils sous le rabat&#8230;</p>

<!-- This site is optimized with the Yoast SEO plugin v27.4 - https://yoast.com/product/yoast-seo-wordpress/ -->
<title>Bureau VISTA - Radis</title>
<meta name="robots" content="index, follow, max-snippet:-1, max-image-preview:large, max-video-preview:-1" />
<link rel="canonical" href="https://radis.ee/fr/bureau-vista/" />
<meta property="og:locale" content="fr_FR" />
<meta property="og:type" content="article" />
<meta property="og:title" content="Bureau VISTA - Radis" />
<meta property="og:description" content="Desk Vista dispose d&rsquo;un tiroir spacieux pour tous vos documents et d&rsquo;un grand plateau où il fait bon poser un pot à crayons, une bougie parfumée ou un petit haut-parleur pour vous garder dans une bonne humeur de travail. Vous pouvez diriger les câbles de l&rsquo;ordinateur, de la lampe et d&rsquo;autres appareils sous le rabat..." />
<meta property="og:url" content="https://radis.ee/fr/bureau-vista/" />
<meta property="og:site_name" content="Radis" />
<meta property="article:publisher" content="https://www.facebook.com/radisfurniture/" />
<meta property="article:modified_time" content="2025-11-20T21:48:03+00:00" />
<meta property="og:image" content="https://radis.ee/wp-content/uploads/2020/09/RADSI_desk_VISTA_oak_veneered_white_background.jpg" />
	<meta property="og:image:width" content="1200" />
	<meta property="og:image:height" content="1429" />
	<meta property="og:image:type" content="image/jpeg" />
<meta name="twitter:card" content="summary_large_image" />
<meta name="twitter:label1" content="Durée de lecture estimée" />
	<meta name="twitter:data1" content="1 minute" />
<script type="application/ld+json" class="yoast-schema-graph">{"@context":"https:\/\/schema.org","@graph":[{"@type":"WebPage","@id":"https:\/\/radis.ee\/fr\/bureau-vista\/","url":"https:\/\/radis.ee\/fr\/bureau-vista\/","name":"Bureau VISTA - Radis","isPartOf":{"@id":"https:\/\/radis.ee\/#website"},"primaryImageOfPage":{"@id":"https:\/\/radis.ee\/fr\/bureau-vista\/#primaryimage"},"image":{"@id":"https:\/\/radis.ee\/fr\/bureau-vista\/#primaryimage"},"thumbnailUrl":"https:\/\/radis.ee\/wp-content\/uploads\/2022\/10\/Radis_Furniture_desk_VISTA_Oak_veneered_plywood_black_conical_metal_legs_white_background-1.webp","datePublished":"2022-10-17T18:56:00+00:00","dateModified":"2025-11-20T21:48:03+00:00","breadcrumb":{"@id":"https:\/\/radis.ee\/fr\/bureau-vista\/#breadcrumb"},"inLanguage":"fr-FR","potentialAction":[{"@type":"ReadAction","target":["https:\/\/radis.ee\/fr\/bureau-vista\/"]}]},{"@type":"ImageObject","inLanguage":"fr-FR","@id":"https:\/\/radis.ee\/fr\/bureau-vista\/#primaryimage","url":"https:\/\/radis.ee\/wp-content\/uploads\/2022\/10\/Radis_Furniture_desk_VISTA_Oak_veneered_plywood_black_conical_metal_legs_white_background-1.webp","contentUrl":"https:\/\/radis.ee\/wp-content\/uploads\/2022\/10\/Radis_Furniture_desk_VISTA_Oak_veneered_plywood_black_conical_metal_legs_white_background-1.webp","width":738,"height":793,"caption":"Radis Furniture desk VISTA Oak veneered plywood black conical metal legs"},{"@type":"BreadcrumbList","@id":"https:\/\/radis.ee\/fr\/bureau-vista\/#breadcrumb","itemListElement":[{"@type":"ListItem","position":1,"name":"Home","item":"https:\/\/radis.ee\/"},{"@type":"ListItem","position":2,"name":"Magasin","item":"https:\/\/radis.ee\/fr\/magasin\/"},{"@type":"ListItem","position":3,"name":"Bureau VISTA"}]},{"@type":"WebSite","@id":"https:\/\/radis.ee\/#website","url":"https:\/\/radis.ee\/","name":"Radis","description":"Nordic design furniture, environmentally friendly and sustainable.","publisher":{"@id":"https:\/\/radis.ee\/#organization"},"potentialAction":[{"@type":"SearchAction","target":{"@type":"EntryPoint","urlTemplate":"https:\/\/radis.ee\/?s={search_term_string}"},"query-input":{"@type":"PropertyValueSpecification","valueRequired":true,"valueName":"search_term_string"}}],"inLanguage":"fr-FR"},{"@type":"Organization","@id":"https:\/\/radis.ee\/#organization","name":"Radis OÜ","url":"https:\/\/radis.ee\/","logo":{"@type":"ImageObject","inLanguage":"fr-FR","@id":"https:\/\/radis.ee\/#\/schema\/logo\/image\/","url":"https:\/\/radis.ee\/wp-content\/uploads\/2020\/10\/Radis-logo.png","contentUrl":"https:\/\/radis.ee\/wp-content\/uploads\/2020\/10\/Radis-logo.png","width":300,"height":63,"caption":"Radis OÜ"},"image":{"@id":"https:\/\/radis.ee\/#\/schema\/logo\/image\/"},"sameAs":["https:\/\/www.facebook.com\/radisfurniture\/"]}]}</script>
<!-- / Yoast SEO plugin. -->

Desk Vista dispose d&rsquo;un tiroir spacieux pour tous vos documents et d&rsquo;un grand plateau où il fait bon poser un pot à crayons, une bougie parfumée ou un petit haut-parleur pour vous garder dans une bonne humeur de travail. Vous pouvez diriger les câbles de l&rsquo;ordinateur, de la lampe et d&rsquo;autres appareils sous le rabat...

Radis OÜ
